{"id":59,"date":"2015-07-15T08:14:02","date_gmt":"2015-07-15T08:14:02","guid":{"rendered":"http:\/\/zespolgoralskihamernik.pl\/?page_id=59"},"modified":"2024-02-01T12:02:41","modified_gmt":"2024-02-01T12:02:41","slug":"kazimierz-lassak","status":"publish","type":"page","link":"https:\/\/nck.krakow.pl\/zespol-goralski-hamernik\/kierownictwo\/kazimierz-lassak\/","title":{"rendered":"Kazimierz Lassak"},"content":{"rendered":"<p>Urodzi\u0142 si\u0119 18 grudnia 1945 roku w Z\u0119bie ko\u0142o Zakopanego. Tam sp\u0119dzi\u0142 dzieci\u0144stwo, lata szko\u0142y podstawowej i \u015bredniej. W tym czasie interesowa\u0142 si\u0119 sportem, a szczeg\u00f3lnie skokami narciarskimi. By\u0142 zawodnikiem AZS Zakopane.<\/p>\n<p>Mi\u0142o\u015b\u0107 do rodzinnego folkloru wpaja\u0142o mu starsze rodze\u0144stwo, w szczeg\u00f3lno\u015bci brat Staszek, kt\u00f3ry ta\u0144czy\u0142 w Szkolnym Zespole w Z\u0119bie, a p\u00f3\u017aniej studiuj\u0105c w Krakowie na AGH ta\u0144czy\u0142 i \u015bpiewa\u0142 w Zespole \u201eHyrni\u201d. Kazimierz poszed\u0142 w jego \u015blady, ta\u0144cz\u0105c i \u015bpiewaj\u0105c w szkolnej grupie g\u00f3ralskiej, a od roku 1964 w Zespole G\u00f3ralskim \u201eBudorze\u201d. W 1965 roku wst\u0105pi\u0142 do zawi\u0105zuj\u0105cego si\u0119 Zespo\u0142u im. \u201eBartusia Obrychty\u201d. Po uko\u0144czeniu Technikum Budowlanego w Zakopanem podj\u0105\u0142 prac\u0119 w Krakowie i tu zacz\u0105\u0142 ta\u0144czy\u0107 w Studenckim Zespole \u201eRegle\u201d. Z ko\u0144cem 1967 roku zespo\u0142y \u201eRegle\u201d i \u201eHyrni\u201d utraci\u0142y wielu swoich cz\u0142onk\u00f3w, czyni\u0142 wtedy starania o po\u0142\u0105czenie tych dw\u00f3ch zespo\u0142\u00f3w w jeden. Jego marzenia spe\u0142ni\u0142y si\u0119. Nowopowsta\u0142y zesp\u00f3\u0142 przyj\u0105\u0142 nazw\u0119 Mi\u0119dzyuczelniany Zesp\u00f3\u0142 G\u00f3ralski \u201eSkalni\u201d, przejmuj\u0105c histori\u0119, tradycj\u0119 i maj\u0105tek po\u0142\u0105czonych zespo\u0142\u00f3w. Przez jaki\u015b czas by\u0142 jego spo\u0142ecznym kierownikiem organizacyjnym, a p\u00f3\u017aniej dzia\u0142aczem Rady Zespo\u0142u, prowadz\u0105c i odpowiadaj\u0105c za taniec ch\u0142opc\u00f3w. Tak by\u0142o do ko\u0144ca 1978 roku. Poniewa\u017c Zesp\u00f3\u0142 \u201eSkalni\u201d skupia\u0142 w swoich szeregach tylko m\u0142odzie\u017c studiuj\u0105c\u0105, powsta\u0142a my\u015bl utworzenia takiego zespo\u0142u, w kt\u00f3rym dosz\u0142oby do spotkania wszystkich g\u00f3rali przebywaj\u0105cych w Krakowie. Plany urzeczywistni\u0142y si\u0119 i powsta\u0142 Zesp\u00f3\u0142 G\u00f3ralski kt\u00f3ry przyj\u0105\u0142 nazw\u0119 \u201eHamernik\u201d. Patronat nad Zespo\u0142em obj\u0105\u0142 Zak\u0142adowy Dom Kultury Kombinatu Metalurgicznego Huty im. Lenina. Pr\u00f3b\u0105 w dniu 19 stycznia zacz\u0119\u0142a si\u0119 historia \u201eHamernika\u201d. We wrze\u015bniu 1984 roku Kazimierz Lassak wraz z \u017con\u0105 Ann\u0105 za\u0142o\u017cyli Dzieci\u0119cy Zesp\u00f3\u0142 G\u00f3ralski \u201eMali Hamernicy\u201d.<\/p>\n<p>W latach 1974-1976 zak\u0142ada i prowadzi Szkolny Zesp\u00f3\u0142 G\u00f3ralski \u201eSko\u0142ka\u201d w Starem Bystrem, w 1982 roku reaktywuje i do 1984 roku prowadzi Zesp\u00f3\u0142 \u201eNa dawn\u0105 nut\u0119\u201d w Kocmyrzowie-Luborzycy. W latach 1984-1986 zak\u0142ada i prowadzi Zesp\u00f3\u0142 Regionalny \u201eMogilany\u201d w Mogilanach. R\u00f3wnocze\u015bnie pracuje zawodowo w krakowskich przedsi\u0119biorstwach budowlanych, a w mi\u0119dzyczasie studiuje. W 1973 roku uzyska\u0142 dyplom in\u017cyniera, a w 1977 roku dyplom magistra melioracji wodnych Akademii Rolniczej w Krakowie.<\/p>\n<p>Podwy\u017csza swoje kwalifikacje choreograficzne uczestnicz\u0105c z zespo\u0142ami i indywidualnie w konkursach, szkoleniach i przegl\u0105dach regionalnych. Posiada uprawnienia instruktora kat. \u201eS\u201d. Od roku 1967 jest cz\u0142onkiem Zwi\u0105zku Podhalan w Krakowie, pe\u0142ni\u0105c r\u00f3\u017cne funkcje w Zarz\u0105dzie, w tym przez pi\u0119\u0107 zajmowa\u0142 stanowisko prezesa. Od 1982 roku dzia\u0142a w Og\u00f3lnopolskiej Radzie Ludowych Zespo\u0142\u00f3w Artystycznych ZMW. Od 1986 roku jest cz\u0142onkiem Stowarzyszenia Tw\u00f3rc\u00f3w Ludowych. Od 1992 roku cz\u0142onek Sekcji Polskiej CIOFF. Posiada wiele dyplom\u00f3w, wyr\u00f3\u017cnie\u0144, nagr\u00f3d i odznacze\u0144, z kt\u00f3rych warto wymieni\u0107 najwa\u017cniejsze:<\/p>\n<p>\u2013 Br\u0105zowa Odznaka ZSP \u00a0\u00a0\u00a0\u00a0\u00a0\u00a0\u00a0\u00a0\u00a0\u00a0\u00a0\u00a0\u00a0\u00a0\u00a0\u00a0\u00a0\u00a0\u00a0\u00a0\u00a0\u00a0\u00a0\u00a0\u00a0\u00a0\u00a0\u00a0\u00a0\u00a0\u00a0\u00a0\u00a0\u00a0\u00a0\u00a0\u00a0\u00a0\u00a0\u00a0\u00a0\u00a0\u00a0 \u00a0\u00a0\u00a0\u00a0\u00a0\u00a0\u00a0\u00a0\u00a0\u00a0\u00a0\u00a0\u2013 1972<\/p>\n<p>\u2013 Srebrna Odznaka ZSP\u00a0\u00a0\u00a0\u00a0\u00a0\u00a0\u00a0\u00a0\u00a0\u00a0\u00a0\u00a0\u00a0\u00a0\u00a0\u00a0\u00a0\u00a0\u00a0\u00a0\u00a0\u00a0\u00a0\u00a0\u00a0\u00a0\u00a0\u00a0\u00a0\u00a0\u00a0\u00a0\u00a0\u00a0\u00a0\u00a0\u00a0\u00a0\u00a0\u00a0\u00a0\u00a0\u00a0\u00a0\u00a0 \u00a0\u00a0\u00a0\u00a0\u00a0\u00a0\u00a0\u00a0\u00a0\u00a0\u00a0 \u2013 1977<\/p>\n<p>\u2013 Zas\u0142u\u017cony Dzia\u0142acz Kultury\u00a0 \u00a0\u00a0\u00a0\u00a0\u00a0\u00a0\u00a0\u00a0\u00a0\u00a0\u00a0\u00a0\u00a0\u00a0\u00a0\u00a0\u00a0\u00a0\u00a0\u00a0\u00a0\u00a0\u00a0\u00a0\u00a0\u00a0\u00a0\u00a0\u00a0\u00a0\u00a0\u00a0\u00a0\u00a0\u00a0\u00a0\u00a0\u00a0\u00a0\u00a0\u00a0\u00a0\u00a0\u00a0\u00a0\u00a0\u00a0\u00a0\u00a0\u00a0\u00a0\u00a0\u00a0&#8212; 1981<\/p>\n<p>&#8212; Pasowany \u201eZb\u00f3jnik Podhala\u0144ski\u201d\u00a0\u00a0\u00a0\u00a0\u00a0\u00a0\u00a0\u00a0\u00a0\u00a0\u00a0\u00a0\u00a0\u00a0\u00a0\u00a0\u00a0\u00a0\u00a0\u00a0\u00a0\u00a0\u00a0\u00a0\u00a0\u00a0\u00a0\u00a0\u00a0\u00a0 \u00a0\u00a0\u00a0\u00a0\u00a0\u00a0\u00a0\u00a0\u00a0\u00a0\u00a0 &#8212; 1983<\/p>\n<p>\u2013 Srebrna Odznaka za Zas\u0142ugi dla Miasta Zakopanego\u00a0\u00a0\u00a0\u00a0\u00a0\u00a0\u00a0\u00a0\u00a0\u00a0\u00a0\u00a0\u00a0 \u2013 1984<\/p>\n<p>\u2013 Zas\u0142u\u017cony dla Zwi\u0105zku Podhalan\u00a0\u00a0\u00a0\u00a0\u00a0\u00a0\u00a0\u00a0\u00a0\u00a0\u00a0\u00a0\u00a0\u00a0\u00a0\u00a0\u00a0\u00a0\u00a0\u00a0\u00a0\u00a0\u00a0\u00a0\u00a0\u00a0\u00a0\u00a0\u00a0\u00a0\u00a0\u00a0\u00a0\u00a0\u00a0\u00a0\u00a0\u00a0\u00a0\u00a0\u00a0\u00a0 \u2013 1984<\/p>\n<p>\u2013 Z\u0142ota Odznaka za Prac\u0119 Spo\u0142eczn\u0105 dla Miasta Krakowa\u00a0\u00a0\u00a0\u00a0\u00a0\u00a0\u00a0\u00a0\u00a0 \u2013 1986<\/p>\n<p>\u2013 Srebrny Krzy\u017c Zas\u0142ugi\u00a0\u00a0\u00a0\u00a0\u00a0\u00a0\u00a0\u00a0\u00a0\u00a0\u00a0\u00a0\u00a0\u00a0\u00a0\u00a0\u00a0\u00a0\u00a0\u00a0\u00a0\u00a0\u00a0\u00a0\u00a0\u00a0\u00a0\u00a0\u00a0\u00a0\u00a0\u00a0\u00a0\u00a0\u00a0\u00a0\u00a0\u00a0\u00a0\u00a0\u00a0\u00a0\u00a0\u00a0\u00a0\u00a0\u00a0\u00a0\u00a0\u00a0\u00a0\u00a0\u00a0\u00a0\u00a0\u00a0\u00a0\u00a0 \u2013 1988<\/p>\n<p>\u2013 Srebrna Honorowa Odznaka ZMW\u00a0\u00a0\u00a0\u00a0\u00a0\u00a0\u00a0\u00a0\u00a0\u00a0\u00a0\u00a0\u00a0\u00a0\u00a0\u00a0\u00a0\u00a0\u00a0\u00a0\u00a0\u00a0\u00a0\u00a0\u00a0\u00a0\u00a0\u00a0\u00a0\u00a0\u00a0\u00a0\u00a0\u00a0\u00a0\u00a0\u00a0\u00a0\u00a0\u00a0 \u2013 1999<\/p>\n<p>\u2013 Odznaka za Zas\u0142ugi dla STL\u00a0\u00a0\u00a0\u00a0\u00a0\u00a0\u00a0\u00a0\u00a0\u00a0\u00a0\u00a0\u00a0\u00a0\u00a0\u00a0\u00a0\u00a0\u00a0\u00a0\u00a0\u00a0\u00a0\u00a0\u00a0\u00a0\u00a0\u00a0\u00a0\u00a0\u00a0\u00a0\u00a0\u00a0\u00a0\u00a0\u00a0\u00a0\u00a0\u00a0\u00a0\u00a0\u00a0\u00a0\u00a0\u00a0\u00a0\u00a0\u00a0 \u2013 1999<\/p>\n<p>\u2013 Medal 30-lecia FFGP \u2013 \u017bywiec\u00a0\u00a0\u00a0\u00a0\u00a0\u00a0\u00a0\u00a0\u00a0\u00a0\u00a0\u00a0\u00a0\u00a0\u00a0\u00a0\u00a0\u00a0\u00a0\u00a0\u00a0\u00a0\u00a0\u00a0\u00a0\u00a0\u00a0\u00a0\u00a0\u00a0\u00a0\u00a0\u00a0\u00a0\u00a0\u00a0\u00a0\u00a0\u00a0\u00a0\u00a0\u00a0\u00a0\u00a0\u00a0 \u2013 1999<\/p>\n<p>\u2013 Medal 50-lecia ZPiT \u201eLublin\u201d\u00a0\u00a0\u00a0\u00a0\u00a0\u00a0\u00a0\u00a0\u00a0\u00a0\u00a0\u00a0\u00a0\u00a0\u00a0\u00a0\u00a0\u00a0\u00a0\u00a0\u00a0\u00a0\u00a0\u00a0\u00a0\u00a0\u00a0\u00a0\u00a0\u00a0\u00a0\u00a0\u00a0\u00a0\u00a0\u00a0\u00a0\u00a0\u00a0\u00a0\u00a0\u00a0\u00a0\u00a0\u00a0\u00a0\u00a0\u00a0\u00a0\u00a0 \u2013 1999<\/p>\n<p>\u2013 Medal 50-lecia S.Z.G. \u201eSkalni\u201d\u00a0\u00a0\u00a0\u00a0\u00a0\u00a0\u00a0\u00a0\u00a0\u00a0\u00a0\u00a0\u00a0\u00a0\u00a0\u00a0\u00a0\u00a0\u00a0\u00a0\u00a0\u00a0\u00a0\u00a0\u00a0\u00a0\u00a0\u00a0\u00a0\u00a0\u00a0\u00a0\u00a0\u00a0\u00a0\u00a0\u00a0\u00a0\u00a0\u00a0\u00a0\u00a0\u00a0\u00a0\u00a0\u00a0\u00a0 \u2013 \u00a02002<\/p>\n<p>\u2013 Z\u0142oty Krzy\u017c Zas\u0142ugi\u00a0\u00a0\u00a0\u00a0\u00a0\u00a0\u00a0\u00a0\u00a0\u00a0\u00a0\u00a0\u00a0\u00a0\u00a0\u00a0\u00a0\u00a0\u00a0\u00a0\u00a0\u00a0\u00a0\u00a0\u00a0\u00a0\u00a0\u00a0\u00a0\u00a0\u00a0\u00a0\u00a0\u00a0\u00a0\u00a0\u00a0\u00a0\u00a0\u00a0\u00a0\u00a0\u00a0\u00a0\u00a0\u00a0\u00a0\u00a0\u00a0\u00a0\u00a0\u00a0\u00a0\u00a0\u00a0\u00a0\u00a0\u00a0\u00a0\u00a0\u00a0\u00a0\u00a0 \u2013 \u00a02003<\/p>\n<p>\u2013 Medal 40-lecia Targ\u00f3w STL\u00a0\u00a0\u00a0\u00a0\u00a0\u00a0\u00a0\u00a0\u00a0\u00a0\u00a0\u00a0\u00a0\u00a0\u00a0\u00a0\u00a0\u00a0\u00a0\u00a0\u00a0\u00a0\u00a0\u00a0\u00a0\u00a0\u00a0\u00a0\u00a0\u00a0\u00a0\u00a0\u00a0\u00a0\u00a0\u00a0\u00a0\u00a0\u00a0\u00a0\u00a0\u00a0\u00a0\u00a0\u00a0\u00a0\u00a0\u00a0\u00a0\u00a0 \u2013 \u00a02007<\/p>\n<p>\u2013 Medal zas\u0142u\u017cony dla \u201eCepelii\u201d\u00a0\u00a0\u00a0\u00a0\u00a0\u00a0\u00a0\u00a0\u00a0\u00a0\u00a0\u00a0\u00a0\u00a0\u00a0\u00a0\u00a0\u00a0\u00a0\u00a0\u00a0\u00a0\u00a0\u00a0\u00a0\u00a0\u00a0\u00a0\u00a0\u00a0\u00a0\u00a0\u00a0\u00a0\u00a0\u00a0\u00a0\u00a0\u00a0\u00a0\u00a0\u00a0\u00a0\u00a0\u00a0\u00a0\u00a0\u00a0 \u2013 \u00a02009<\/p>\n<p>\u2013 Odznaka \u201eHonoris Gratia\u201d\u00a0\u00a0\u00a0\u00a0\u00a0\u00a0\u00a0\u00a0\u00a0\u00a0\u00a0\u00a0\u00a0\u00a0\u00a0\u00a0\u00a0\u00a0\u00a0\u00a0\u00a0\u00a0\u00a0\u00a0\u00a0\u00a0\u00a0\u00a0\u00a0\u00a0\u00a0\u00a0\u00a0\u00a0\u00a0\u00a0\u00a0\u00a0\u00a0\u00a0\u00a0\u00a0\u00a0\u00a0\u00a0\u00a0\u00a0\u00a0\u00a0\u00a0\u00a0\u00a0\u00a0 \u2013 \u00a02009<\/p>\n<p>\u2013 Zas\u0142u\u017cony dla Kultury Polskiej\u00a0\u00a0\u00a0\u00a0\u00a0\u00a0\u00a0\u00a0\u00a0\u00a0\u00a0\u00a0\u00a0\u00a0\u00a0\u00a0\u00a0\u00a0\u00a0\u00a0\u00a0\u00a0\u00a0\u00a0\u00a0\u00a0\u00a0\u00a0\u00a0\u00a0\u00a0\u00a0\u00a0\u00a0\u00a0\u00a0\u00a0\u00a0\u00a0\u00a0\u00a0\u00a0\u00a0\u00a0\u00a0\u00a0 \u2013 \u00a02009<\/p>\n<p>\u2013 Nowohucianin\u00a0 2009 roku\u00a0\u00a0\u00a0\u00a0\u00a0\u00a0\u00a0\u00a0\u00a0\u00a0\u00a0\u00a0\u00a0\u00a0\u00a0\u00a0\u00a0\u00a0\u00a0\u00a0\u00a0\u00a0\u00a0\u00a0\u00a0\u00a0\u00a0\u00a0\u00a0\u00a0\u00a0\u00a0\u00a0\u00a0\u00a0\u00a0\u00a0\u00a0\u00a0\u00a0\u00a0\u00a0\u00a0\u00a0\u00a0\u00a0\u00a0\u00a0\u00a0\u00a0\u00a0\u00a0\u00a0\u00a0\u00a0\u00a0 \u00a0&#8212;\u00a0 2010<\/p>\n<p>\u2013 Honorowy Cz\u0142onek Zwi\u0105zku Podhalan\u00a0 \u00a0\u00a0\u00a0\u00a0\u00a0\u00a0\u00a0\u00a0\u00a0\u00a0\u00a0\u00a0\u00a0\u00a0\u00a0\u00a0\u00a0\u00a0\u00a0\u00a0\u00a0\u00a0\u00a0\u00a0\u00a0\u00a0\u00a0\u00a0\u00a0\u00a0\u00a0\u00a0\u00a0\u00a0\u00a0\u00a0&#8212;\u00a0 2014<\/p>\n<p>\u2013 Pasowany \u201eZb\u00f3jnik Babiog\u00f3rski\u201d\u00a0\u00a0\u00a0\u00a0\u00a0\u00a0\u00a0\u00a0\u00a0\u00a0\u00a0\u00a0\u00a0\u00a0\u00a0\u00a0\u00a0\u00a0\u00a0\u00a0\u00a0\u00a0\u00a0\u00a0\u00a0\u00a0\u00a0\u00a0\u00a0\u00a0\u00a0\u00a0\u00a0\u00a0\u00a0\u00a0\u00a0\u00a0\u00a0\u00a0\u00a0\u00a0\u00a0\u00a0\u00a0 \u00a0\u00a0\u2013 \u00a02014<\/p>\n<p>\u2013 Medalem \u201eMoja Nowa Huta\u201d\u00a0\u00a0\u00a0\u00a0\u00a0\u00a0\u00a0\u00a0\u00a0\u00a0\u00a0\u00a0\u00a0\u00a0\u00a0\u00a0\u00a0\u00a0\u00a0\u00a0\u00a0\u00a0\u00a0\u00a0\u00a0\u00a0\u00a0\u00a0\u00a0\u00a0\u00a0\u00a0\u00a0\u00a0\u00a0\u00a0\u00a0\u00a0\u00a0\u00a0\u00a0\u00a0\u00a0\u00a0\u00a0\u00a0\u00a0\u00a0\u00a0\u00a0\u00a0\u00a0 \u00a0\u00a0\u2013\u00a0 2014<\/p>\n<p>\u2013 Medalem \u201eGimnazjum im Jana Paw\u0142a II w Z\u0119bie\u201d\u00a0\u00a0\u00a0\u00a0\u00a0\u00a0 \u00a0\u00a0\u00a0\u00a0\u00a0\u00a0\u00a0\u00a0\u00a0\u00a0\u00a0\u00a0\u00a0\u00a0\u00a0\u2013\u00a0 2015<\/p>\n<p>\u2013 Statuetk\u0105 Fundacji \u201eMATIO \u00a0\u00a0\u00a0\u00a0\u00a0\u00a0\u00a0\u00a0\u00a0\u00a0\u00a0\u00a0\u00a0\u00a0\u00a0\u00a0\u00a0\u00a0\u00a0\u00a0\u00a0\u00a0\u00a0\u00a0\u00a0\u00a0\u00a0\u00a0\u00a0\u00a0\u00a0\u00a0\u00a0\u00a0\u00a0\u00a0\u00a0\u00a0\u00a0\u00a0\u00a0\u00a0\u00a0\u00a0\u00a0\u00a0\u00a0\u00a0\u00a0\u00a0\u00a0\u00a0\u00a0\u00a0\u00a0\u2013 \u00a0\u00a02016<\/p>\n<p>\u2013 Srebrny\u00a0 \u201eKRZY\u017b\u00a0 MA\u0141OPOLSKI\u201d\u00a0\u00a0\u00a0\u00a0\u00a0\u00a0\u00a0\u00a0\u00a0\u00a0\u00a0\u00a0\u00a0\u00a0\u00a0\u00a0\u00a0\u00a0\u00a0\u00a0\u00a0\u00a0\u00a0\u00a0\u00a0\u00a0\u00a0\u00a0\u00a0 \u00a0\u00a0\u00a0\u00a0\u00a0\u00a0\u00a0\u00a0\u00a0\u00a0\u00a0\u00a0\u00a0\u00a0\u00a0\u00a0\u2013 \u00a02017<\/p>\n<p>\u2013 Medal Br\u0105zowy \u201eGloria Artist\u201d \u00a0\u00a0\u00a0\u00a0\u00a0\u00a0\u00a0\u00a0\u00a0\u00a0\u00a0\u00a0\u00a0\u00a0\u00a0\u00a0\u00a0\u00a0\u00a0\u00a0\u00a0\u00a0\u00a0\u00a0\u00a0\u00a0\u00a0\u00a0\u00a0\u00a0\u00a0\u00a0\u00a0\u00a0\u00a0\u00a0\u00a0\u00a0\u00a0\u00a0\u00a0\u00a0\u00a0\u00a0\u00a0\u00a0\u00a0 \u2013\u00a0 2019<\/p>\n<p>\u2013 Medal 100-lat Zwi\u0105zku Podhalan\u00a0\u00a0\u00a0\u00a0\u00a0\u00a0\u00a0\u00a0\u00a0\u00a0\u00a0\u00a0\u00a0\u00a0\u00a0\u00a0\u00a0\u00a0\u00a0\u00a0\u00a0\u00a0\u00a0\u00a0\u00a0\u00a0\u00a0\u00a0\u00a0\u00a0\u00a0\u00a0\u00a0\u00a0\u00a0\u00a0\u00a0\u00a0\u00a0\u00a0\u00a0\u00a0\u00a0 \u2013 2019<\/p>\n<p>\u2013 Krzy\u017c Kawalerski Orderu Odrodzenia Polski\u00a0\u00a0\u00a0\u00a0\u00a0\u00a0\u00a0\u00a0\u00a0\u00a0\u00a0\u00a0\u00a0\u00a0\u00a0\u00a0\u00a0\u00a0\u00a0\u00a0\u00a0\u00a0\u00a0 \u00a0\u00a0\u00a0\u00a0\u00a0\u00a0\u2013 2021<\/p>\n<p>\u2013 Odznaka \u201ePrzyjaciel Dziecka\u201d\u00a0\u00a0\u00a0\u00a0\u00a0\u00a0\u00a0\u00a0\u00a0\u00a0\u00a0\u00a0\u00a0\u00a0\u00a0\u00a0\u00a0\u00a0\u00a0\u00a0\u00a0\u00a0\u00a0\u00a0\u00a0\u00a0\u00a0\u00a0\u00a0\u00a0\u00a0\u00a0\u00a0\u00a0\u00a0\u00a0\u00a0\u00a0\u00a0\u00a0\u00a0\u00a0\u00a0\u00a0\u00a0\u00a0\u00a0\u00a0\u00a0\u00a0\u00a0 \u00a0\u2013 2022<\/p>\n<p>\u2013 Medalem 800-lecia Cysters\u00f3w w Mogile\u00a0\u00a0\u00a0\u00a0\u00a0\u00a0\u00a0\u00a0\u00a0\u00a0\u00a0\u00a0\u00a0\u00a0\u00a0\u00a0\u00a0\u00a0\u00a0\u00a0\u00a0\u00a0\u00a0\u00a0\u00a0\u00a0\u00a0\u00a0\u00a0\u00a0\u00a0 \u00a0\u00a0\u00a0\u00a0\u00a0\u2013 2022<\/p>\n<p>\u2013 Odznaka Honorowa za Zas\u0142ugi dla Ochrony Praw Dziecka\u00a0\u00a0\u00a0\u00a0\u00a0 \u00a0\u00a0\u2013 2023<\/p>\n<p>Nagrody indywidualne:<\/p>\n<p>\u2013 Rektora Akademii Rolniczej\u00a0\u00a0\u00a0\u00a0\u00a0\u00a0\u00a0\u00a0\u00a0\u00a0\u00a0\u00a0\u00a0\u00a0\u00a0\u00a0\u00a0\u00a0\u00a0\u00a0\u00a0\u00a0\u00a0\u00a0\u00a0\u00a0\u00a0\u00a0\u00a0\u00a0\u00a0\u00a0\u00a0\u00a0\u00a0\u00a0\u00a0\u00a0\u00a0\u00a0\u00a0\u00a0\u00a0\u00a0\u00a0\u00a0\u00a0\u00a0\u00a0\u00a0 \u2013 1972<\/p>\n<p>\u2013 Ministerstwa Nauki, Szkolnictwa Wy\u017cszego i Techniki\u00a0\u00a0\u00a0\u00a0\u00a0\u00a0\u00a0\u00a0\u00a0\u00a0\u00a0\u00a0\u00a0 \u2013 1977<\/p>\n<p>\u2013 Dyrektora Wydzia\u0142u Kultury i Sztuki Urz\u0119du Miasta Krakowa\u00a0\u00a0\u00a0 \u2013 1977<\/p>\n<p>\u2013 Dyplom Honorowy M.K. i S.\u00a0\u00a0\u00a0\u00a0\u00a0\u00a0\u00a0\u00a0\u00a0\u00a0\u00a0\u00a0\u00a0\u00a0\u00a0\u00a0\u00a0\u00a0\u00a0\u00a0\u00a0\u00a0\u00a0\u00a0\u00a0\u00a0\u00a0\u00a0\u00a0\u00a0\u00a0\u00a0\u00a0\u00a0\u00a0\u00a0\u00a0\u00a0\u00a0\u00a0\u00a0\u00a0\u00a0\u00a0\u00a0\u00a0\u00a0\u00a0\u00a0\u00a0 \u2013 1989<\/p>\n<p>\u2013 Ministra Kultury i Sztuki\u00a0\u00a0\u00a0\u00a0\u00a0\u00a0\u00a0\u00a0\u00a0\u00a0\u00a0\u00a0\u00a0\u00a0\u00a0\u00a0\u00a0\u00a0\u00a0\u00a0\u00a0\u00a0\u00a0\u00a0\u00a0\u00a0\u00a0\u00a0\u00a0\u00a0\u00a0\u00a0\u00a0\u00a0\u00a0\u00a0\u00a0\u00a0\u00a0\u00a0\u00a0\u00a0\u00a0\u00a0\u00a0\u00a0\u00a0\u00a0\u00a0\u00a0\u00a0\u00a0\u00a0\u00a0\u00a0\u00a0 \u2013 1994<\/p>\n<p>\u2013 Ministra Kultury i Sztuki\u00a0\u00a0\u00a0\u00a0\u00a0\u00a0\u00a0\u00a0\u00a0\u00a0\u00a0\u00a0\u00a0\u00a0\u00a0\u00a0\u00a0\u00a0\u00a0\u00a0\u00a0\u00a0\u00a0\u00a0\u00a0\u00a0\u00a0\u00a0\u00a0\u00a0\u00a0\u00a0\u00a0\u00a0\u00a0\u00a0\u00a0\u00a0\u00a0\u00a0\u00a0\u00a0\u00a0\u00a0\u00a0\u00a0\u00a0\u00a0\u00a0\u00a0\u00a0\u00a0\u00a0\u00a0\u00a0\u00a0 \u2013 1999<\/p>\n<p>\u2013 Wojewody Krakowskiego\u00a0\u00a0\u00a0\u00a0\u00a0\u00a0\u00a0\u00a0\u00a0\u00a0\u00a0\u00a0\u00a0\u00a0\u00a0\u00a0\u00a0\u00a0\u00a0\u00a0\u00a0\u00a0\u00a0\u00a0\u00a0\u00a0\u00a0\u00a0\u00a0\u00a0\u00a0\u00a0\u00a0\u00a0\u00a0\u00a0\u00a0\u00a0\u00a0\u00a0\u00a0\u00a0\u00a0\u00a0\u00a0\u00a0\u00a0\u00a0\u00a0\u00a0\u00a0\u00a0\u00a0\u00a0 \u2013 1999<\/p>\n<p>\u2013 Zarz\u0105du Krajowego ZMW\u00a0\u00a0\u00a0\u00a0\u00a0\u00a0\u00a0\u00a0\u00a0\u00a0\u00a0\u00a0\u00a0\u00a0\u00a0\u00a0\u00a0\u00a0\u00a0\u00a0\u00a0\u00a0\u00a0\u00a0\u00a0\u00a0\u00a0\u00a0\u00a0\u00a0\u00a0\u00a0\u00a0\u00a0\u00a0\u00a0\u00a0\u00a0\u00a0\u00a0\u00a0\u00a0\u00a0\u00a0\u00a0\u00a0\u00a0\u00a0\u00a0\u00a0\u00a0\u00a0\u00a0 \u2013 1999<\/p>\n<p>&#8212; Festiwalu Folkloru G\u00f3rali Polskich\u00a0\u00a0\u00a0\u00a0\u00a0\u00a0\u00a0\u00a0\u00a0\u00a0\u00a0\u00a0\u00a0\u00a0\u00a0\u00a0\u00a0\u00a0\u00a0\u00a0\u00a0\u00a0\u00a0\u00a0\u00a0\u00a0\u00a0\u00a0\u00a0\u00a0\u00a0\u00a0\u00a0 \u00a0\u00a0\u00a0\u00a0\u00a0\u00a0\u00a0\u00a0\u00a0\u00a0\u00a0\u2013 2008<\/p>\n<p>Wsp\u00f3\u0142pracuje z wieloma zespo\u0142ami z Podhala. Jako konferansjer prowadzi m.in.: Mi\u0119dzynarodowe Festiwale Folklorystyczne w Nowej Rudzie, Strzegomiu, Sierpcu, Ole\u015bnicy oraz wiele imprez folklorystycznych w kraju.<\/p>\n","protected":false},"excerpt":{"rendered":"<p>Urodzi\u0142 si\u0119 18 grudnia 1945 roku w Z\u0119bie ko\u0142o Zakopanego. Tam sp\u0119dzi\u0142 dzieci\u0144stwo, lata szko\u0142y podstawowej i \u015bredniej. W tym czasie interesowa\u0142 si\u0119 sportem, a szczeg\u00f3lnie skokami narciarskimi. By\u0142 zawodnikiem AZS Zakopane. Mi\u0142o\u015b\u0107 do rodzinnego folkloru wpaja\u0142o mu starsze rodze\u0144stwo, w szczeg\u00f3lno\u015bci brat Staszek, kt\u00f3ry ta\u0144czy\u0142 w Szkolnym Zespole w Z\u0119bie, a p\u00f3\u017aniej studiuj\u0105c w [&hellip;]<\/p>\n","protected":false},"author":1,"featured_media":728,"parent":45,"menu_order":0,"comment_status":"open","ping_status":"open","template":"","meta":{"footnotes":""},"class_list":["post-59","page","type-page","status-publish","has-post-thumbnail","hentry"],"featured_image_src":"https:\/\/nck.krakow.pl\/zespol-goralski-hamernik\/wp-content\/uploads\/2015\/07\/52.jpg","featured_image_src_square":"https:\/\/nck.krakow.pl\/zespol-goralski-hamernik\/wp-content\/uploads\/2015\/07\/52.jpg","_links":{"self":[{"href":"https:\/\/nck.krakow.pl\/zespol-goralski-hamernik\/wp-json\/wp\/v2\/pages\/59"}],"collection":[{"href":"https:\/\/nck.krakow.pl\/zespol-goralski-hamernik\/wp-json\/wp\/v2\/pages"}],"about":[{"href":"https:\/\/nck.krakow.pl\/zespol-goralski-hamernik\/wp-json\/wp\/v2\/types\/page"}],"author":[{"embeddable":true,"href":"https:\/\/nck.krakow.pl\/zespol-goralski-hamernik\/wp-json\/wp\/v2\/users\/1"}],"replies":[{"embeddable":true,"href":"https:\/\/nck.krakow.pl\/zespol-goralski-hamernik\/wp-json\/wp\/v2\/comments?post=59"}],"version-history":[{"count":6,"href":"https:\/\/nck.krakow.pl\/zespol-goralski-hamernik\/wp-json\/wp\/v2\/pages\/59\/revisions"}],"predecessor-version":[{"id":937,"href":"https:\/\/nck.krakow.pl\/zespol-goralski-hamernik\/wp-json\/wp\/v2\/pages\/59\/revisions\/937"}],"up":[{"embeddable":true,"href":"https:\/\/nck.krakow.pl\/zespol-goralski-hamernik\/wp-json\/wp\/v2\/pages\/45"}],"wp:featuredmedia":[{"embeddable":true,"href":"https:\/\/nck.krakow.pl\/zespol-goralski-hamernik\/wp-json\/wp\/v2\/media\/728"}],"wp:attachment":[{"href":"https:\/\/nck.krakow.pl\/zespol-goralski-hamernik\/wp-json\/wp\/v2\/media?parent=59"}],"curies":[{"name":"wp","href":"https:\/\/api.w.org\/{rel}","templated":true}]}}