{"id":776,"date":"2016-07-01T08:37:50","date_gmt":"2016-07-01T08:37:50","guid":{"rendered":"http:\/\/zpitnowahuta.pl\/?page_id=776"},"modified":"2025-08-11T12:51:08","modified_gmt":"2025-08-11T12:51:08","slug":"grupa-reprezentacyjna","status":"publish","type":"page","link":"https:\/\/nck.krakow.pl\/nowahuta\/o-nas\/grupy\/grupa-reprezentacyjna\/","title":{"rendered":"Grupa reprezentacyjna"},"content":{"rendered":"<p>Grup\u0119 reprezentacyjn\u0105 stanowi\u0105 uczniowie szk\u00f3\u0142 \u015brednich, m\u0142odzie\u017c studencka i pracuj\u0105ca. W swoim repertuarze posiada pie\u015bni i ta\u0144ce r\u00f3\u017cnych region\u00f3w kraju a tak\u017ce pie\u015bni i ta\u0144ce narodowe. Oryginalne ta\u0144ce i pie\u015bni poddane artystycznemu opracowaniu swoj\u0105 tre\u015bci\u0105 i wykonaniem propaguj\u0105 w dobrym tego s\u0142owa znaczeniu polski folklor regionalny i narodowy. Zesp\u00f3\u0142 NOWA HUTA wielokrotnie bra\u0142 udzia\u0142 w realizacjach telewizyjnych i teatralnych oraz w widowiskach plenerowych. Jest laureatem i uczestnikiem wielu znacz\u0105cych festiwali i konkurs\u00f3w. Wielokrotnie reprezentowa\u0142 Polsk\u0119 na mi\u0119dzynarodowych festiwalach folklorystycznych. M\u0142odo\u015b\u0107, naturalny wdzi\u0119k, dynamika ta\u0144c\u00f3w, pi\u0119kne i cz\u0119sto zmieniaj\u0105ce si\u0119 stroje to wra\u017cenia wynoszone z koncert\u00f3w Zespo\u0142u Pie\u015bni i Ta\u0144ca NOWA HUTA.<\/p>\n<p><strong>Instruktorzy: <\/strong><\/p>\n<p>opieka artystyczna &#8211; Sabina Szybka<\/p>\n<p>przygotowanie taneczne grupy &#8211; Alicja \u015aliwa<\/p>\n<p>technika ta\u0144ca klasycznego &#8211; Tomasz Szaro<\/p>\n<p>przygotowanie wokalne &#8211; Andrzej Cebulak<\/p>\n<p>akompaniament &#8211; Krystyna Stala<\/p>\n<p><strong>HARMONOGRAM ZAJ\u0118\u0106 W SEZONIE 2025\/2026:<\/strong><\/p>\n<p><strong>poniedzia\u0142ek 19.30 \u2013 22.00, sala 206<\/strong><\/p>\n<p><strong>czwartek 19.30 \u2013 22.00, sala 206<\/strong><\/p>\n<div id='gallery-1' class='gallery galleryid-776 gallery-columns-3 gallery-size-large'><figure class='gallery-item'>\n\t\t\t<div class='gallery-icon landscape'>\n\t\t\t\t<a href='https:\/\/nck.krakow.pl\/nowahuta\/wp-content\/uploads\/2024\/10\/krakowiak.jpg'><img loading=\"lazy\" decoding=\"async\" width=\"768\" height=\"432\" src=\"https:\/\/nck.krakow.pl\/nowahuta\/wp-content\/uploads\/2024\/10\/krakowiak-1920x1080.jpg\" class=\"attachment-large size-large\" alt=\"\" aria-describedby=\"gallery-1-2640\" srcset=\"https:\/\/nck.krakow.pl\/nowahuta\/wp-content\/uploads\/2024\/10\/krakowiak-1920x1080.jpg 1920w, https:\/\/nck.krakow.pl\/nowahuta\/wp-content\/uploads\/2024\/10\/krakowiak-500x281.jpg 500w, https:\/\/nck.krakow.pl\/nowahuta\/wp-content\/uploads\/2024\/10\/krakowiak-1536x864.jpg 1536w, https:\/\/nck.krakow.pl\/nowahuta\/wp-content\/uploads\/2024\/10\/krakowiak.jpg 2048w\" sizes=\"(max-width: 768px) 100vw, 768px\" \/><\/a>\n\t\t\t<\/div>\n\t\t\t\t<figcaption class='wp-caption-text gallery-caption' id='gallery-1-2640'>\n\t\t\t\tKrakowiak\n\t\t\t\t<\/figcaption><\/figure><figure class='gallery-item'>\n\t\t\t<div class='gallery-icon landscape'>\n\t\t\t\t<a href='https:\/\/nck.krakow.pl\/nowahuta\/wp-content\/uploads\/2024\/10\/kujawiak.jpg'><img loading=\"lazy\" decoding=\"async\" width=\"768\" height=\"432\" src=\"https:\/\/nck.krakow.pl\/nowahuta\/wp-content\/uploads\/2024\/10\/kujawiak-1920x1080.jpg\" class=\"attachment-large size-large\" alt=\"\" aria-describedby=\"gallery-1-2641\" srcset=\"https:\/\/nck.krakow.pl\/nowahuta\/wp-content\/uploads\/2024\/10\/kujawiak-1920x1080.jpg 1920w, https:\/\/nck.krakow.pl\/nowahuta\/wp-content\/uploads\/2024\/10\/kujawiak-500x281.jpg 500w, https:\/\/nck.krakow.pl\/nowahuta\/wp-content\/uploads\/2024\/10\/kujawiak-1536x864.jpg 1536w, https:\/\/nck.krakow.pl\/nowahuta\/wp-content\/uploads\/2024\/10\/kujawiak.jpg 2048w\" sizes=\"(max-width: 768px) 100vw, 768px\" \/><\/a>\n\t\t\t<\/div>\n\t\t\t\t<figcaption class='wp-caption-text gallery-caption' id='gallery-1-2641'>\n\t\t\t\tKujawiak\n\t\t\t\t<\/figcaption><\/figure><figure class='gallery-item'>\n\t\t\t<div class='gallery-icon landscape'>\n\t\t\t\t<a href='https:\/\/nck.krakow.pl\/nowahuta\/wp-content\/uploads\/2024\/10\/mazur.jpg'><img loading=\"lazy\" decoding=\"async\" width=\"768\" height=\"432\" src=\"https:\/\/nck.krakow.pl\/nowahuta\/wp-content\/uploads\/2024\/10\/mazur-1920x1080.jpg\" class=\"attachment-large size-large\" alt=\"\" aria-describedby=\"gallery-1-2642\" srcset=\"https:\/\/nck.krakow.pl\/nowahuta\/wp-content\/uploads\/2024\/10\/mazur-1920x1080.jpg 1920w, https:\/\/nck.krakow.pl\/nowahuta\/wp-content\/uploads\/2024\/10\/mazur-500x281.jpg 500w, https:\/\/nck.krakow.pl\/nowahuta\/wp-content\/uploads\/2024\/10\/mazur-1536x864.jpg 1536w, https:\/\/nck.krakow.pl\/nowahuta\/wp-content\/uploads\/2024\/10\/mazur.jpg 2048w\" sizes=\"(max-width: 768px) 100vw, 768px\" \/><\/a>\n\t\t\t<\/div>\n\t\t\t\t<figcaption class='wp-caption-text gallery-caption' id='gallery-1-2642'>\n\t\t\t\tMazur\n\t\t\t\t<\/figcaption><\/figure><figure class='gallery-item'>\n\t\t\t<div class='gallery-icon landscape'>\n\t\t\t\t<a href='https:\/\/nck.krakow.pl\/nowahuta\/wp-content\/uploads\/2024\/10\/oberek-scaled.jpg'><img loading=\"lazy\" decoding=\"async\" width=\"768\" height=\"432\" src=\"https:\/\/nck.krakow.pl\/nowahuta\/wp-content\/uploads\/2024\/10\/oberek-1920x1080.jpg\" class=\"attachment-large size-large\" alt=\"\" aria-describedby=\"gallery-1-2643\" srcset=\"https:\/\/nck.krakow.pl\/nowahuta\/wp-content\/uploads\/2024\/10\/oberek-1920x1080.jpg 1920w, https:\/\/nck.krakow.pl\/nowahuta\/wp-content\/uploads\/2024\/10\/oberek-500x281.jpg 500w, https:\/\/nck.krakow.pl\/nowahuta\/wp-content\/uploads\/2024\/10\/oberek-1536x863.jpg 1536w, https:\/\/nck.krakow.pl\/nowahuta\/wp-content\/uploads\/2024\/10\/oberek-2048x1151.jpg 2048w\" sizes=\"(max-width: 768px) 100vw, 768px\" \/><\/a>\n\t\t\t<\/div>\n\t\t\t\t<figcaption class='wp-caption-text gallery-caption' id='gallery-1-2643'>\n\t\t\t\tOberek\n\t\t\t\t<\/figcaption><\/figure><figure class='gallery-item'>\n\t\t\t<div class='gallery-icon landscape'>\n\t\t\t\t<a href='https:\/\/nck.krakow.pl\/nowahuta\/wp-content\/uploads\/2024\/10\/polonez.jpg'><img loading=\"lazy\" decoding=\"async\" width=\"768\" height=\"432\" src=\"https:\/\/nck.krakow.pl\/nowahuta\/wp-content\/uploads\/2024\/10\/polonez-1920x1080.jpg\" class=\"attachment-large size-large\" alt=\"\" aria-describedby=\"gallery-1-2644\" srcset=\"https:\/\/nck.krakow.pl\/nowahuta\/wp-content\/uploads\/2024\/10\/polonez-1920x1080.jpg 1920w, https:\/\/nck.krakow.pl\/nowahuta\/wp-content\/uploads\/2024\/10\/polonez-500x281.jpg 500w, https:\/\/nck.krakow.pl\/nowahuta\/wp-content\/uploads\/2024\/10\/polonez-1536x864.jpg 1536w, https:\/\/nck.krakow.pl\/nowahuta\/wp-content\/uploads\/2024\/10\/polonez.jpg 2048w\" sizes=\"(max-width: 768px) 100vw, 768px\" \/><\/a>\n\t\t\t<\/div>\n\t\t\t\t<figcaption class='wp-caption-text gallery-caption' id='gallery-1-2644'>\n\t\t\t\tPolonez\n\t\t\t\t<\/figcaption><\/figure><figure class='gallery-item'>\n\t\t\t<div class='gallery-icon landscape'>\n\t\t\t\t<a href='https:\/\/nck.krakow.pl\/nowahuta\/wp-content\/uploads\/2024\/10\/Tance-Beskidu-Slaskiego.jpg'><img loading=\"lazy\" decoding=\"async\" width=\"768\" height=\"432\" src=\"https:\/\/nck.krakow.pl\/nowahuta\/wp-content\/uploads\/2024\/10\/Tance-Beskidu-Slaskiego-1920x1080.jpg\" class=\"attachment-large size-large\" alt=\"\" aria-describedby=\"gallery-1-2645\" srcset=\"https:\/\/nck.krakow.pl\/nowahuta\/wp-content\/uploads\/2024\/10\/Tance-Beskidu-Slaskiego-1920x1080.jpg 1920w, https:\/\/nck.krakow.pl\/nowahuta\/wp-content\/uploads\/2024\/10\/Tance-Beskidu-Slaskiego-500x281.jpg 500w, https:\/\/nck.krakow.pl\/nowahuta\/wp-content\/uploads\/2024\/10\/Tance-Beskidu-Slaskiego-1536x864.jpg 1536w, https:\/\/nck.krakow.pl\/nowahuta\/wp-content\/uploads\/2024\/10\/Tance-Beskidu-Slaskiego.jpg 2048w\" sizes=\"(max-width: 768px) 100vw, 768px\" \/><\/a>\n\t\t\t<\/div>\n\t\t\t\t<figcaption class='wp-caption-text gallery-caption' id='gallery-1-2645'>\n\t\t\t\tTa\u0144ce Beskidu \u015al\u0105skiego\n\t\t\t\t<\/figcaption><\/figure><figure class='gallery-item'>\n\t\t\t<div class='gallery-icon landscape'>\n\t\t\t\t<a href='https:\/\/nck.krakow.pl\/nowahuta\/wp-content\/uploads\/2024\/10\/Tance-Beskidu-Zywieckiego.jpg'><img loading=\"lazy\" decoding=\"async\" width=\"768\" height=\"432\" src=\"https:\/\/nck.krakow.pl\/nowahuta\/wp-content\/uploads\/2024\/10\/Tance-Beskidu-Zywieckiego-1920x1080.jpg\" class=\"attachment-large size-large\" alt=\"\" aria-describedby=\"gallery-1-2646\" srcset=\"https:\/\/nck.krakow.pl\/nowahuta\/wp-content\/uploads\/2024\/10\/Tance-Beskidu-Zywieckiego-1920x1080.jpg 1920w, https:\/\/nck.krakow.pl\/nowahuta\/wp-content\/uploads\/2024\/10\/Tance-Beskidu-Zywieckiego-500x281.jpg 500w, https:\/\/nck.krakow.pl\/nowahuta\/wp-content\/uploads\/2024\/10\/Tance-Beskidu-Zywieckiego-1536x863.jpg 1536w, https:\/\/nck.krakow.pl\/nowahuta\/wp-content\/uploads\/2024\/10\/Tance-Beskidu-Zywieckiego.jpg 2048w\" sizes=\"(max-width: 768px) 100vw, 768px\" \/><\/a>\n\t\t\t<\/div>\n\t\t\t\t<figcaption class='wp-caption-text gallery-caption' id='gallery-1-2646'>\n\t\t\t\tTa\u0144ce Beskidu \u017bywieckiego\n\t\t\t\t<\/figcaption><\/figure><figure class='gallery-item'>\n\t\t\t<div class='gallery-icon landscape'>\n\t\t\t\t<a href='https:\/\/nck.krakow.pl\/nowahuta\/wp-content\/uploads\/2024\/10\/Tance-cieszynskie.jpg'><img loading=\"lazy\" decoding=\"async\" width=\"768\" height=\"432\" src=\"https:\/\/nck.krakow.pl\/nowahuta\/wp-content\/uploads\/2024\/10\/Tance-cieszynskie-1920x1080.jpg\" class=\"attachment-large size-large\" alt=\"\" aria-describedby=\"gallery-1-2647\" srcset=\"https:\/\/nck.krakow.pl\/nowahuta\/wp-content\/uploads\/2024\/10\/Tance-cieszynskie-1920x1080.jpg 1920w, https:\/\/nck.krakow.pl\/nowahuta\/wp-content\/uploads\/2024\/10\/Tance-cieszynskie-500x281.jpg 500w, https:\/\/nck.krakow.pl\/nowahuta\/wp-content\/uploads\/2024\/10\/Tance-cieszynskie-1536x864.jpg 1536w, https:\/\/nck.krakow.pl\/nowahuta\/wp-content\/uploads\/2024\/10\/Tance-cieszynskie.jpg 2048w\" sizes=\"(max-width: 768px) 100vw, 768px\" \/><\/a>\n\t\t\t<\/div>\n\t\t\t\t<figcaption class='wp-caption-text gallery-caption' id='gallery-1-2647'>\n\t\t\t\tTa\u0144ce cieszy\u0144skie\n\t\t\t\t<\/figcaption><\/figure><figure class='gallery-item'>\n\t\t\t<div class='gallery-icon landscape'>\n\t\t\t\t<a href='https:\/\/nck.krakow.pl\/nowahuta\/wp-content\/uploads\/2024\/10\/Tance-kaszubskie.jpg'><img loading=\"lazy\" decoding=\"async\" width=\"768\" height=\"432\" src=\"https:\/\/nck.krakow.pl\/nowahuta\/wp-content\/uploads\/2024\/10\/Tance-kaszubskie-1920x1080.jpg\" class=\"attachment-large size-large\" alt=\"\" aria-describedby=\"gallery-1-2648\" srcset=\"https:\/\/nck.krakow.pl\/nowahuta\/wp-content\/uploads\/2024\/10\/Tance-kaszubskie-1920x1080.jpg 1920w, https:\/\/nck.krakow.pl\/nowahuta\/wp-content\/uploads\/2024\/10\/Tance-kaszubskie-500x281.jpg 500w, https:\/\/nck.krakow.pl\/nowahuta\/wp-content\/uploads\/2024\/10\/Tance-kaszubskie-1536x864.jpg 1536w, https:\/\/nck.krakow.pl\/nowahuta\/wp-content\/uploads\/2024\/10\/Tance-kaszubskie.jpg 2048w\" sizes=\"(max-width: 768px) 100vw, 768px\" \/><\/a>\n\t\t\t<\/div>\n\t\t\t\t<figcaption class='wp-caption-text gallery-caption' id='gallery-1-2648'>\n\t\t\t\tTa\u0144ce kaszubskie\n\t\t\t\t<\/figcaption><\/figure><figure class='gallery-item'>\n\t\t\t<div class='gallery-icon landscape'>\n\t\t\t\t<a href='https:\/\/nck.krakow.pl\/nowahuta\/wp-content\/uploads\/2024\/10\/Tance-Lachow-Sadeckich.jpg'><img loading=\"lazy\" decoding=\"async\" width=\"768\" height=\"432\" src=\"https:\/\/nck.krakow.pl\/nowahuta\/wp-content\/uploads\/2024\/10\/Tance-Lachow-Sadeckich-1920x1080.jpg\" class=\"attachment-large size-large\" alt=\"\" aria-describedby=\"gallery-1-2649\" srcset=\"https:\/\/nck.krakow.pl\/nowahuta\/wp-content\/uploads\/2024\/10\/Tance-Lachow-Sadeckich-1920x1080.jpg 1920w, https:\/\/nck.krakow.pl\/nowahuta\/wp-content\/uploads\/2024\/10\/Tance-Lachow-Sadeckich-500x281.jpg 500w, https:\/\/nck.krakow.pl\/nowahuta\/wp-content\/uploads\/2024\/10\/Tance-Lachow-Sadeckich-1536x864.jpg 1536w, https:\/\/nck.krakow.pl\/nowahuta\/wp-content\/uploads\/2024\/10\/Tance-Lachow-Sadeckich.jpg 2048w\" sizes=\"(max-width: 768px) 100vw, 768px\" \/><\/a>\n\t\t\t<\/div>\n\t\t\t\t<figcaption class='wp-caption-text gallery-caption' id='gallery-1-2649'>\n\t\t\t\tTa\u0144ce Lach\u00f3w S\u0105deckich\n\t\t\t\t<\/figcaption><\/figure><figure class='gallery-item'>\n\t\t\t<div class='gallery-icon landscape'>\n\t\t\t\t<a href='https:\/\/nck.krakow.pl\/nowahuta\/wp-content\/uploads\/2024\/10\/Tance-lowickie-1.jpg'><img loading=\"lazy\" decoding=\"async\" width=\"768\" height=\"432\" src=\"https:\/\/nck.krakow.pl\/nowahuta\/wp-content\/uploads\/2024\/10\/Tance-lowickie-1-1920x1080.jpg\" class=\"attachment-large size-large\" alt=\"\" aria-describedby=\"gallery-1-2650\" srcset=\"https:\/\/nck.krakow.pl\/nowahuta\/wp-content\/uploads\/2024\/10\/Tance-lowickie-1-1920x1080.jpg 1920w, https:\/\/nck.krakow.pl\/nowahuta\/wp-content\/uploads\/2024\/10\/Tance-lowickie-1-500x281.jpg 500w, https:\/\/nck.krakow.pl\/nowahuta\/wp-content\/uploads\/2024\/10\/Tance-lowickie-1-1536x863.jpg 1536w, https:\/\/nck.krakow.pl\/nowahuta\/wp-content\/uploads\/2024\/10\/Tance-lowickie-1.jpg 2048w\" sizes=\"(max-width: 768px) 100vw, 768px\" \/><\/a>\n\t\t\t<\/div>\n\t\t\t\t<figcaption class='wp-caption-text gallery-caption' id='gallery-1-2650'>\n\t\t\t\tTa\u0144ce \u0142owickie\n\t\t\t\t<\/figcaption><\/figure><figure class='gallery-item'>\n\t\t\t<div class='gallery-icon landscape'>\n\t\t\t\t<a href='https:\/\/nck.krakow.pl\/nowahuta\/wp-content\/uploads\/2024\/10\/Tance-mieszczan-zywieckich.jpg'><img loading=\"lazy\" decoding=\"async\" width=\"768\" height=\"432\" src=\"https:\/\/nck.krakow.pl\/nowahuta\/wp-content\/uploads\/2024\/10\/Tance-mieszczan-zywieckich-1920x1080.jpg\" class=\"attachment-large size-large\" alt=\"\" aria-describedby=\"gallery-1-2651\" srcset=\"https:\/\/nck.krakow.pl\/nowahuta\/wp-content\/uploads\/2024\/10\/Tance-mieszczan-zywieckich-1920x1080.jpg 1920w, https:\/\/nck.krakow.pl\/nowahuta\/wp-content\/uploads\/2024\/10\/Tance-mieszczan-zywieckich-500x281.jpg 500w, https:\/\/nck.krakow.pl\/nowahuta\/wp-content\/uploads\/2024\/10\/Tance-mieszczan-zywieckich-1536x863.jpg 1536w, https:\/\/nck.krakow.pl\/nowahuta\/wp-content\/uploads\/2024\/10\/Tance-mieszczan-zywieckich.jpg 2048w\" sizes=\"(max-width: 768px) 100vw, 768px\" \/><\/a>\n\t\t\t<\/div>\n\t\t\t\t<figcaption class='wp-caption-text gallery-caption' id='gallery-1-2651'>\n\t\t\t\tTa\u0144ce mieszczan \u017cywieckich\n\t\t\t\t<\/figcaption><\/figure><figure class='gallery-item'>\n\t\t\t<div class='gallery-icon landscape'>\n\t\t\t\t<a href='https:\/\/nck.krakow.pl\/nowahuta\/wp-content\/uploads\/2024\/10\/Tance-opoczynskie.jpg'><img loading=\"lazy\" decoding=\"async\" width=\"768\" height=\"432\" src=\"https:\/\/nck.krakow.pl\/nowahuta\/wp-content\/uploads\/2024\/10\/Tance-opoczynskie-1920x1080.jpg\" class=\"attachment-large size-large\" alt=\"\" aria-describedby=\"gallery-1-2652\" srcset=\"https:\/\/nck.krakow.pl\/nowahuta\/wp-content\/uploads\/2024\/10\/Tance-opoczynskie-1920x1080.jpg 1920w, https:\/\/nck.krakow.pl\/nowahuta\/wp-content\/uploads\/2024\/10\/Tance-opoczynskie-500x281.jpg 500w, https:\/\/nck.krakow.pl\/nowahuta\/wp-content\/uploads\/2024\/10\/Tance-opoczynskie-1536x864.jpg 1536w, https:\/\/nck.krakow.pl\/nowahuta\/wp-content\/uploads\/2024\/10\/Tance-opoczynskie.jpg 2048w\" sizes=\"(max-width: 768px) 100vw, 768px\" \/><\/a>\n\t\t\t<\/div>\n\t\t\t\t<figcaption class='wp-caption-text gallery-caption' id='gallery-1-2652'>\n\t\t\t\tTa\u0144ce opoczy\u0144skie\n\t\t\t\t<\/figcaption><\/figure><figure class='gallery-item'>\n\t\t\t<div class='gallery-icon landscape'>\n\t\t\t\t<a href='https:\/\/nck.krakow.pl\/nowahuta\/wp-content\/uploads\/2024\/10\/Tance-rozbarskie.jpg'><img loading=\"lazy\" decoding=\"async\" width=\"768\" height=\"432\" src=\"https:\/\/nck.krakow.pl\/nowahuta\/wp-content\/uploads\/2024\/10\/Tance-rozbarskie-1920x1080.jpg\" class=\"attachment-large size-large\" alt=\"\" aria-describedby=\"gallery-1-2653\" srcset=\"https:\/\/nck.krakow.pl\/nowahuta\/wp-content\/uploads\/2024\/10\/Tance-rozbarskie-1920x1080.jpg 1920w, https:\/\/nck.krakow.pl\/nowahuta\/wp-content\/uploads\/2024\/10\/Tance-rozbarskie-500x281.jpg 500w, https:\/\/nck.krakow.pl\/nowahuta\/wp-content\/uploads\/2024\/10\/Tance-rozbarskie-1536x864.jpg 1536w, https:\/\/nck.krakow.pl\/nowahuta\/wp-content\/uploads\/2024\/10\/Tance-rozbarskie.jpg 2048w\" sizes=\"(max-width: 768px) 100vw, 768px\" \/><\/a>\n\t\t\t<\/div>\n\t\t\t\t<figcaption class='wp-caption-text gallery-caption' id='gallery-1-2653'>\n\t\t\t\tTa\u0144ce rozbarskie\n\t\t\t\t<\/figcaption><\/figure><figure class='gallery-item'>\n\t\t\t<div class='gallery-icon landscape'>\n\t\t\t\t<a href='https:\/\/nck.krakow.pl\/nowahuta\/wp-content\/uploads\/2024\/10\/Tance-rzeszowskie.jpg'><img loading=\"lazy\" decoding=\"async\" width=\"768\" height=\"432\" src=\"https:\/\/nck.krakow.pl\/nowahuta\/wp-content\/uploads\/2024\/10\/Tance-rzeszowskie-1920x1080.jpg\" class=\"attachment-large size-large\" alt=\"\" aria-describedby=\"gallery-1-2654\" srcset=\"https:\/\/nck.krakow.pl\/nowahuta\/wp-content\/uploads\/2024\/10\/Tance-rzeszowskie-1920x1080.jpg 1920w, https:\/\/nck.krakow.pl\/nowahuta\/wp-content\/uploads\/2024\/10\/Tance-rzeszowskie-500x281.jpg 500w, https:\/\/nck.krakow.pl\/nowahuta\/wp-content\/uploads\/2024\/10\/Tance-rzeszowskie-1536x864.jpg 1536w, https:\/\/nck.krakow.pl\/nowahuta\/wp-content\/uploads\/2024\/10\/Tance-rzeszowskie.jpg 2048w\" sizes=\"(max-width: 768px) 100vw, 768px\" \/><\/a>\n\t\t\t<\/div>\n\t\t\t\t<figcaption class='wp-caption-text gallery-caption' id='gallery-1-2654'>\n\t\t\t\tTa\u0144ce rzeszowskie\n\t\t\t\t<\/figcaption><\/figure><figure class='gallery-item'>\n\t\t\t<div class='gallery-icon landscape'>\n\t\t\t\t<a href='https:\/\/nck.krakow.pl\/nowahuta\/wp-content\/uploads\/2024\/10\/Tance-spiskie.jpg'><img loading=\"lazy\" decoding=\"async\" width=\"768\" height=\"432\" src=\"https:\/\/nck.krakow.pl\/nowahuta\/wp-content\/uploads\/2024\/10\/Tance-spiskie-1920x1080.jpg\" class=\"attachment-large size-large\" alt=\"\" aria-describedby=\"gallery-1-2655\" srcset=\"https:\/\/nck.krakow.pl\/nowahuta\/wp-content\/uploads\/2024\/10\/Tance-spiskie-1920x1080.jpg 1920w, https:\/\/nck.krakow.pl\/nowahuta\/wp-content\/uploads\/2024\/10\/Tance-spiskie-500x281.jpg 500w, https:\/\/nck.krakow.pl\/nowahuta\/wp-content\/uploads\/2024\/10\/Tance-spiskie-1536x864.jpg 1536w, https:\/\/nck.krakow.pl\/nowahuta\/wp-content\/uploads\/2024\/10\/Tance-spiskie.jpg 2048w\" sizes=\"(max-width: 768px) 100vw, 768px\" \/><\/a>\n\t\t\t<\/div>\n\t\t\t\t<figcaption class='wp-caption-text gallery-caption' id='gallery-1-2655'>\n\t\t\t\tTa\u0144ce spiskie\n\t\t\t\t<\/figcaption><\/figure>\n\t\t<\/div>\n\n","protected":false},"excerpt":{"rendered":"<p>Grup\u0119 reprezentacyjn\u0105 stanowi\u0105 uczniowie szk\u00f3\u0142 \u015brednich, m\u0142odzie\u017c studencka i pracuj\u0105ca. W swoim repertuarze posiada pie\u015bni i ta\u0144ce r\u00f3\u017cnych region\u00f3w kraju a tak\u017ce pie\u015bni i ta\u0144ce narodowe. Oryginalne ta\u0144ce i pie\u015bni poddane artystycznemu opracowaniu swoj\u0105 tre\u015bci\u0105 i wykonaniem propaguj\u0105 w dobrym tego s\u0142owa znaczeniu polski folklor regionalny i narodowy. Zesp\u00f3\u0142 NOWA HUTA wielokrotnie bra\u0142 udzia\u0142 w [&hellip;]<\/p>\n","protected":false},"author":1,"featured_media":0,"parent":768,"menu_order":0,"comment_status":"closed","ping_status":"closed","template":"","meta":{"footnotes":""},"class_list":["post-776","page","type-page","status-publish","hentry"],"_links":{"self":[{"href":"https:\/\/nck.krakow.pl\/nowahuta\/wp-json\/wp\/v2\/pages\/776"}],"collection":[{"href":"https:\/\/nck.krakow.pl\/nowahuta\/wp-json\/wp\/v2\/pages"}],"about":[{"href":"https:\/\/nck.krakow.pl\/nowahuta\/wp-json\/wp\/v2\/types\/page"}],"author":[{"embeddable":true,"href":"https:\/\/nck.krakow.pl\/nowahuta\/wp-json\/wp\/v2\/users\/1"}],"replies":[{"embeddable":true,"href":"https:\/\/nck.krakow.pl\/nowahuta\/wp-json\/wp\/v2\/comments?post=776"}],"version-history":[{"count":14,"href":"https:\/\/nck.krakow.pl\/nowahuta\/wp-json\/wp\/v2\/pages\/776\/revisions"}],"predecessor-version":[{"id":2763,"href":"https:\/\/nck.krakow.pl\/nowahuta\/wp-json\/wp\/v2\/pages\/776\/revisions\/2763"}],"up":[{"embeddable":true,"href":"https:\/\/nck.krakow.pl\/nowahuta\/wp-json\/wp\/v2\/pages\/768"}],"wp:attachment":[{"href":"https:\/\/nck.krakow.pl\/nowahuta\/wp-json\/wp\/v2\/media?parent=776"}],"curies":[{"name":"wp","href":"https:\/\/api.w.org\/{rel}","templated":true}]}}