{"id":774,"date":"2016-07-01T08:37:19","date_gmt":"2016-07-01T08:37:19","guid":{"rendered":"http:\/\/zpitnowahuta.pl\/?page_id=774"},"modified":"2025-08-11T12:49:14","modified_gmt":"2025-08-11T12:49:14","slug":"grupy-dzieciece-i-naborowa","status":"publish","type":"page","link":"https:\/\/nck.krakow.pl\/nowahuta\/o-nas\/grupy\/grupy-dzieciece-i-naborowa\/","title":{"rendered":"Grupy dzieci\u0119ce i naborowa"},"content":{"rendered":"<p><strong><u>Grupy dzieci\u0119ce i naborowa<\/u><\/strong><\/p>\n<p>Grup\u0119 tworz\u0105 dzieci ze szk\u00f3\u0142 podstawowych. W swoim repertuarze posiada pie\u015bni i\u00a0ta\u0144ce r\u00f3\u017cnych region\u00f3w kraju. Poprzez taniec i \u015bpiew oraz bogactwo tw\u00f3rczych dzia\u0142a\u0144 i dozna\u0144 estetycznych, zesp\u00f3\u0142 w specyficzny spos\u00f3b rozwija u dzieci sprawno\u015b\u0107 i wra\u017cliwo\u015b\u0107 artystyczn\u0105, wi\u0105\u017c\u0105c proces rozwoju fizycznego z poznaniem kultury narodowej. Grupa regularnie uczestniczy w wielu koncertach Zespo\u0142u Pie\u015bni i Ta\u0144ca NOWA HUTA.<\/p>\n<p><strong>Instruktorzy: <\/strong><\/p>\n<p>opieka artystyczna &#8211; Sabina Szybka<br \/>\nprzygotowanie taneczne grup &#8211; Agnieszka Top\u00f3r<br \/>\nprzygotowanie wokalne &#8211; Andrzej Cebulak<br \/>\nakompaniament &#8211; Krystyna Stala, Andrzej Cebulak<\/p>\n<p><strong>HARMONOGRAM ZAJ\u0118\u0106 W SEZONIE 2025\/2026:<\/strong><\/p>\n<p><strong>Grupa dzieci\u0119ca naborowa I (pocz\u0105tkuj\u0105ca): <\/strong>czwartek 15.30 \u2013 16.30, sala 206<\/p>\n<p><strong>Grupa dzieci\u0119ca naborowa II: <\/strong>pi\u0105tek 16.30 \u2013 17.30, sala 208<\/p>\n<p><strong>Grupa dzieci\u0119ca m\u0142odsza<br \/>\n<\/strong>poniedzia\u0142ek 15.30 &#8211; 16.30, sala 206<br \/>\npi\u0105tek 17.30 \u2013 18.30, sala 208<\/p>\n<p><strong>Grupa dzieci\u0119ca starsza<br \/>\n<\/strong>poniedzia\u0142ek 16.30 \u2013 18.30, sala 206<br \/>\nczwartek 16.30 \u2013 18.30, sala 208<\/p>\n<div id='gallery-1' class='gallery galleryid-774 gallery-columns-3 gallery-size-medium'><figure class='gallery-item'>\n\t\t\t<div class='gallery-icon landscape'>\n\t\t\t\t<a href='https:\/\/nck.krakow.pl\/nowahuta\/wp-content\/uploads\/2024\/10\/Tance-krakowskie_1.jpg'><img loading=\"lazy\" decoding=\"async\" width=\"500\" height=\"281\" src=\"https:\/\/nck.krakow.pl\/nowahuta\/wp-content\/uploads\/2024\/10\/Tance-krakowskie_1-500x281.jpg\" class=\"attachment-medium size-medium\" alt=\"\" srcset=\"https:\/\/nck.krakow.pl\/nowahuta\/wp-content\/uploads\/2024\/10\/Tance-krakowskie_1-500x281.jpg 500w, https:\/\/nck.krakow.pl\/nowahuta\/wp-content\/uploads\/2024\/10\/Tance-krakowskie_1-1920x1080.jpg 1920w, https:\/\/nck.krakow.pl\/nowahuta\/wp-content\/uploads\/2024\/10\/Tance-krakowskie_1-1536x864.jpg 1536w, https:\/\/nck.krakow.pl\/nowahuta\/wp-content\/uploads\/2024\/10\/Tance-krakowskie_1.jpg 2048w\" sizes=\"(max-width: 500px) 100vw, 500px\" \/><\/a>\n\t\t\t<\/div><\/figure><figure class='gallery-item'>\n\t\t\t<div class='gallery-icon landscape'>\n\t\t\t\t<a href='https:\/\/nck.krakow.pl\/nowahuta\/wp-content\/uploads\/2024\/10\/Tance-krakowskie_2.jpg'><img loading=\"lazy\" decoding=\"async\" width=\"500\" height=\"281\" src=\"https:\/\/nck.krakow.pl\/nowahuta\/wp-content\/uploads\/2024\/10\/Tance-krakowskie_2-500x281.jpg\" class=\"attachment-medium size-medium\" alt=\"\" srcset=\"https:\/\/nck.krakow.pl\/nowahuta\/wp-content\/uploads\/2024\/10\/Tance-krakowskie_2-500x281.jpg 500w, https:\/\/nck.krakow.pl\/nowahuta\/wp-content\/uploads\/2024\/10\/Tance-krakowskie_2-1920x1080.jpg 1920w, https:\/\/nck.krakow.pl\/nowahuta\/wp-content\/uploads\/2024\/10\/Tance-krakowskie_2-1536x864.jpg 1536w, https:\/\/nck.krakow.pl\/nowahuta\/wp-content\/uploads\/2024\/10\/Tance-krakowskie_2.jpg 2048w\" sizes=\"(max-width: 500px) 100vw, 500px\" \/><\/a>\n\t\t\t<\/div><\/figure><figure class='gallery-item'>\n\t\t\t<div class='gallery-icon landscape'>\n\t\t\t\t<a href='https:\/\/nck.krakow.pl\/nowahuta\/wp-content\/uploads\/2024\/10\/Tance-kurpiowskie.jpg'><img loading=\"lazy\" decoding=\"async\" width=\"500\" height=\"281\" src=\"https:\/\/nck.krakow.pl\/nowahuta\/wp-content\/uploads\/2024\/10\/Tance-kurpiowskie-500x281.jpg\" class=\"attachment-medium size-medium\" alt=\"\" srcset=\"https:\/\/nck.krakow.pl\/nowahuta\/wp-content\/uploads\/2024\/10\/Tance-kurpiowskie-500x281.jpg 500w, https:\/\/nck.krakow.pl\/nowahuta\/wp-content\/uploads\/2024\/10\/Tance-kurpiowskie-1920x1080.jpg 1920w, https:\/\/nck.krakow.pl\/nowahuta\/wp-content\/uploads\/2024\/10\/Tance-kurpiowskie-1536x864.jpg 1536w, https:\/\/nck.krakow.pl\/nowahuta\/wp-content\/uploads\/2024\/10\/Tance-kurpiowskie.jpg 2048w\" sizes=\"(max-width: 500px) 100vw, 500px\" \/><\/a>\n\t\t\t<\/div><\/figure><figure class='gallery-item'>\n\t\t\t<div class='gallery-icon landscape'>\n\t\t\t\t<a href='https:\/\/nck.krakow.pl\/nowahuta\/wp-content\/uploads\/2024\/10\/Tance-lowickie-2.jpg'><img loading=\"lazy\" decoding=\"async\" width=\"500\" height=\"281\" src=\"https:\/\/nck.krakow.pl\/nowahuta\/wp-content\/uploads\/2024\/10\/Tance-lowickie-2-500x281.jpg\" class=\"attachment-medium size-medium\" alt=\"\" srcset=\"https:\/\/nck.krakow.pl\/nowahuta\/wp-content\/uploads\/2024\/10\/Tance-lowickie-2-500x281.jpg 500w, https:\/\/nck.krakow.pl\/nowahuta\/wp-content\/uploads\/2024\/10\/Tance-lowickie-2-1920x1080.jpg 1920w, https:\/\/nck.krakow.pl\/nowahuta\/wp-content\/uploads\/2024\/10\/Tance-lowickie-2-1536x864.jpg 1536w, https:\/\/nck.krakow.pl\/nowahuta\/wp-content\/uploads\/2024\/10\/Tance-lowickie-2.jpg 2048w\" sizes=\"(max-width: 500px) 100vw, 500px\" \/><\/a>\n\t\t\t<\/div><\/figure><figure class='gallery-item'>\n\t\t\t<div class='gallery-icon landscape'>\n\t\t\t\t<a href='https:\/\/nck.krakow.pl\/nowahuta\/wp-content\/uploads\/2024\/10\/Tance-lowickie_2-1.jpg'><img loading=\"lazy\" decoding=\"async\" width=\"500\" height=\"281\" src=\"https:\/\/nck.krakow.pl\/nowahuta\/wp-content\/uploads\/2024\/10\/Tance-lowickie_2-1-500x281.jpg\" class=\"attachment-medium size-medium\" alt=\"\" srcset=\"https:\/\/nck.krakow.pl\/nowahuta\/wp-content\/uploads\/2024\/10\/Tance-lowickie_2-1-500x281.jpg 500w, https:\/\/nck.krakow.pl\/nowahuta\/wp-content\/uploads\/2024\/10\/Tance-lowickie_2-1-1920x1080.jpg 1920w, https:\/\/nck.krakow.pl\/nowahuta\/wp-content\/uploads\/2024\/10\/Tance-lowickie_2-1-1536x864.jpg 1536w, https:\/\/nck.krakow.pl\/nowahuta\/wp-content\/uploads\/2024\/10\/Tance-lowickie_2-1.jpg 2048w\" sizes=\"(max-width: 500px) 100vw, 500px\" \/><\/a>\n\t\t\t<\/div><\/figure><figure class='gallery-item'>\n\t\t\t<div class='gallery-icon landscape'>\n\t\t\t\t<a href='https:\/\/nck.krakow.pl\/nowahuta\/wp-content\/uploads\/2024\/10\/Tance-przeworskie.jpg'><img loading=\"lazy\" decoding=\"async\" width=\"500\" height=\"281\" src=\"https:\/\/nck.krakow.pl\/nowahuta\/wp-content\/uploads\/2024\/10\/Tance-przeworskie-500x281.jpg\" class=\"attachment-medium size-medium\" alt=\"\" srcset=\"https:\/\/nck.krakow.pl\/nowahuta\/wp-content\/uploads\/2024\/10\/Tance-przeworskie-500x281.jpg 500w, https:\/\/nck.krakow.pl\/nowahuta\/wp-content\/uploads\/2024\/10\/Tance-przeworskie-1920x1080.jpg 1920w, https:\/\/nck.krakow.pl\/nowahuta\/wp-content\/uploads\/2024\/10\/Tance-przeworskie-1536x864.jpg 1536w, https:\/\/nck.krakow.pl\/nowahuta\/wp-content\/uploads\/2024\/10\/Tance-przeworskie.jpg 2048w\" sizes=\"(max-width: 500px) 100vw, 500px\" \/><\/a>\n\t\t\t<\/div><\/figure><figure class='gallery-item'>\n\t\t\t<div class='gallery-icon landscape'>\n\t\t\t\t<a href='https:\/\/nck.krakow.pl\/nowahuta\/wp-content\/uploads\/2024\/10\/Tance-przeworskie_2.jpg'><img loading=\"lazy\" decoding=\"async\" width=\"500\" height=\"281\" src=\"https:\/\/nck.krakow.pl\/nowahuta\/wp-content\/uploads\/2024\/10\/Tance-przeworskie_2-500x281.jpg\" class=\"attachment-medium size-medium\" alt=\"\" srcset=\"https:\/\/nck.krakow.pl\/nowahuta\/wp-content\/uploads\/2024\/10\/Tance-przeworskie_2-500x281.jpg 500w, https:\/\/nck.krakow.pl\/nowahuta\/wp-content\/uploads\/2024\/10\/Tance-przeworskie_2-1920x1080.jpg 1920w, https:\/\/nck.krakow.pl\/nowahuta\/wp-content\/uploads\/2024\/10\/Tance-przeworskie_2-1536x864.jpg 1536w, https:\/\/nck.krakow.pl\/nowahuta\/wp-content\/uploads\/2024\/10\/Tance-przeworskie_2.jpg 2048w\" sizes=\"(max-width: 500px) 100vw, 500px\" \/><\/a>\n\t\t\t<\/div><\/figure><figure class='gallery-item'>\n\t\t\t<div class='gallery-icon landscape'>\n\t\t\t\t<a href='https:\/\/nck.krakow.pl\/nowahuta\/wp-content\/uploads\/2024\/10\/Tance-rozbarskie-1.jpg'><img loading=\"lazy\" decoding=\"async\" width=\"500\" height=\"281\" src=\"https:\/\/nck.krakow.pl\/nowahuta\/wp-content\/uploads\/2024\/10\/Tance-rozbarskie-1-500x281.jpg\" class=\"attachment-medium size-medium\" alt=\"\" srcset=\"https:\/\/nck.krakow.pl\/nowahuta\/wp-content\/uploads\/2024\/10\/Tance-rozbarskie-1-500x281.jpg 500w, https:\/\/nck.krakow.pl\/nowahuta\/wp-content\/uploads\/2024\/10\/Tance-rozbarskie-1-1920x1080.jpg 1920w, https:\/\/nck.krakow.pl\/nowahuta\/wp-content\/uploads\/2024\/10\/Tance-rozbarskie-1-1536x863.jpg 1536w, https:\/\/nck.krakow.pl\/nowahuta\/wp-content\/uploads\/2024\/10\/Tance-rozbarskie-1.jpg 2048w\" sizes=\"(max-width: 500px) 100vw, 500px\" \/><\/a>\n\t\t\t<\/div><\/figure>\n\t\t<\/div>\n\n","protected":false},"excerpt":{"rendered":"<p>Grupy dzieci\u0119ce i naborowa Grup\u0119 tworz\u0105 dzieci ze szk\u00f3\u0142 podstawowych. W swoim repertuarze posiada pie\u015bni i\u00a0ta\u0144ce r\u00f3\u017cnych region\u00f3w kraju. Poprzez taniec i \u015bpiew oraz bogactwo tw\u00f3rczych dzia\u0142a\u0144 i dozna\u0144 estetycznych, zesp\u00f3\u0142 w specyficzny spos\u00f3b rozwija u dzieci sprawno\u015b\u0107 i wra\u017cliwo\u015b\u0107 artystyczn\u0105, wi\u0105\u017c\u0105c proces rozwoju fizycznego z poznaniem kultury narodowej. Grupa regularnie uczestniczy w wielu koncertach [&hellip;]<\/p>\n","protected":false},"author":1,"featured_media":0,"parent":768,"menu_order":0,"comment_status":"closed","ping_status":"closed","template":"","meta":{"footnotes":""},"class_list":["post-774","page","type-page","status-publish","hentry"],"_links":{"self":[{"href":"https:\/\/nck.krakow.pl\/nowahuta\/wp-json\/wp\/v2\/pages\/774"}],"collection":[{"href":"https:\/\/nck.krakow.pl\/nowahuta\/wp-json\/wp\/v2\/pages"}],"about":[{"href":"https:\/\/nck.krakow.pl\/nowahuta\/wp-json\/wp\/v2\/types\/page"}],"author":[{"embeddable":true,"href":"https:\/\/nck.krakow.pl\/nowahuta\/wp-json\/wp\/v2\/users\/1"}],"replies":[{"embeddable":true,"href":"https:\/\/nck.krakow.pl\/nowahuta\/wp-json\/wp\/v2\/comments?post=774"}],"version-history":[{"count":21,"href":"https:\/\/nck.krakow.pl\/nowahuta\/wp-json\/wp\/v2\/pages\/774\/revisions"}],"predecessor-version":[{"id":2761,"href":"https:\/\/nck.krakow.pl\/nowahuta\/wp-json\/wp\/v2\/pages\/774\/revisions\/2761"}],"up":[{"embeddable":true,"href":"https:\/\/nck.krakow.pl\/nowahuta\/wp-json\/wp\/v2\/pages\/768"}],"wp:attachment":[{"href":"https:\/\/nck.krakow.pl\/nowahuta\/wp-json\/wp\/v2\/media?parent=774"}],"curies":[{"name":"wp","href":"https:\/\/api.w.org\/{rel}","templated":true}]}}