{"id":818,"date":"2016-08-17T13:18:32","date_gmt":"2016-08-17T13:18:32","guid":{"rendered":"http:\/\/kcc.new.nck.krakow.pl\/?page_id=818"},"modified":"2019-10-07T09:07:55","modified_gmt":"2019-10-07T09:07:55","slug":"grafik","status":"publish","type":"page","link":"https:\/\/nck.krakow.pl\/kcc\/grafik\/","title":{"rendered":"grafik"},"content":{"rendered":"\n<h2 class=\"wp-block-heading\">Grafik<\/h2>\n\n\n\n<p>Regularne lekcje ta\u0144ca wsp\u00f3\u0142czesnego w Nowohuckim Centrum Kultury &#8211; Krakowskim Centrum Choreograficznym:<\/p>\n\n\n\n<p><a href=\"https:\/\/nck.krakow.pl\/kcc\/maly-teatr-ruchu\/\" target=\"_blank\" rel=\"noopener noreferrer\" data-saferedirecturl=\"https:\/\/www.google.com\/url?hl=pl&amp;q=https:\/\/nck.krakow.pl\/kcc\/maly-teatr-ruchu\/&amp;source=gmail&amp;ust=1532081566867000&amp;usg=AFQjCNFpqF-ZrqSQm8DyVA07EQKkyaSwfQ\">Ma\u0142y Teatr Ruchu<\/a> \u2013 taniec, ruch i teatr dla dzieci, lekcje 2 x w tygodniu<\/p>\n\n\n\n<p>grupa 4 &#8211; 6 lat: poniedzia\u0142ki i czwartki 16:00 &#8211; 17:00<br>grupa 7 &#8211; 9 lat: poniedzia\u0142ki i czwartki 17:15 &#8211; 18:15<br>prowadz\u0105cy: Anna Chmiel-Kowalska<br>cena: 120 z\u0142 \/ miesi\u0105c lub 500 z\u0142 \/&nbsp; semestr<\/p>\n\n\n\n<div style=\"height:34px\" aria-hidden=\"true\" class=\"wp-block-spacer\"><\/div>\n\n\n\n<p><a href=\"http:\/\/nck.krakow.pl\/kcc\/hartownia\/\">Hartownia<\/a> \u2013 taniec wsp\u00f3\u0142czesny 2 x w tygodniu, wiek: 10 &#8211; 13 lat<\/p>\n\n\n\n<p>poniedzia\u0142ki i \u015brody godz. 17:00 \u2013 18:15 <br>prowadz\u0105cy: Karolina Graca&nbsp;<br>cena: 120 z\u0142 \/ miesi\u0105c lub 500 z\u0142 \/ semestr <br><\/p>\n\n\n\n<div style=\"height:28px\" aria-hidden=\"true\" class=\"wp-block-spacer\"><\/div>\n\n\n\n<p><a href=\"https:\/\/nck.krakow.pl\/kcc\/edukacja\/cardio-contemporary\/\" target=\"_blank\" rel=\"noopener noreferrer\" data-saferedirecturl=\"https:\/\/www.google.com\/url?hl=pl&amp;q=https:\/\/nck.krakow.pl\/kcc\/edukacja\/cardio-contemporary\/&amp;source=gmail&amp;ust=1532081566867000&amp;usg=AFQjCNGPXTZtoZs4R9-vt6zRGgDxaB44tg\">Cardio Contemporary&nbsp;<\/a>\u2013 intensywny rozruch na bazie ta\u0144ca wsp\u00f3\u0142czesnego 2 x w tygodniu, poziom pocz\u0105tkuj\u0105cy, od 16-tego roku \u017cycia<\/p>\n\n\n\n<p>poniedzia\u0142ki i \u015brody godz. 18:30 &#8211; 19:45<br>cena: 250 z\u0142 za 3 miesi\u0105ce \/ 100 z\u0142 za miesi\u0105c<br>prowadz\u0105cy: Anna Chmiel-Kowalska, Karolina Graca<\/p>\n\n\n\n<div style=\"height:37px\" aria-hidden=\"true\" class=\"wp-block-spacer\"><\/div>\n\n\n\n<p><a rel=\"noopener noreferrer\" data-saferedirecturl=\"https:\/\/www.google.com\/url?hl=pl&amp;q=https:\/\/nck.krakow.pl\/kcc\/edukacja\/cardio-contemporary\/&amp;source=gmail&amp;ust=1532081566867000&amp;usg=AFQjCNGPXTZtoZs4R9-vt6zRGgDxaB44tg\" href=\"http:\/\/nck.krakow.pl\/kcc\/pracownia\" target=\"_blank\">Pracownia<\/a> \u2013 lekcje ta\u0144ca wsp\u00f3\u0142czesnego 2 x w tygodniu, poziom \u015bredniozaawansowany i zaawansowany, od 18-tego roku \u017cycia<\/p>\n\n\n\n<p>poniedzia\u0142ki i \u015brody godz. 20:00 &#8211; 21:30<br>prowadz\u0105cy: Monika W\u0119grzynowicz, Marta Wo\u0142owiec, Agata Mol\u0105g<br>cena: 120 z\u0142 \/ miesi\u0105c<\/p>\n\n\n\n<div style=\"height:43px\" aria-hidden=\"true\" class=\"wp-block-spacer\"><\/div>\n","protected":false},"excerpt":{"rendered":"<p>Grafik Regularne lekcje ta\u0144ca wsp\u00f3\u0142czesnego w Nowohuckim Centrum Kultury &#8211; Krakowskim Centrum Choreograficznym: Ma\u0142y Teatr Ruchu \u2013 taniec, ruch i teatr dla dzieci, lekcje 2 x w tygodniu grupa 4 &#8211; 6 lat: poniedzia\u0142ki i czwartki 16:00 &#8211; 17:00grupa 7 &#8211; 9 lat: poniedzia\u0142ki i czwartki 17:15 &#8211; 18:15prowadz\u0105cy: Anna Chmiel-Kowalskacena: 120 z\u0142 \/ miesi\u0105c [&hellip;]<\/p>\n","protected":false},"author":2,"featured_media":0,"parent":0,"menu_order":0,"comment_status":"closed","ping_status":"closed","template":"","meta":{"footnotes":""},"class_list":["post-818","page","type-page","status-publish","hentry"],"yoast_head":"<!-- This site is optimized with the Yoast SEO plugin v19.12 - https:\/\/yoast.com\/wordpress\/plugins\/seo\/ -->\n<title>grafik lekcje ta\u0144ca wsp\u00f3\u0142czesnego w Krakowie (KCC)<\/title>\n<meta name=\"description\" content=\"grafik regularnych lekcji ta\u0144ca wsp\u00f3\u0142czesnego w Krakowie dla dzieci, m\u0142odzie\u017cy i doros\u0142ych na trzech poziomach zaawansowania\" \/>\n<meta name=\"robots\" content=\"index, follow, max-snippet:-1, max-image-preview:large, max-video-preview:-1\" \/>\n<link rel=\"canonical\" href=\"https:\/\/nck.krakow.pl\/kcc\/grafik\/\" \/>\n<meta property=\"og:locale\" content=\"pl_PL\" \/>\n<meta property=\"og:type\" content=\"article\" \/>\n<meta property=\"og:title\" content=\"grafik lekcje ta\u0144ca wsp\u00f3\u0142czesnego w Krakowie (KCC)\" \/>\n<meta property=\"og:description\" content=\"grafik regularnych lekcji ta\u0144ca wsp\u00f3\u0142czesnego w Krakowie dla dzieci, m\u0142odzie\u017cy i doros\u0142ych na trzech poziomach zaawansowania\" \/>\n<meta property=\"og:url\" content=\"https:\/\/nck.krakow.pl\/kcc\/grafik\/\" \/>\n<meta property=\"og:site_name\" content=\"Krakowskie Centrum Choreograficzne\" \/>\n<meta property=\"article:modified_time\" content=\"2019-10-07T09:07:55+00:00\" \/>\n<meta name=\"twitter:card\" content=\"summary_large_image\" \/>\n<meta name=\"twitter:label1\" content=\"Est. reading time\" \/>\n\t<meta name=\"twitter:data1\" content=\"1 minuta\" \/>\n<script type=\"application\/ld+json\" class=\"yoast-schema-graph\">{\"@context\":\"https:\/\/schema.org\",\"@graph\":[{\"@type\":\"WebPage\",\"@id\":\"https:\/\/nck.krakow.pl\/kcc\/grafik\/\",\"url\":\"https:\/\/nck.krakow.pl\/kcc\/grafik\/\",\"name\":\"grafik lekcje ta\u0144ca wsp\u00f3\u0142czesnego w Krakowie (KCC)\",\"isPartOf\":{\"@id\":\"https:\/\/nck.krakow.pl\/kcc\/#website\"},\"datePublished\":\"2016-08-17T13:18:32+00:00\",\"dateModified\":\"2019-10-07T09:07:55+00:00\",\"description\":\"grafik regularnych lekcji ta\u0144ca wsp\u00f3\u0142czesnego w Krakowie dla dzieci, m\u0142odzie\u017cy i doros\u0142ych na trzech poziomach zaawansowania\",\"breadcrumb\":{\"@id\":\"https:\/\/nck.krakow.pl\/kcc\/grafik\/#breadcrumb\"},\"inLanguage\":\"pl-PL\",\"potentialAction\":[{\"@type\":\"ReadAction\",\"target\":[\"https:\/\/nck.krakow.pl\/kcc\/grafik\/\"]}]},{\"@type\":\"BreadcrumbList\",\"@id\":\"https:\/\/nck.krakow.pl\/kcc\/grafik\/#breadcrumb\",\"itemListElement\":[{\"@type\":\"ListItem\",\"position\":1,\"name\":\"Strona g\u0142\u00f3wna\",\"item\":\"https:\/\/nck.krakow.pl\/kcc\/\"},{\"@type\":\"ListItem\",\"position\":2,\"name\":\"grafik\"}]},{\"@type\":\"WebSite\",\"@id\":\"https:\/\/nck.krakow.pl\/kcc\/#website\",\"url\":\"https:\/\/nck.krakow.pl\/kcc\/\",\"name\":\"Krakowskie Centrum Choreograficzne\",\"description\":\"\",\"publisher\":{\"@id\":\"https:\/\/nck.krakow.pl\/kcc\/#organization\"},\"potentialAction\":[{\"@type\":\"SearchAction\",\"target\":{\"@type\":\"EntryPoint\",\"urlTemplate\":\"https:\/\/nck.krakow.pl\/kcc\/?s={search_term_string}\"},\"query-input\":\"required name=search_term_string\"}],\"inLanguage\":\"pl-PL\"},{\"@type\":\"Organization\",\"@id\":\"https:\/\/nck.krakow.pl\/kcc\/#organization\",\"name\":\"Krakowskie Centrum Choreograficzne\",\"url\":\"https:\/\/nck.krakow.pl\/kcc\/\",\"logo\":{\"@type\":\"ImageObject\",\"inLanguage\":\"pl-PL\",\"@id\":\"https:\/\/nck.krakow.pl\/kcc\/#\/schema\/logo\/image\/\",\"url\":\"https:\/\/nck.krakow.pl\/kcc\/wp-content\/uploads\/2020\/01\/cropped-logo-kcc-2020.png\",\"contentUrl\":\"https:\/\/nck.krakow.pl\/kcc\/wp-content\/uploads\/2020\/01\/cropped-logo-kcc-2020.png\",\"width\":116,\"height\":55,\"caption\":\"Krakowskie Centrum Choreograficzne\"},\"image\":{\"@id\":\"https:\/\/nck.krakow.pl\/kcc\/#\/schema\/logo\/image\/\"}}]}<\/script>\n<!-- \/ Yoast SEO plugin. -->","yoast_head_json":{"title":"grafik lekcje ta\u0144ca wsp\u00f3\u0142czesnego w Krakowie (KCC)","description":"grafik regularnych lekcji ta\u0144ca wsp\u00f3\u0142czesnego w Krakowie dla dzieci, m\u0142odzie\u017cy i doros\u0142ych na trzech poziomach zaawansowania","robots":{"index":"index","follow":"follow","max-snippet":"max-snippet:-1","max-image-preview":"max-image-preview:large","max-video-preview":"max-video-preview:-1"},"canonical":"https:\/\/nck.krakow.pl\/kcc\/grafik\/","og_locale":"pl_PL","og_type":"article","og_title":"grafik lekcje ta\u0144ca wsp\u00f3\u0142czesnego w Krakowie (KCC)","og_description":"grafik regularnych lekcji ta\u0144ca wsp\u00f3\u0142czesnego w Krakowie dla dzieci, m\u0142odzie\u017cy i doros\u0142ych na trzech poziomach zaawansowania","og_url":"https:\/\/nck.krakow.pl\/kcc\/grafik\/","og_site_name":"Krakowskie Centrum Choreograficzne","article_modified_time":"2019-10-07T09:07:55+00:00","twitter_card":"summary_large_image","twitter_misc":{"Est. reading time":"1 minuta"},"schema":{"@context":"https:\/\/schema.org","@graph":[{"@type":"WebPage","@id":"https:\/\/nck.krakow.pl\/kcc\/grafik\/","url":"https:\/\/nck.krakow.pl\/kcc\/grafik\/","name":"grafik lekcje ta\u0144ca wsp\u00f3\u0142czesnego w Krakowie (KCC)","isPartOf":{"@id":"https:\/\/nck.krakow.pl\/kcc\/#website"},"datePublished":"2016-08-17T13:18:32+00:00","dateModified":"2019-10-07T09:07:55+00:00","description":"grafik regularnych lekcji ta\u0144ca wsp\u00f3\u0142czesnego w Krakowie dla dzieci, m\u0142odzie\u017cy i doros\u0142ych na trzech poziomach zaawansowania","breadcrumb":{"@id":"https:\/\/nck.krakow.pl\/kcc\/grafik\/#breadcrumb"},"inLanguage":"pl-PL","potentialAction":[{"@type":"ReadAction","target":["https:\/\/nck.krakow.pl\/kcc\/grafik\/"]}]},{"@type":"BreadcrumbList","@id":"https:\/\/nck.krakow.pl\/kcc\/grafik\/#breadcrumb","itemListElement":[{"@type":"ListItem","position":1,"name":"Strona g\u0142\u00f3wna","item":"https:\/\/nck.krakow.pl\/kcc\/"},{"@type":"ListItem","position":2,"name":"grafik"}]},{"@type":"WebSite","@id":"https:\/\/nck.krakow.pl\/kcc\/#website","url":"https:\/\/nck.krakow.pl\/kcc\/","name":"Krakowskie Centrum Choreograficzne","description":"","publisher":{"@id":"https:\/\/nck.krakow.pl\/kcc\/#organization"},"potentialAction":[{"@type":"SearchAction","target":{"@type":"EntryPoint","urlTemplate":"https:\/\/nck.krakow.pl\/kcc\/?s={search_term_string}"},"query-input":"required name=search_term_string"}],"inLanguage":"pl-PL"},{"@type":"Organization","@id":"https:\/\/nck.krakow.pl\/kcc\/#organization","name":"Krakowskie Centrum Choreograficzne","url":"https:\/\/nck.krakow.pl\/kcc\/","logo":{"@type":"ImageObject","inLanguage":"pl-PL","@id":"https:\/\/nck.krakow.pl\/kcc\/#\/schema\/logo\/image\/","url":"https:\/\/nck.krakow.pl\/kcc\/wp-content\/uploads\/2020\/01\/cropped-logo-kcc-2020.png","contentUrl":"https:\/\/nck.krakow.pl\/kcc\/wp-content\/uploads\/2020\/01\/cropped-logo-kcc-2020.png","width":116,"height":55,"caption":"Krakowskie Centrum Choreograficzne"},"image":{"@id":"https:\/\/nck.krakow.pl\/kcc\/#\/schema\/logo\/image\/"}}]}},"_links":{"self":[{"href":"https:\/\/nck.krakow.pl\/kcc\/wp-json\/wp\/v2\/pages\/818"}],"collection":[{"href":"https:\/\/nck.krakow.pl\/kcc\/wp-json\/wp\/v2\/pages"}],"about":[{"href":"https:\/\/nck.krakow.pl\/kcc\/wp-json\/wp\/v2\/types\/page"}],"author":[{"embeddable":true,"href":"https:\/\/nck.krakow.pl\/kcc\/wp-json\/wp\/v2\/users\/2"}],"replies":[{"embeddable":true,"href":"https:\/\/nck.krakow.pl\/kcc\/wp-json\/wp\/v2\/comments?post=818"}],"version-history":[{"count":22,"href":"https:\/\/nck.krakow.pl\/kcc\/wp-json\/wp\/v2\/pages\/818\/revisions"}],"predecessor-version":[{"id":3817,"href":"https:\/\/nck.krakow.pl\/kcc\/wp-json\/wp\/v2\/pages\/818\/revisions\/3817"}],"wp:attachment":[{"href":"https:\/\/nck.krakow.pl\/kcc\/wp-json\/wp\/v2\/media?parent=818"}],"curies":[{"name":"wp","href":"https:\/\/api.w.org\/{rel}","templated":true}]}}