{"id":7879,"date":"2024-11-06T14:29:17","date_gmt":"2024-11-06T14:29:17","guid":{"rendered":"https:\/\/nck.krakow.pl\/kcc\/?page_id=7879"},"modified":"2025-12-04T12:51:08","modified_gmt":"2025-12-04T12:51:08","slug":"matki-w-ruchu","status":"publish","type":"page","link":"https:\/\/nck.krakow.pl\/kcc\/matki-w-ruchu\/","title":{"rendered":"Matki w ruchu"},"content":{"rendered":"\n<p>Matki w ruchu to projekt, kt\u00f3ry bada temat macierzy\u0144stwa przek\u0142adaj\u0105c go na j\u0119zyk choreografii, ruchu, cia\u0142a. G\u0142\u00f3wnym celem Matek jest wzajemne wsparcie i uciele\u015bnienie macierzy\u0144stwa w bezpiecznej przestrzeni, stawiaj\u0105c na proces i brak presji.&nbsp;<\/p>\n\n\n\n<p>Projekt jest r\u00f3wnie\u017c przestrzeni\u0105 bez sztywnych ram, p\u0142aszczyzn\u0105 dla r\u00f3\u017cnych potrzeb artystycznych i badawczych zwi\u0105zanych z macierzy\u0144stwem. Jest elastyczny tak samo jak rodzicielstwo i mo\u017ce pomie\u015bci\u0107 to, co przychodzi z zewn\u0105trz. Dlatego te\u017c nie zak\u0142ada sta\u0142ych i regularnych dzia\u0142a\u0144, jednocze\u015bnie nie wykluczaj\u0105c ich z g\u00f3ry.&nbsp;<\/p>\n\n\n\n<p>Do tej pory pod szyldem Matek w ruchu odby\u0142y si\u0119 spotkania krakowskich mam, kt\u00f3re przyj\u0119\u0142y laboratoryjn\u0105 form\u0119 dzielenia si\u0119 swoimi do\u015bwiadczeniami, indywidualnego zag\u0142\u0119biania si\u0119 w dany moment (tu i teraz) macierzy\u0144stwa oraz pracy ruchowej. Tzw. laby odbywa\u0142y si\u0119 w zamkni\u0119tej grupie kobiet z ruchowym\/tanecznym\/choreograficznym do\u015bwiadczeniem pozwalaj\u0105c na spotkanie w nieco innym kontek\u015bcie i zawi\u0105zuj\u0105c wsp\u00f3lnot\u0119 matek dziel\u0105cych si\u0119 do\u015bwiadczeniami i (cz\u0119sto trudnymi) emocjami oraz wspieraj\u0105cych si\u0119 wzajemnie.<\/p>\n\n\n\n<p>W ramach projektu Agnieszka Bara\u0144ska-Kozik, Barbara Wysocza\u0144ska-Grochal oraz Monika W\u0119grzynowicz indywidualnie opracowa\u0142y wybrane aspekty macierzy\u0144stwa metod\u0105 wywiadu przeprowadzonego przez psycholo\u017ck\u0119 Mart\u0119 Muranowicz (Pyschologia Blisko Mamy). Kr\u00f3tkie fragmenty wywiad\u00f3w pos\u0142u\u017cy\u0142y jako materia\u0142 do p\u00f3\u017aniejszej pracy scenicznej.<\/p>\n\n\n\n<figure class=\"wp-block-gallery has-nested-images columns-default is-cropped wp-block-gallery-1 is-layout-flex wp-block-gallery-is-layout-flex\">\n<figure class=\"wp-block-image size-large\"><a href=\"https:\/\/nck.krakow.pl\/kcc\/wp-content\/uploads\/2024\/11\/1.jpg\"><img loading=\"lazy\" decoding=\"async\" width=\"1024\" height=\"682\" data-id=\"7882\" src=\"https:\/\/nck.krakow.pl\/kcc\/wp-content\/uploads\/2024\/11\/1-1024x682.jpg\" alt=\"\" class=\"wp-image-7882\" srcset=\"https:\/\/nck.krakow.pl\/kcc\/wp-content\/uploads\/2024\/11\/1-1024x682.jpg 1024w, https:\/\/nck.krakow.pl\/kcc\/wp-content\/uploads\/2024\/11\/1-300x200.jpg 300w, https:\/\/nck.krakow.pl\/kcc\/wp-content\/uploads\/2024\/11\/1-768x512.jpg 768w, https:\/\/nck.krakow.pl\/kcc\/wp-content\/uploads\/2024\/11\/1-1536x1024.jpg 1536w, https:\/\/nck.krakow.pl\/kcc\/wp-content\/uploads\/2024\/11\/1.jpg 2000w\" sizes=\"(max-width: 1024px) 100vw, 1024px\" \/><\/a><\/figure>\n\n\n\n<figure class=\"wp-block-image size-large\"><a href=\"https:\/\/nck.krakow.pl\/kcc\/wp-content\/uploads\/2024\/11\/3.jpg\"><img loading=\"lazy\" decoding=\"async\" width=\"682\" height=\"1024\" data-id=\"7881\" src=\"https:\/\/nck.krakow.pl\/kcc\/wp-content\/uploads\/2024\/11\/3-682x1024.jpg\" alt=\"\" class=\"wp-image-7881\" srcset=\"https:\/\/nck.krakow.pl\/kcc\/wp-content\/uploads\/2024\/11\/3-682x1024.jpg 682w, https:\/\/nck.krakow.pl\/kcc\/wp-content\/uploads\/2024\/11\/3-200x300.jpg 200w, https:\/\/nck.krakow.pl\/kcc\/wp-content\/uploads\/2024\/11\/3-768x1152.jpg 768w, https:\/\/nck.krakow.pl\/kcc\/wp-content\/uploads\/2024\/11\/3-1024x1536.jpg 1024w, https:\/\/nck.krakow.pl\/kcc\/wp-content\/uploads\/2024\/11\/3.jpg 1333w\" sizes=\"(max-width: 682px) 100vw, 682px\" \/><\/a><\/figure>\n\n\n\n<figure class=\"wp-block-image size-large\"><a href=\"https:\/\/nck.krakow.pl\/kcc\/wp-content\/uploads\/2024\/11\/2.jpg\"><img loading=\"lazy\" decoding=\"async\" width=\"2000\" height=\"1333\" data-id=\"7880\" src=\"https:\/\/nck.krakow.pl\/kcc\/wp-content\/uploads\/2024\/11\/2-1024x682.jpg\" alt=\"\" class=\"wp-image-7880\" srcset=\"https:\/\/nck.krakow.pl\/kcc\/wp-content\/uploads\/2024\/11\/2-1024x682.jpg 1024w, https:\/\/nck.krakow.pl\/kcc\/wp-content\/uploads\/2024\/11\/2-300x200.jpg 300w, https:\/\/nck.krakow.pl\/kcc\/wp-content\/uploads\/2024\/11\/2-768x512.jpg 768w, https:\/\/nck.krakow.pl\/kcc\/wp-content\/uploads\/2024\/11\/2-1536x1024.jpg 1536w, https:\/\/nck.krakow.pl\/kcc\/wp-content\/uploads\/2024\/11\/2.jpg 2000w\" sizes=\"(max-width: 2000px) 100vw, 2000px\" \/><\/a><\/figure>\n<\/figure>\n\n\n\n<div style=\"height:100px\" aria-hidden=\"true\" class=\"wp-block-spacer\"><\/div>\n\n\n\n<p><strong>Performans \u201eGdzie jest matka\u201d<\/strong><strong><\/strong><\/p>\n\n\n\n<p>26 maja 2024 roku odby\u0142 si\u0119 performans \u201cGdzie jest matka\u201d, b\u0119d\u0105cy pierwsz\u0105 publiczn\u0105 ods\u0142on\u0105 aktywno\u015bci Matek w ruchu. Na mocy wcze\u015bniejszych laboratori\u00f3w i ich powolnego procesu, performans dotyczy\u0142 wczesnego macierzy\u0144stwa oraz pami\u0119ci o tym trudnym i jednocze\u015bnie euforycznym etapie, kontekstu spo\u0142ecznego i niewidzialno\u015bci matek oraz wyj\u0105tkowych jako\u015bci takich jak si\u0142a, dojrza\u0142o\u015b\u0107, elastyczno\u015b\u0107, ujawniaj\u0105cych si\u0119 w macierzy\u0144stwie.&nbsp;<\/p>\n\n\n\n<p><a href=\"https:\/\/nck.krakow.pl\/kcc\/blog\/performans-i-spotkanie-gdzie-jest-matka-w-ramach-projektu-matki-w-ruchu\/\"><strong>WI\u0118CEJ INFORMACJI<\/strong><\/a><\/p>\n\n\n\n<figure class=\"wp-block-gallery has-nested-images columns-default is-cropped wp-block-gallery-2 is-layout-flex wp-block-gallery-is-layout-flex\">\n<figure class=\"wp-block-image size-large\"><a href=\"https:\/\/nck.krakow.pl\/kcc\/wp-content\/uploads\/2024\/11\/4.jpg\"><img loading=\"lazy\" decoding=\"async\" width=\"1024\" height=\"682\" data-id=\"7889\" src=\"https:\/\/nck.krakow.pl\/kcc\/wp-content\/uploads\/2024\/11\/4-1024x682.jpg\" alt=\"\" class=\"wp-image-7889\" srcset=\"https:\/\/nck.krakow.pl\/kcc\/wp-content\/uploads\/2024\/11\/4-1024x682.jpg 1024w, https:\/\/nck.krakow.pl\/kcc\/wp-content\/uploads\/2024\/11\/4-300x200.jpg 300w, https:\/\/nck.krakow.pl\/kcc\/wp-content\/uploads\/2024\/11\/4-768x512.jpg 768w, https:\/\/nck.krakow.pl\/kcc\/wp-content\/uploads\/2024\/11\/4-1536x1024.jpg 1536w, https:\/\/nck.krakow.pl\/kcc\/wp-content\/uploads\/2024\/11\/4.jpg 2000w\" sizes=\"(max-width: 1024px) 100vw, 1024px\" \/><\/a><\/figure>\n\n\n\n<figure class=\"wp-block-image size-large\"><a href=\"https:\/\/nck.krakow.pl\/kcc\/wp-content\/uploads\/2024\/11\/5.jpg\"><img loading=\"lazy\" decoding=\"async\" width=\"1024\" height=\"682\" data-id=\"7884\" src=\"https:\/\/nck.krakow.pl\/kcc\/wp-content\/uploads\/2024\/11\/5-1024x682.jpg\" alt=\"\" class=\"wp-image-7884\" srcset=\"https:\/\/nck.krakow.pl\/kcc\/wp-content\/uploads\/2024\/11\/5-1024x682.jpg 1024w, https:\/\/nck.krakow.pl\/kcc\/wp-content\/uploads\/2024\/11\/5-300x200.jpg 300w, https:\/\/nck.krakow.pl\/kcc\/wp-content\/uploads\/2024\/11\/5-768x512.jpg 768w, https:\/\/nck.krakow.pl\/kcc\/wp-content\/uploads\/2024\/11\/5-1536x1024.jpg 1536w, https:\/\/nck.krakow.pl\/kcc\/wp-content\/uploads\/2024\/11\/5.jpg 2000w\" sizes=\"(max-width: 1024px) 100vw, 1024px\" \/><\/a><\/figure>\n\n\n\n<figure class=\"wp-block-image size-large\"><a href=\"https:\/\/nck.krakow.pl\/kcc\/wp-content\/uploads\/2024\/11\/6.jpg\"><img loading=\"lazy\" decoding=\"async\" width=\"1024\" height=\"682\" data-id=\"7886\" src=\"https:\/\/nck.krakow.pl\/kcc\/wp-content\/uploads\/2024\/11\/6-1024x682.jpg\" alt=\"\" class=\"wp-image-7886\" srcset=\"https:\/\/nck.krakow.pl\/kcc\/wp-content\/uploads\/2024\/11\/6-1024x682.jpg 1024w, https:\/\/nck.krakow.pl\/kcc\/wp-content\/uploads\/2024\/11\/6-300x200.jpg 300w, https:\/\/nck.krakow.pl\/kcc\/wp-content\/uploads\/2024\/11\/6-768x512.jpg 768w, https:\/\/nck.krakow.pl\/kcc\/wp-content\/uploads\/2024\/11\/6-1536x1024.jpg 1536w, https:\/\/nck.krakow.pl\/kcc\/wp-content\/uploads\/2024\/11\/6.jpg 2000w\" sizes=\"(max-width: 1024px) 100vw, 1024px\" \/><\/a><\/figure>\n\n\n\n<figure class=\"wp-block-image size-large\"><a href=\"https:\/\/nck.krakow.pl\/kcc\/wp-content\/uploads\/2024\/11\/7.jpg\"><img loading=\"lazy\" decoding=\"async\" width=\"1024\" height=\"682\" data-id=\"7890\" src=\"https:\/\/nck.krakow.pl\/kcc\/wp-content\/uploads\/2024\/11\/7-1024x682.jpg\" alt=\"\" class=\"wp-image-7890\" srcset=\"https:\/\/nck.krakow.pl\/kcc\/wp-content\/uploads\/2024\/11\/7-1024x682.jpg 1024w, https:\/\/nck.krakow.pl\/kcc\/wp-content\/uploads\/2024\/11\/7-300x200.jpg 300w, https:\/\/nck.krakow.pl\/kcc\/wp-content\/uploads\/2024\/11\/7-768x512.jpg 768w, https:\/\/nck.krakow.pl\/kcc\/wp-content\/uploads\/2024\/11\/7-1536x1024.jpg 1536w, https:\/\/nck.krakow.pl\/kcc\/wp-content\/uploads\/2024\/11\/7.jpg 2000w\" sizes=\"(max-width: 1024px) 100vw, 1024px\" \/><\/a><\/figure>\n\n\n\n<figure class=\"wp-block-image size-large\"><a href=\"https:\/\/nck.krakow.pl\/kcc\/wp-content\/uploads\/2024\/11\/8.jpg\"><img loading=\"lazy\" decoding=\"async\" width=\"1024\" height=\"682\" data-id=\"7883\" src=\"https:\/\/nck.krakow.pl\/kcc\/wp-content\/uploads\/2024\/11\/8-1024x682.jpg\" alt=\"\" class=\"wp-image-7883\" srcset=\"https:\/\/nck.krakow.pl\/kcc\/wp-content\/uploads\/2024\/11\/8-1024x682.jpg 1024w, https:\/\/nck.krakow.pl\/kcc\/wp-content\/uploads\/2024\/11\/8-300x200.jpg 300w, https:\/\/nck.krakow.pl\/kcc\/wp-content\/uploads\/2024\/11\/8-768x512.jpg 768w, https:\/\/nck.krakow.pl\/kcc\/wp-content\/uploads\/2024\/11\/8-1536x1024.jpg 1536w, https:\/\/nck.krakow.pl\/kcc\/wp-content\/uploads\/2024\/11\/8.jpg 2000w\" sizes=\"(max-width: 1024px) 100vw, 1024px\" \/><\/a><\/figure>\n\n\n\n<figure class=\"wp-block-image size-large\"><a href=\"https:\/\/nck.krakow.pl\/kcc\/wp-content\/uploads\/2024\/11\/9.jpg\"><img loading=\"lazy\" decoding=\"async\" width=\"1024\" height=\"682\" data-id=\"7885\" src=\"https:\/\/nck.krakow.pl\/kcc\/wp-content\/uploads\/2024\/11\/9-1024x682.jpg\" alt=\"\" class=\"wp-image-7885\" srcset=\"https:\/\/nck.krakow.pl\/kcc\/wp-content\/uploads\/2024\/11\/9-1024x682.jpg 1024w, https:\/\/nck.krakow.pl\/kcc\/wp-content\/uploads\/2024\/11\/9-300x200.jpg 300w, https:\/\/nck.krakow.pl\/kcc\/wp-content\/uploads\/2024\/11\/9-768x512.jpg 768w, https:\/\/nck.krakow.pl\/kcc\/wp-content\/uploads\/2024\/11\/9-1536x1024.jpg 1536w, https:\/\/nck.krakow.pl\/kcc\/wp-content\/uploads\/2024\/11\/9.jpg 2000w\" sizes=\"(max-width: 1024px) 100vw, 1024px\" \/><\/a><\/figure>\n<\/figure>\n\n\n\n<div style=\"height:100px\" aria-hidden=\"true\" class=\"wp-block-spacer\"><\/div>\n\n\n\n<p><strong>Podcast<\/strong><\/p>\n\n\n\n<p>Matki w ruchu to r\u00f3wnie\u017c podcast* prowadzony przez Barbar\u0119 Wysocza\u0144sk\u0105-Grochal. Gospodyni podcastu zaprasza do rozm\u00f3w matki pracuj\u0105ce w obszarze ta\u0144ca i choreografii do podzielenia si\u0119 swoj\u0105 perspektyw\u0105 dotycz\u0105c\u0105 zar\u00f3wno macierzy\u0144stwa, jak i pracy artystycznej oraz (nie)mo\u017cliwo\u015bci \u0142\u0105czenia tych dw\u00f3ch obszar\u00f3w.<\/p>\n\n\n\n<p><strong><a href=\"https:\/\/open.spotify.com\/episode\/1JRlhRoQ4mIGAHte3t8Gvf\" target=\"_blank\" rel=\"noreferrer noopener\">Podcast Matka w ruchu na Spotify<\/a><\/strong><\/p>\n\n\n\n<div style=\"height:100px\" aria-hidden=\"true\" class=\"wp-block-spacer\"><\/div>\n\n\n\n<p><strong>Film \u201eGdzie jest matka\u201d<\/strong><\/p>\n\n\n\n<p>Pog\u0142\u0119bione badanie stan\u00f3w i emocji towarzysz\u0105cych macierzy\u0144stwu oraz ch\u0119\u0107 uchwycenia, zatrzymania wybranych moment\u00f3w doprowadzi\u0142y do produkcji filmowej*. Recyklinguj\u0105c rozwi\u0105zania choreograficzne przy jednoczesnym poszerzeniu mo\u017cliwo\u015bci jakie daje oko kamery, powsta\u0142 film o takim samym tytule jak wcze\u015bniejszy performans, czyli \u201cGdzie jest matka\u201d. Premiera produkcji odb\u0119dzie si\u0119 28 listopada 2024 r. w Kinie Paradox w Krakowie w ramach 4. edycji Tanecznych Short\u00f3w, zaprogramowanych przez Matki w ruchu.<\/p>\n\n\n\n<p><strong>choreografia i interpretacja<\/strong>: Matki w ruchu (Agnieszka Bara\u0144ska-Kozik, Ma\u0142gorzata Werbi\u0144ska-Wojciechowska, Monika W\u0119grzynowicz, Katarzyna W\u0119glowska-Jamroz, Barbara Wysocza\u0144ska-Grochal)<\/p>\n\n\n\n<p><strong>scenariusz, re\u017cyseria<\/strong>: Barbara Wysocza\u0144ska-Grochal<\/p>\n\n\n\n<p><strong>wsp\u00f3\u0142praca re\u017cyserska, zdj\u0119cia, monta\u017c, korekcja barwna<\/strong>: Wojciech Kozakiewicz<\/p>\n\n\n\n<p><strong>glitch<\/strong>: Grzegorz Kaliszuk<\/p>\n\n\n\n<p><strong>muzyka<\/strong>: Wojciech Kiwer<\/p>\n\n\n\n<p><strong>audiodeskrypcja<\/strong>: Katarzyna Peplinska-Pietrzak<\/p>\n\n\n\n<p><strong>kostiumy<\/strong>: Monika W\u0119grzynowicz<\/p>\n\n\n\n<p><strong>produkcja<\/strong>: Agnieszka Bara\u0144ska-Kozik (Krakowskie Centrum Choreograficzne &#8211; Nowohuckie Centrum Kultury)<\/p>\n\n\n\n<p>specjalne podzi\u0119kowania dla Zofii Karpowicz, Justyny Pisarek, Beatrycze Bem, Marty Muranowicz<\/p>\n\n\n\n<div style=\"height:25px\" aria-hidden=\"true\" class=\"wp-block-spacer\"><\/div>\n\n\n\n<p><strong><a href=\"https:\/\/tinyurl.com\/y9tfh2xy\" target=\"_blank\" rel=\"noreferrer noopener nofollow\">ZOBACZ FILM<\/a><\/strong><\/p>\n\n\n\n<p><strong><a href=\"https:\/\/tinyurl.com\/mry4mff3\" target=\"_blank\" rel=\"noreferrer noopener nofollow\">ZOBACZ FILM Z AUDIODESKRYPCJ\u0104<\/a><\/strong><\/p>\n\n\n\n<div style=\"height:25px\" aria-hidden=\"true\" class=\"wp-block-spacer\"><\/div>\n\n\n\n<figure class=\"wp-block-image size-large\"><img loading=\"lazy\" decoding=\"async\" width=\"1024\" height=\"463\" src=\"https:\/\/nck.krakow.pl\/kcc\/wp-content\/uploads\/2024\/11\/gdzie-matka_KCC-wpis-2-1024x463.jpg\" alt=\"\" class=\"wp-image-7947\" srcset=\"https:\/\/nck.krakow.pl\/kcc\/wp-content\/uploads\/2024\/11\/gdzie-matka_KCC-wpis-2-1024x463.jpg 1024w, https:\/\/nck.krakow.pl\/kcc\/wp-content\/uploads\/2024\/11\/gdzie-matka_KCC-wpis-2-300x136.jpg 300w, https:\/\/nck.krakow.pl\/kcc\/wp-content\/uploads\/2024\/11\/gdzie-matka_KCC-wpis-2-768x347.jpg 768w, https:\/\/nck.krakow.pl\/kcc\/wp-content\/uploads\/2024\/11\/gdzie-matka_KCC-wpis-2-1536x694.jpg 1536w, https:\/\/nck.krakow.pl\/kcc\/wp-content\/uploads\/2024\/11\/gdzie-matka_KCC-wpis-2-830x375.jpg 830w, https:\/\/nck.krakow.pl\/kcc\/wp-content\/uploads\/2024\/11\/gdzie-matka_KCC-wpis-2.jpg 1729w\" sizes=\"(max-width: 1024px) 100vw, 1024px\" \/><\/figure>\n\n\n\n<div style=\"height:50px\" aria-hidden=\"true\" class=\"wp-block-spacer\"><\/div>\n\n\n\n<p><strong>Projekt \u201eMATKI W RUCHU vol.2\u201d \/ cykl warsztat\u00f3w<\/strong><\/p>\n\n\n\n<p>\u201eMATKI W RUCHU vol.2\u201d to interdyscyplinarny projekt, kt\u00f3ry wyrasta z potrzeby widoczno\u015bci, wsparcia i wsp\u00f3\u0142obecno\u015bci. Skierowany jest w szczeg\u00f3lno\u015bci do kobiet, kt\u00f3re \u0142\u0105cz\u0105 macierzy\u0144stwo z tw\u00f3rczo\u015bci\u0105 \u2013 do matek, artystek, tancerek, ale te\u017c do wszystkich, chc\u0105cych odnale\u017a\u0107 w ruchu spos\u00f3b na bycie bli\u017cej siebie. Projekt \u0142\u0105czy dzia\u0142ania artystyczne, edukacyjne i spo\u0142eczne, odpowiadaj\u0105c na codzienne wyzwania zwi\u0105zane z opiek\u0105, prac\u0105 i rozwojem osobistym. Tworzy przestrze\u0144, w kt\u00f3rej mo\u017cna si\u0119 zatrzyma\u0107, pos\u0142ucha\u0107, podzieli\u0107 do\u015bwiadczeniem i czerpa\u0107 z obecno\u015bci innych kobiet.<\/p>\n\n\n\n<p>Cyklem wydarze\u0144 otwieraj\u0105cym projekt MATKI W RUCHU vol.2 s\u0105 <a href=\"https:\/\/nck.krakow.pl\/kcc\/blog\/matki-w-ruchu-otwarte-warsztaty\/\">warsztaty ruchowe<\/a> dla wszystkich kobiet-matek \u2013 bez presji, bez ocen, z mo\u017cliwo\u015bci\u0105 opieki nad dzieckiem podczas zaj\u0119\u0107. Spotkania dedykowane s\u0105 mamom, kt\u00f3re chc\u0105 zatrzyma\u0107 si\u0119 na chwil\u0119, poczu\u0107 swoje cia\u0142o i poby\u0107 w uwa\u017cnym ruchu. Warsztaty \u0142\u0105cz\u0105 taniec, rozmow\u0119 i odrobin\u0119 teorii, tworz\u0105c przestrze\u0144 troski o siebie i swobodnej wymiany do\u015bwiadcze\u0144 macierzy\u0144stwa. Nie trzeba mie\u0107 do\u015bwiadczenia w ruchu \u2013 wystarczy ch\u0119\u0107, by si\u0119 poruszy\u0107 i spotka\u0107 z innymi kobietami. 10 spotka\u0144 ruchowych dla mam zaj\u0119cia poprowadz\u0105: Barbara Wysocza\u0144ska-Grochal, Monika W\u0119grzynowicz&nbsp;i&nbsp;Anna Grobelny.<\/p>\n\n\n\n<p>Punktem odniesienia dla ca\u0142ego projektu jest film choreograficzny \u201eGdzie jest matka\u201d w re\u017cyserii&nbsp;Barbary Wysocza\u0144skiej-Grochal&nbsp;\u2013 poruszaj\u0105ca opowie\u015b\u0107 o ciele, relacjach i emocjach towarzysz\u0105cych macierzy\u0144stwu.<\/p>\n\n\n\n<p><strong><u><a href=\"https:\/\/nck.krakow.pl\/kcc\/blog\/matki-w-ruchu-otwarte-warsztaty\/\">WI\u0118CEJ INFORMACJI O CYKLU WARSZTAT\u00d3W<\/a><\/u><\/strong><\/p>\n\n\n\n<p><strong><u><a href=\"https:\/\/crushontrash.com\/matki-w-ruchu-vol-2\/\" target=\"_blank\" rel=\"noreferrer noopener\">WI\u0118CEJ INFORMACJI O PROJEKCIE MATKI W RUCHU vol.2<\/a><\/u><\/strong>\u00a0<\/p>\n\n\n\n<p><br>*Sfinansowane przez Uni\u0119 Europejsk\u0105 NextGenerationEU.<\/p>\n\n\n\n<figure class=\"wp-block-image size-large is-resized\"><img loading=\"lazy\" decoding=\"async\" width=\"1024\" height=\"131\" src=\"https:\/\/nck.krakow.pl\/kcc\/wp-content\/uploads\/2024\/11\/KPO_barwy-RP_NextGenerationEU_poziom_zestawienie_podstawowe_-RGB-1024x131.jpg\" alt=\"\" class=\"wp-image-7876\" style=\"width:624px;height:auto\" srcset=\"https:\/\/nck.krakow.pl\/kcc\/wp-content\/uploads\/2024\/11\/KPO_barwy-RP_NextGenerationEU_poziom_zestawienie_podstawowe_-RGB-1024x131.jpg 1024w, https:\/\/nck.krakow.pl\/kcc\/wp-content\/uploads\/2024\/11\/KPO_barwy-RP_NextGenerationEU_poziom_zestawienie_podstawowe_-RGB-300x38.jpg 300w, https:\/\/nck.krakow.pl\/kcc\/wp-content\/uploads\/2024\/11\/KPO_barwy-RP_NextGenerationEU_poziom_zestawienie_podstawowe_-RGB-768x98.jpg 768w, https:\/\/nck.krakow.pl\/kcc\/wp-content\/uploads\/2024\/11\/KPO_barwy-RP_NextGenerationEU_poziom_zestawienie_podstawowe_-RGB-1536x197.jpg 1536w, https:\/\/nck.krakow.pl\/kcc\/wp-content\/uploads\/2024\/11\/KPO_barwy-RP_NextGenerationEU_poziom_zestawienie_podstawowe_-RGB-2048x262.jpg 2048w\" sizes=\"(max-width: 1024px) 100vw, 1024px\" \/><\/figure>\n\n\n\n<div style=\"height:50px\" aria-hidden=\"true\" class=\"wp-block-spacer\"><\/div>\n\n\n\n<p>fot. Beatrycze Bem, grafika: Zofia Karpowicz<\/p>\n","protected":false},"excerpt":{"rendered":"<p>Matki w ruchu to projekt, kt\u00f3ry bada temat macierzy\u0144stwa przek\u0142adaj\u0105c go na j\u0119zyk choreografii, ruchu, cia\u0142a. G\u0142\u00f3wnym celem Matek jest wzajemne wsparcie i uciele\u015bnienie macierzy\u0144stwa w bezpiecznej przestrzeni, stawiaj\u0105c na proces i brak presji.&nbsp; Projekt jest r\u00f3wnie\u017c przestrzeni\u0105 bez sztywnych ram, p\u0142aszczyzn\u0105 dla r\u00f3\u017cnych potrzeb artystycznych i badawczych zwi\u0105zanych z macierzy\u0144stwem. Jest elastyczny tak samo [&hellip;]<\/p>\n","protected":false},"author":5,"featured_media":0,"parent":0,"menu_order":0,"comment_status":"closed","ping_status":"closed","template":"","meta":{"footnotes":""},"class_list":["post-7879","page","type-page","status-publish","hentry"],"yoast_head":"<!-- This site is optimized with the Yoast SEO plugin v19.12 - https:\/\/yoast.com\/wordpress\/plugins\/seo\/ -->\n<title>Matki w ruchu - Krakowskie Centrum Choreograficzne<\/title>\n<meta name=\"robots\" content=\"index, follow, max-snippet:-1, max-image-preview:large, max-video-preview:-1\" \/>\n<link rel=\"canonical\" href=\"https:\/\/nck.krakow.pl\/kcc\/matki-w-ruchu\/\" \/>\n<meta property=\"og:locale\" content=\"pl_PL\" \/>\n<meta property=\"og:type\" content=\"article\" \/>\n<meta property=\"og:title\" content=\"Matki w ruchu - Krakowskie Centrum Choreograficzne\" \/>\n<meta property=\"og:description\" content=\"Matki w ruchu to projekt, kt\u00f3ry bada temat macierzy\u0144stwa przek\u0142adaj\u0105c go na j\u0119zyk choreografii, ruchu, cia\u0142a. G\u0142\u00f3wnym celem Matek jest wzajemne wsparcie i uciele\u015bnienie macierzy\u0144stwa w bezpiecznej przestrzeni, stawiaj\u0105c na proces i brak presji.&nbsp; Projekt jest r\u00f3wnie\u017c przestrzeni\u0105 bez sztywnych ram, p\u0142aszczyzn\u0105 dla r\u00f3\u017cnych potrzeb artystycznych i badawczych zwi\u0105zanych z macierzy\u0144stwem. Jest elastyczny tak samo [&hellip;]\" \/>\n<meta property=\"og:url\" content=\"https:\/\/nck.krakow.pl\/kcc\/matki-w-ruchu\/\" \/>\n<meta property=\"og:site_name\" content=\"Krakowskie Centrum Choreograficzne\" \/>\n<meta property=\"article:modified_time\" content=\"2025-12-04T12:51:08+00:00\" \/>\n<meta property=\"og:image\" content=\"https:\/\/nck.krakow.pl\/kcc\/wp-content\/uploads\/2024\/11\/1-1024x682.jpg\" \/>\n<meta name=\"twitter:card\" content=\"summary_large_image\" \/>\n<meta name=\"twitter:label1\" content=\"Est. reading time\" \/>\n\t<meta name=\"twitter:data1\" content=\"7 minut\" \/>\n<script type=\"application\/ld+json\" class=\"yoast-schema-graph\">{\"@context\":\"https:\/\/schema.org\",\"@graph\":[{\"@type\":\"WebPage\",\"@id\":\"https:\/\/nck.krakow.pl\/kcc\/matki-w-ruchu\/\",\"url\":\"https:\/\/nck.krakow.pl\/kcc\/matki-w-ruchu\/\",\"name\":\"Matki w ruchu - Krakowskie Centrum Choreograficzne\",\"isPartOf\":{\"@id\":\"https:\/\/nck.krakow.pl\/kcc\/#website\"},\"datePublished\":\"2024-11-06T14:29:17+00:00\",\"dateModified\":\"2025-12-04T12:51:08+00:00\",\"breadcrumb\":{\"@id\":\"https:\/\/nck.krakow.pl\/kcc\/matki-w-ruchu\/#breadcrumb\"},\"inLanguage\":\"pl-PL\",\"potentialAction\":[{\"@type\":\"ReadAction\",\"target\":[\"https:\/\/nck.krakow.pl\/kcc\/matki-w-ruchu\/\"]}]},{\"@type\":\"BreadcrumbList\",\"@id\":\"https:\/\/nck.krakow.pl\/kcc\/matki-w-ruchu\/#breadcrumb\",\"itemListElement\":[{\"@type\":\"ListItem\",\"position\":1,\"name\":\"Strona g\u0142\u00f3wna\",\"item\":\"https:\/\/nck.krakow.pl\/kcc\/\"},{\"@type\":\"ListItem\",\"position\":2,\"name\":\"Matki w ruchu\"}]},{\"@type\":\"WebSite\",\"@id\":\"https:\/\/nck.krakow.pl\/kcc\/#website\",\"url\":\"https:\/\/nck.krakow.pl\/kcc\/\",\"name\":\"Krakowskie Centrum Choreograficzne\",\"description\":\"\",\"publisher\":{\"@id\":\"https:\/\/nck.krakow.pl\/kcc\/#organization\"},\"potentialAction\":[{\"@type\":\"SearchAction\",\"target\":{\"@type\":\"EntryPoint\",\"urlTemplate\":\"https:\/\/nck.krakow.pl\/kcc\/?s={search_term_string}\"},\"query-input\":\"required name=search_term_string\"}],\"inLanguage\":\"pl-PL\"},{\"@type\":\"Organization\",\"@id\":\"https:\/\/nck.krakow.pl\/kcc\/#organization\",\"name\":\"Krakowskie Centrum Choreograficzne\",\"url\":\"https:\/\/nck.krakow.pl\/kcc\/\",\"logo\":{\"@type\":\"ImageObject\",\"inLanguage\":\"pl-PL\",\"@id\":\"https:\/\/nck.krakow.pl\/kcc\/#\/schema\/logo\/image\/\",\"url\":\"https:\/\/nck.krakow.pl\/kcc\/wp-content\/uploads\/2020\/01\/cropped-logo-kcc-2020.png\",\"contentUrl\":\"https:\/\/nck.krakow.pl\/kcc\/wp-content\/uploads\/2020\/01\/cropped-logo-kcc-2020.png\",\"width\":116,\"height\":55,\"caption\":\"Krakowskie Centrum Choreograficzne\"},\"image\":{\"@id\":\"https:\/\/nck.krakow.pl\/kcc\/#\/schema\/logo\/image\/\"}}]}<\/script>\n<!-- \/ Yoast SEO plugin. -->","yoast_head_json":{"title":"Matki w ruchu - Krakowskie Centrum Choreograficzne","robots":{"index":"index","follow":"follow","max-snippet":"max-snippet:-1","max-image-preview":"max-image-preview:large","max-video-preview":"max-video-preview:-1"},"canonical":"https:\/\/nck.krakow.pl\/kcc\/matki-w-ruchu\/","og_locale":"pl_PL","og_type":"article","og_title":"Matki w ruchu - Krakowskie Centrum Choreograficzne","og_description":"Matki w ruchu to projekt, kt\u00f3ry bada temat macierzy\u0144stwa przek\u0142adaj\u0105c go na j\u0119zyk choreografii, ruchu, cia\u0142a. G\u0142\u00f3wnym celem Matek jest wzajemne wsparcie i uciele\u015bnienie macierzy\u0144stwa w bezpiecznej przestrzeni, stawiaj\u0105c na proces i brak presji.&nbsp; Projekt jest r\u00f3wnie\u017c przestrzeni\u0105 bez sztywnych ram, p\u0142aszczyzn\u0105 dla r\u00f3\u017cnych potrzeb artystycznych i badawczych zwi\u0105zanych z macierzy\u0144stwem. Jest elastyczny tak samo [&hellip;]","og_url":"https:\/\/nck.krakow.pl\/kcc\/matki-w-ruchu\/","og_site_name":"Krakowskie Centrum Choreograficzne","article_modified_time":"2025-12-04T12:51:08+00:00","og_image":[{"url":"https:\/\/nck.krakow.pl\/kcc\/wp-content\/uploads\/2024\/11\/1-1024x682.jpg"}],"twitter_card":"summary_large_image","twitter_misc":{"Est. reading time":"7 minut"},"schema":{"@context":"https:\/\/schema.org","@graph":[{"@type":"WebPage","@id":"https:\/\/nck.krakow.pl\/kcc\/matki-w-ruchu\/","url":"https:\/\/nck.krakow.pl\/kcc\/matki-w-ruchu\/","name":"Matki w ruchu - Krakowskie Centrum Choreograficzne","isPartOf":{"@id":"https:\/\/nck.krakow.pl\/kcc\/#website"},"datePublished":"2024-11-06T14:29:17+00:00","dateModified":"2025-12-04T12:51:08+00:00","breadcrumb":{"@id":"https:\/\/nck.krakow.pl\/kcc\/matki-w-ruchu\/#breadcrumb"},"inLanguage":"pl-PL","potentialAction":[{"@type":"ReadAction","target":["https:\/\/nck.krakow.pl\/kcc\/matki-w-ruchu\/"]}]},{"@type":"BreadcrumbList","@id":"https:\/\/nck.krakow.pl\/kcc\/matki-w-ruchu\/#breadcrumb","itemListElement":[{"@type":"ListItem","position":1,"name":"Strona g\u0142\u00f3wna","item":"https:\/\/nck.krakow.pl\/kcc\/"},{"@type":"ListItem","position":2,"name":"Matki w ruchu"}]},{"@type":"WebSite","@id":"https:\/\/nck.krakow.pl\/kcc\/#website","url":"https:\/\/nck.krakow.pl\/kcc\/","name":"Krakowskie Centrum Choreograficzne","description":"","publisher":{"@id":"https:\/\/nck.krakow.pl\/kcc\/#organization"},"potentialAction":[{"@type":"SearchAction","target":{"@type":"EntryPoint","urlTemplate":"https:\/\/nck.krakow.pl\/kcc\/?s={search_term_string}"},"query-input":"required name=search_term_string"}],"inLanguage":"pl-PL"},{"@type":"Organization","@id":"https:\/\/nck.krakow.pl\/kcc\/#organization","name":"Krakowskie Centrum Choreograficzne","url":"https:\/\/nck.krakow.pl\/kcc\/","logo":{"@type":"ImageObject","inLanguage":"pl-PL","@id":"https:\/\/nck.krakow.pl\/kcc\/#\/schema\/logo\/image\/","url":"https:\/\/nck.krakow.pl\/kcc\/wp-content\/uploads\/2020\/01\/cropped-logo-kcc-2020.png","contentUrl":"https:\/\/nck.krakow.pl\/kcc\/wp-content\/uploads\/2020\/01\/cropped-logo-kcc-2020.png","width":116,"height":55,"caption":"Krakowskie Centrum Choreograficzne"},"image":{"@id":"https:\/\/nck.krakow.pl\/kcc\/#\/schema\/logo\/image\/"}}]}},"_links":{"self":[{"href":"https:\/\/nck.krakow.pl\/kcc\/wp-json\/wp\/v2\/pages\/7879"}],"collection":[{"href":"https:\/\/nck.krakow.pl\/kcc\/wp-json\/wp\/v2\/pages"}],"about":[{"href":"https:\/\/nck.krakow.pl\/kcc\/wp-json\/wp\/v2\/types\/page"}],"author":[{"embeddable":true,"href":"https:\/\/nck.krakow.pl\/kcc\/wp-json\/wp\/v2\/users\/5"}],"replies":[{"embeddable":true,"href":"https:\/\/nck.krakow.pl\/kcc\/wp-json\/wp\/v2\/comments?post=7879"}],"version-history":[{"count":20,"href":"https:\/\/nck.krakow.pl\/kcc\/wp-json\/wp\/v2\/pages\/7879\/revisions"}],"predecessor-version":[{"id":8527,"href":"https:\/\/nck.krakow.pl\/kcc\/wp-json\/wp\/v2\/pages\/7879\/revisions\/8527"}],"wp:attachment":[{"href":"https:\/\/nck.krakow.pl\/kcc\/wp-json\/wp\/v2\/media?parent=7879"}],"curies":[{"name":"wp","href":"https:\/\/api.w.org\/{rel}","templated":true}]}}