{"id":6182,"date":"2022-06-28T07:16:43","date_gmt":"2022-06-28T07:16:43","guid":{"rendered":"https:\/\/nck.krakow.pl\/kcc\/?page_id=6182"},"modified":"2022-08-08T08:58:39","modified_gmt":"2022-08-08T08:58:39","slug":"guppy-13","status":"publish","type":"page","link":"https:\/\/nck.krakow.pl\/kcc\/krakowski-festiwal-tanca-2022\/guppy-13\/","title":{"rendered":"\u201cGuppy 13\u201d"},"content":{"rendered":"\n<figure class=\"wp-block-image size-large\"><img loading=\"lazy\" decoding=\"async\" width=\"1024\" height=\"683\" src=\"https:\/\/nck.krakow.pl\/kcc\/wp-content\/uploads\/2022\/07\/GUPPY-13-1-1024x683.jpg\" alt=\"\" class=\"wp-image-6214\" srcset=\"https:\/\/nck.krakow.pl\/kcc\/wp-content\/uploads\/2022\/07\/GUPPY-13-1-1024x683.jpg 1024w, https:\/\/nck.krakow.pl\/kcc\/wp-content\/uploads\/2022\/07\/GUPPY-13-1-300x200.jpg 300w, https:\/\/nck.krakow.pl\/kcc\/wp-content\/uploads\/2022\/07\/GUPPY-13-1-768x512.jpg 768w, https:\/\/nck.krakow.pl\/kcc\/wp-content\/uploads\/2022\/07\/GUPPY-13-1-1536x1024.jpg 1536w, https:\/\/nck.krakow.pl\/kcc\/wp-content\/uploads\/2022\/07\/GUPPY-13-1.jpg 1800w\" sizes=\"(max-width: 1024px) 100vw, 1024px\" \/><\/figure>\n\n\n\n<p><strong>PREMIERA \u201cGuppy 13\u201d &#8211; Wojtek Klimczyk, Filip Kogut, Klaudyna Schubert, Marta Wo\u0142owiec&nbsp;&nbsp;<\/strong><\/p>\n\n\n\n<p><strong>6.08 SOBOTA, 20:00, Scena NCK, bilety: 25\/35 z\u0142<\/strong><\/p>\n\n\n\n<p><strong>rozmowa z artystami_tkami, prowadzenie: Hanna Raszewska-Kursa<\/strong><\/p>\n\n\n\n<p><strong>CREDITSY PL\/ENG<\/strong><br><strong>Re\u017cyseria:<\/strong> Wojtek Klimczyk<br><strong>Choreografia:<\/strong> Marta Wo\u0142owiec<br><strong>Wyst\u0119puj\u0105:<\/strong> Marta Wo\u0142owiec, Wojtek Klimczyk, Filip Kogut<br><strong>Muzyka: <\/strong>Black Black Rooster (Wojtek Klimczyk &amp; Filip Kogut)<br><strong>\u015awiat\u0142o &amp; projekcje: <\/strong>Klaudyna Schubert<br><strong>Produkcja: <\/strong>Krakowskie Centrum Choreograficzne &#8211; Nowohuckie Centrum Kultury<\/p>\n\n\n\n<p>Mo\u017ce warto wyruszy\u0107 na morze? Mo\u017ce morze ukoi\u0107 l\u0119k mo\u017ce? Oto pytania, kt\u00f3re zadaj\u0105 sobie tw\u00f3rcy przedstawienia Guppy 13, skleconego do\u015b\u0107 nieporadnie quasi-musicalu zainspirowanego histori\u0105 i tw\u00f3rczo\u015bci\u0105 Jana Basa Adera, holenderskiego artysty uwiedzionego przez American Dream. Yvonne Rainer podkre\u015bla\u0142a, \u017ce umys\u0142 jest mi\u0119\u015bniem. Jest nim te\u017c serce, dodaj\u0105 tw\u00f3rcy. Guppy 13 to pr\u00f3ba zbadania atletyki serca w kontek\u015bcie \u017cywio\u0142u wody poddanego procesowi udomowienia. Ruchowo-muzyczny rejs, w kt\u00f3ry wyruszaj\u0105 bohaterowie przedstawienia, jest przygod\u0105 \u017ceglowania pomi\u0119dzy \u017cyciem a \u015bmierci\u0105, portem a sztormem, ziemi\u0105 i niebem. Przygoda, jak wiadomo, wzywa, wi\u0119c trzeba mie\u0107 uszy szeroko otwarte. \u017begluj, braciszku, \u017cegluj, siostrzyczko. Ahoj!<\/p>\n","protected":false},"excerpt":{"rendered":"<p>PREMIERA \u201cGuppy 13\u201d &#8211; Wojtek Klimczyk, Filip Kogut, Klaudyna Schubert, Marta Wo\u0142owiec&nbsp;&nbsp; 6.08 SOBOTA, 20:00, Scena NCK, bilety: 25\/35 z\u0142 rozmowa z artystami_tkami, prowadzenie: Hanna Raszewska-Kursa CREDITSY PL\/ENGRe\u017cyseria: Wojtek KlimczykChoreografia: Marta Wo\u0142owiecWyst\u0119puj\u0105: Marta Wo\u0142owiec, Wojtek Klimczyk, Filip KogutMuzyka: Black Black Rooster (Wojtek Klimczyk &amp; Filip Kogut)\u015awiat\u0142o &amp; projekcje: Klaudyna SchubertProdukcja: Krakowskie Centrum Choreograficzne &#8211; Nowohuckie [&hellip;]<\/p>\n","protected":false},"author":5,"featured_media":6214,"parent":5943,"menu_order":0,"comment_status":"closed","ping_status":"closed","template":"","meta":{"footnotes":""},"class_list":["post-6182","page","type-page","status-publish","has-post-thumbnail","hentry"],"yoast_head":"<!-- This site is optimized with the Yoast SEO plugin v19.12 - https:\/\/yoast.com\/wordpress\/plugins\/seo\/ -->\n<title>\u201cGuppy 13\u201d - Krakowskie Centrum Choreograficzne<\/title>\n<meta name=\"robots\" content=\"index, follow, max-snippet:-1, max-image-preview:large, max-video-preview:-1\" \/>\n<link rel=\"canonical\" href=\"https:\/\/nck.krakow.pl\/kcc\/krakowski-festiwal-tanca-2022\/guppy-13\/\" \/>\n<meta property=\"og:locale\" content=\"pl_PL\" \/>\n<meta property=\"og:type\" content=\"article\" \/>\n<meta property=\"og:title\" content=\"\u201cGuppy 13\u201d - Krakowskie Centrum Choreograficzne\" \/>\n<meta property=\"og:description\" content=\"PREMIERA \u201cGuppy 13\u201d &#8211; Wojtek Klimczyk, Filip Kogut, Klaudyna Schubert, Marta Wo\u0142owiec&nbsp;&nbsp; 6.08 SOBOTA, 20:00, Scena NCK, bilety: 25\/35 z\u0142 rozmowa z artystami_tkami, prowadzenie: Hanna Raszewska-Kursa CREDITSY PL\/ENGRe\u017cyseria: Wojtek KlimczykChoreografia: Marta Wo\u0142owiecWyst\u0119puj\u0105: Marta Wo\u0142owiec, Wojtek Klimczyk, Filip KogutMuzyka: Black Black Rooster (Wojtek Klimczyk &amp; Filip Kogut)\u015awiat\u0142o &amp; projekcje: Klaudyna SchubertProdukcja: Krakowskie Centrum Choreograficzne &#8211; Nowohuckie [&hellip;]\" \/>\n<meta property=\"og:url\" content=\"https:\/\/nck.krakow.pl\/kcc\/krakowski-festiwal-tanca-2022\/guppy-13\/\" \/>\n<meta property=\"og:site_name\" content=\"Krakowskie Centrum Choreograficzne\" \/>\n<meta property=\"article:modified_time\" content=\"2022-08-08T08:58:39+00:00\" \/>\n<meta property=\"og:image\" content=\"https:\/\/nck.krakow.pl\/kcc\/wp-content\/uploads\/2022\/07\/GUPPY-13-1.jpg\" \/>\n\t<meta property=\"og:image:width\" content=\"1800\" \/>\n\t<meta property=\"og:image:height\" content=\"1200\" \/>\n\t<meta property=\"og:image:type\" content=\"image\/jpeg\" \/>\n<meta name=\"twitter:card\" content=\"summary_large_image\" \/>\n<meta name=\"twitter:label1\" content=\"Est. reading time\" \/>\n\t<meta name=\"twitter:data1\" content=\"1 minuta\" \/>\n<script type=\"application\/ld+json\" class=\"yoast-schema-graph\">{\"@context\":\"https:\/\/schema.org\",\"@graph\":[{\"@type\":\"WebPage\",\"@id\":\"https:\/\/nck.krakow.pl\/kcc\/krakowski-festiwal-tanca-2022\/guppy-13\/\",\"url\":\"https:\/\/nck.krakow.pl\/kcc\/krakowski-festiwal-tanca-2022\/guppy-13\/\",\"name\":\"\u201cGuppy 13\u201d - Krakowskie Centrum Choreograficzne\",\"isPartOf\":{\"@id\":\"https:\/\/nck.krakow.pl\/kcc\/#website\"},\"datePublished\":\"2022-06-28T07:16:43+00:00\",\"dateModified\":\"2022-08-08T08:58:39+00:00\",\"breadcrumb\":{\"@id\":\"https:\/\/nck.krakow.pl\/kcc\/krakowski-festiwal-tanca-2022\/guppy-13\/#breadcrumb\"},\"inLanguage\":\"pl-PL\",\"potentialAction\":[{\"@type\":\"ReadAction\",\"target\":[\"https:\/\/nck.krakow.pl\/kcc\/krakowski-festiwal-tanca-2022\/guppy-13\/\"]}]},{\"@type\":\"BreadcrumbList\",\"@id\":\"https:\/\/nck.krakow.pl\/kcc\/krakowski-festiwal-tanca-2022\/guppy-13\/#breadcrumb\",\"itemListElement\":[{\"@type\":\"ListItem\",\"position\":1,\"name\":\"Strona g\u0142\u00f3wna\",\"item\":\"https:\/\/nck.krakow.pl\/kcc\/\"},{\"@type\":\"ListItem\",\"position\":2,\"name\":\"Krakowski Festiwal Ta\u0144ca 2022\",\"item\":\"https:\/\/nck.krakow.pl\/kcc\/krakowski-festiwal-tanca-2022\/\"},{\"@type\":\"ListItem\",\"position\":3,\"name\":\"\u201cGuppy 13\u201d\"}]},{\"@type\":\"WebSite\",\"@id\":\"https:\/\/nck.krakow.pl\/kcc\/#website\",\"url\":\"https:\/\/nck.krakow.pl\/kcc\/\",\"name\":\"Krakowskie Centrum Choreograficzne\",\"description\":\"\",\"publisher\":{\"@id\":\"https:\/\/nck.krakow.pl\/kcc\/#organization\"},\"potentialAction\":[{\"@type\":\"SearchAction\",\"target\":{\"@type\":\"EntryPoint\",\"urlTemplate\":\"https:\/\/nck.krakow.pl\/kcc\/?s={search_term_string}\"},\"query-input\":\"required name=search_term_string\"}],\"inLanguage\":\"pl-PL\"},{\"@type\":\"Organization\",\"@id\":\"https:\/\/nck.krakow.pl\/kcc\/#organization\",\"name\":\"Krakowskie Centrum Choreograficzne\",\"url\":\"https:\/\/nck.krakow.pl\/kcc\/\",\"logo\":{\"@type\":\"ImageObject\",\"inLanguage\":\"pl-PL\",\"@id\":\"https:\/\/nck.krakow.pl\/kcc\/#\/schema\/logo\/image\/\",\"url\":\"https:\/\/nck.krakow.pl\/kcc\/wp-content\/uploads\/2020\/01\/cropped-logo-kcc-2020.png\",\"contentUrl\":\"https:\/\/nck.krakow.pl\/kcc\/wp-content\/uploads\/2020\/01\/cropped-logo-kcc-2020.png\",\"width\":116,\"height\":55,\"caption\":\"Krakowskie Centrum Choreograficzne\"},\"image\":{\"@id\":\"https:\/\/nck.krakow.pl\/kcc\/#\/schema\/logo\/image\/\"}}]}<\/script>\n<!-- \/ Yoast SEO plugin. -->","yoast_head_json":{"title":"\u201cGuppy 13\u201d - Krakowskie Centrum Choreograficzne","robots":{"index":"index","follow":"follow","max-snippet":"max-snippet:-1","max-image-preview":"max-image-preview:large","max-video-preview":"max-video-preview:-1"},"canonical":"https:\/\/nck.krakow.pl\/kcc\/krakowski-festiwal-tanca-2022\/guppy-13\/","og_locale":"pl_PL","og_type":"article","og_title":"\u201cGuppy 13\u201d - Krakowskie Centrum Choreograficzne","og_description":"PREMIERA \u201cGuppy 13\u201d &#8211; Wojtek Klimczyk, Filip Kogut, Klaudyna Schubert, Marta Wo\u0142owiec&nbsp;&nbsp; 6.08 SOBOTA, 20:00, Scena NCK, bilety: 25\/35 z\u0142 rozmowa z artystami_tkami, prowadzenie: Hanna Raszewska-Kursa CREDITSY PL\/ENGRe\u017cyseria: Wojtek KlimczykChoreografia: Marta Wo\u0142owiecWyst\u0119puj\u0105: Marta Wo\u0142owiec, Wojtek Klimczyk, Filip KogutMuzyka: Black Black Rooster (Wojtek Klimczyk &amp; Filip Kogut)\u015awiat\u0142o &amp; projekcje: Klaudyna SchubertProdukcja: Krakowskie Centrum Choreograficzne &#8211; Nowohuckie [&hellip;]","og_url":"https:\/\/nck.krakow.pl\/kcc\/krakowski-festiwal-tanca-2022\/guppy-13\/","og_site_name":"Krakowskie Centrum Choreograficzne","article_modified_time":"2022-08-08T08:58:39+00:00","og_image":[{"width":1800,"height":1200,"url":"https:\/\/nck.krakow.pl\/kcc\/wp-content\/uploads\/2022\/07\/GUPPY-13-1.jpg","type":"image\/jpeg"}],"twitter_card":"summary_large_image","twitter_misc":{"Est. reading time":"1 minuta"},"schema":{"@context":"https:\/\/schema.org","@graph":[{"@type":"WebPage","@id":"https:\/\/nck.krakow.pl\/kcc\/krakowski-festiwal-tanca-2022\/guppy-13\/","url":"https:\/\/nck.krakow.pl\/kcc\/krakowski-festiwal-tanca-2022\/guppy-13\/","name":"\u201cGuppy 13\u201d - Krakowskie Centrum Choreograficzne","isPartOf":{"@id":"https:\/\/nck.krakow.pl\/kcc\/#website"},"datePublished":"2022-06-28T07:16:43+00:00","dateModified":"2022-08-08T08:58:39+00:00","breadcrumb":{"@id":"https:\/\/nck.krakow.pl\/kcc\/krakowski-festiwal-tanca-2022\/guppy-13\/#breadcrumb"},"inLanguage":"pl-PL","potentialAction":[{"@type":"ReadAction","target":["https:\/\/nck.krakow.pl\/kcc\/krakowski-festiwal-tanca-2022\/guppy-13\/"]}]},{"@type":"BreadcrumbList","@id":"https:\/\/nck.krakow.pl\/kcc\/krakowski-festiwal-tanca-2022\/guppy-13\/#breadcrumb","itemListElement":[{"@type":"ListItem","position":1,"name":"Strona g\u0142\u00f3wna","item":"https:\/\/nck.krakow.pl\/kcc\/"},{"@type":"ListItem","position":2,"name":"Krakowski Festiwal Ta\u0144ca 2022","item":"https:\/\/nck.krakow.pl\/kcc\/krakowski-festiwal-tanca-2022\/"},{"@type":"ListItem","position":3,"name":"\u201cGuppy 13\u201d"}]},{"@type":"WebSite","@id":"https:\/\/nck.krakow.pl\/kcc\/#website","url":"https:\/\/nck.krakow.pl\/kcc\/","name":"Krakowskie Centrum Choreograficzne","description":"","publisher":{"@id":"https:\/\/nck.krakow.pl\/kcc\/#organization"},"potentialAction":[{"@type":"SearchAction","target":{"@type":"EntryPoint","urlTemplate":"https:\/\/nck.krakow.pl\/kcc\/?s={search_term_string}"},"query-input":"required name=search_term_string"}],"inLanguage":"pl-PL"},{"@type":"Organization","@id":"https:\/\/nck.krakow.pl\/kcc\/#organization","name":"Krakowskie Centrum Choreograficzne","url":"https:\/\/nck.krakow.pl\/kcc\/","logo":{"@type":"ImageObject","inLanguage":"pl-PL","@id":"https:\/\/nck.krakow.pl\/kcc\/#\/schema\/logo\/image\/","url":"https:\/\/nck.krakow.pl\/kcc\/wp-content\/uploads\/2020\/01\/cropped-logo-kcc-2020.png","contentUrl":"https:\/\/nck.krakow.pl\/kcc\/wp-content\/uploads\/2020\/01\/cropped-logo-kcc-2020.png","width":116,"height":55,"caption":"Krakowskie Centrum Choreograficzne"},"image":{"@id":"https:\/\/nck.krakow.pl\/kcc\/#\/schema\/logo\/image\/"}}]}},"_links":{"self":[{"href":"https:\/\/nck.krakow.pl\/kcc\/wp-json\/wp\/v2\/pages\/6182"}],"collection":[{"href":"https:\/\/nck.krakow.pl\/kcc\/wp-json\/wp\/v2\/pages"}],"about":[{"href":"https:\/\/nck.krakow.pl\/kcc\/wp-json\/wp\/v2\/types\/page"}],"author":[{"embeddable":true,"href":"https:\/\/nck.krakow.pl\/kcc\/wp-json\/wp\/v2\/users\/5"}],"replies":[{"embeddable":true,"href":"https:\/\/nck.krakow.pl\/kcc\/wp-json\/wp\/v2\/comments?post=6182"}],"version-history":[{"count":4,"href":"https:\/\/nck.krakow.pl\/kcc\/wp-json\/wp\/v2\/pages\/6182\/revisions"}],"predecessor-version":[{"id":6283,"href":"https:\/\/nck.krakow.pl\/kcc\/wp-json\/wp\/v2\/pages\/6182\/revisions\/6283"}],"up":[{"embeddable":true,"href":"https:\/\/nck.krakow.pl\/kcc\/wp-json\/wp\/v2\/pages\/5943"}],"wp:featuredmedia":[{"embeddable":true,"href":"https:\/\/nck.krakow.pl\/kcc\/wp-json\/wp\/v2\/media\/6214"}],"wp:attachment":[{"href":"https:\/\/nck.krakow.pl\/kcc\/wp-json\/wp\/v2\/media?parent=6182"}],"curies":[{"name":"wp","href":"https:\/\/api.w.org\/{rel}","templated":true}]}}