{"id":6167,"date":"2022-06-28T07:07:48","date_gmt":"2022-06-28T07:07:48","guid":{"rendered":"https:\/\/nck.krakow.pl\/kcc\/?page_id=6167"},"modified":"2022-08-08T08:58:26","modified_gmt":"2022-08-08T08:58:26","slug":"cafe-muller","status":"publish","type":"page","link":"https:\/\/nck.krakow.pl\/kcc\/krakowski-festiwal-tanca-2022\/cafe-muller\/","title":{"rendered":"\u201cCaf\u00e9 M\u00fcller\u201d"},"content":{"rendered":"\n<figure class=\"wp-block-image size-large\"><img loading=\"lazy\" decoding=\"async\" width=\"1024\" height=\"683\" src=\"https:\/\/nck.krakow.pl\/kcc\/wp-content\/uploads\/2022\/06\/ZDJECIE-GLOWNE-3-1024x683.jpg\" alt=\"\" class=\"wp-image-6168\" srcset=\"https:\/\/nck.krakow.pl\/kcc\/wp-content\/uploads\/2022\/06\/ZDJECIE-GLOWNE-3-1024x683.jpg 1024w, https:\/\/nck.krakow.pl\/kcc\/wp-content\/uploads\/2022\/06\/ZDJECIE-GLOWNE-3-300x200.jpg 300w, https:\/\/nck.krakow.pl\/kcc\/wp-content\/uploads\/2022\/06\/ZDJECIE-GLOWNE-3-768x512.jpg 768w, https:\/\/nck.krakow.pl\/kcc\/wp-content\/uploads\/2022\/06\/ZDJECIE-GLOWNE-3-1536x1025.jpg 1536w, https:\/\/nck.krakow.pl\/kcc\/wp-content\/uploads\/2022\/06\/ZDJECIE-GLOWNE-3.jpg 2048w\" sizes=\"(max-width: 1024px) 100vw, 1024px\" \/><\/figure>\n\n\n\n<p><strong>\u201cCaf\u00e9 M\u00fcller\u201d &#8211; Dominik Wi\u0119cek<\/strong><\/p>\n\n\n\n<p><strong>3.08 \u015aRODA, 20:00, Studio KCC, bilety: 25\/35 z\u0142<\/strong><\/p>\n\n\n\n<p><strong>rozmowa z artystami_tkami, prowadzenie: Hanna Raszewska-Kursa<\/strong><\/p>\n\n\n\n<p><strong>Czas trwania: 40 min<\/strong><\/p>\n\n\n\n<p><strong>Koncepcja, choreografia, wykonanie: <\/strong>Dominik Wi\u0119cek<br><strong>Muzyka: <\/strong>Przemek Deg\u00f3rski<br><strong>Re\u017cyseria o\u015bwietlenia: <\/strong>Klaudia Kasperska<br><strong>Kostium: <\/strong>Nikola Fedak (projekt), System mody \/ Serafin Andrzejak (wykonane)<br><strong>Konsultacje j\u0119zykowe:<\/strong> Joanna P\u0119dzisz<br><strong>Konsultacje w zakresie sztuk walki: <\/strong>Patryk Ko\u0142odziejski<br><strong>Zdj\u0119cia: <\/strong>Maciej Nowak<br><strong>Producent: <\/strong>Centrum Kultury w Lublinie w ramach Projektu Przestrzenie Sztuki<br><strong>Wsparcie prac badawczych: <\/strong>Tanzrecherche NRW, Theater im Pumpenhaus, Tanzfaktur K\u00f6ln, Folkwang Universit\u00e4t der K\u00fcnste, Lubelski Teatr Ta\u0144ca<\/p>\n\n\n\n<figure class=\"wp-block-embed is-type-video is-provider-youtube wp-block-embed-youtube wp-embed-aspect-16-9 wp-has-aspect-ratio\"><div class=\"wp-block-embed__wrapper\">\n<iframe loading=\"lazy\" title=\"Caf\u00e9 M\u00fcller | Dominik Wi\u0119cek\" width=\"768\" height=\"432\" src=\"https:\/\/www.youtube.com\/embed\/7EyM8DFebLE?feature=oembed\" frameborder=\"0\" allow=\"accelerometer; autoplay; clipboard-write; encrypted-media; gyroscope; picture-in-picture\" allowfullscreen><\/iframe>\n<\/div><\/figure>\n\n\n\n<p>Caf\u00e9 M\u00fcller to oryginalnie tytu\u0142 wieczoru sk\u0142adaj\u0105cego si\u0119 prac czterech choreograf\u00f3w. Tw\u00f3rcy wsp\u00f3lnie ustalili, \u017ce ka\u017cdy z nich stworzy spektakl, zawieraj\u0105cy nast\u0119puj\u0105ce elementy: kawiarnia, ciemno\u015b\u0107, kto\u015b upada, kto\u015b podnosi, wchodzi ruda kobieta, wszystko milknie. Caf\u00e9 M\u00fcller Piny Bausch to opowie\u015b\u0107 o samotno\u015bci, odosobnieniu, nieodwzajemnionej mi\u0142o\u015bci, \u017ca\u0142obie i rozpaczy. Spektakl ikoniczny, poruszaj\u0105cy, wyj\u0105tkowy. Dla mnie &#8211; po prostu genialny. Moje Caf\u00e9 M\u00fcller, to fanficiton. W oparciu o ju\u017c istniej\u0105cy spektakl, jego \u015bwiat i postacie, tworz\u0119 obrazy nawi\u0105zuj\u0105ce do w\u0142asnej historii. Urodzony w Iserlohn w Niemczech, a wychowany w Polsce, od jakiego\u015b czasu zadaj\u0119 sobie pytanie: co by by\u0142o, gdyby moi rodzice nie podj\u0119li decyzji o powrocie do kraju? Poszukuj\u0105c odpowiedzi puszcza\u0142em wodze fantazji i tworzy\u0142em hipotetyczne scenariusze. Spektakl nie jest jednak opowie\u015bci\u0105, o tym co mog\u0142o si\u0119 wydarzy\u0107. To nie pr\u00f3ba stworzenia alternatywnego \u017cyciorysu, a podzielenie si\u0119 emocjami, kt\u00f3re towarzyszy\u0142y mi, gdy po raz kolejny zadawa\u0142em sobie pytanie, co by by\u0142o gdyby?&nbsp;<\/p>\n\n\n\n<figure class=\"wp-block-gallery columns-3 is-cropped wp-block-gallery-1 is-layout-flex wp-block-gallery-is-layout-flex\"><ul class=\"blocks-gallery-grid\"><li class=\"blocks-gallery-item\"><figure><a href=\"https:\/\/nck.krakow.pl\/kcc\/wp-content\/uploads\/2022\/06\/Cafe-Muller_Pic_Maciej_Nowak-scaled.jpg\"><img loading=\"lazy\" decoding=\"async\" width=\"819\" height=\"1024\" src=\"https:\/\/nck.krakow.pl\/kcc\/wp-content\/uploads\/2022\/06\/Cafe-Muller_Pic_Maciej_Nowak-819x1024.jpg\" alt=\"\" data-id=\"6169\" data-full-url=\"https:\/\/nck.krakow.pl\/kcc\/wp-content\/uploads\/2022\/06\/Cafe-Muller_Pic_Maciej_Nowak-scaled.jpg\" data-link=\"https:\/\/nck.krakow.pl\/kcc\/?attachment_id=6169\" class=\"wp-image-6169\" srcset=\"https:\/\/nck.krakow.pl\/kcc\/wp-content\/uploads\/2022\/06\/Cafe-Muller_Pic_Maciej_Nowak-819x1024.jpg 819w, https:\/\/nck.krakow.pl\/kcc\/wp-content\/uploads\/2022\/06\/Cafe-Muller_Pic_Maciej_Nowak-240x300.jpg 240w, https:\/\/nck.krakow.pl\/kcc\/wp-content\/uploads\/2022\/06\/Cafe-Muller_Pic_Maciej_Nowak-768x960.jpg 768w, https:\/\/nck.krakow.pl\/kcc\/wp-content\/uploads\/2022\/06\/Cafe-Muller_Pic_Maciej_Nowak-1229x1536.jpg 1229w, https:\/\/nck.krakow.pl\/kcc\/wp-content\/uploads\/2022\/06\/Cafe-Muller_Pic_Maciej_Nowak-1639x2048.jpg 1639w, https:\/\/nck.krakow.pl\/kcc\/wp-content\/uploads\/2022\/06\/Cafe-Muller_Pic_Maciej_Nowak-scaled.jpg 2048w\" sizes=\"(max-width: 819px) 100vw, 819px\" \/><\/a><\/figure><\/li><li class=\"blocks-gallery-item\"><figure><a href=\"https:\/\/nck.krakow.pl\/kcc\/wp-content\/uploads\/2022\/06\/Cafe-Muller_Pic_Maciej_Nowak-2-scaled.jpg\"><img loading=\"lazy\" decoding=\"async\" width=\"683\" height=\"1024\" src=\"https:\/\/nck.krakow.pl\/kcc\/wp-content\/uploads\/2022\/06\/Cafe-Muller_Pic_Maciej_Nowak-2-683x1024.jpg\" alt=\"\" data-id=\"6170\" data-full-url=\"https:\/\/nck.krakow.pl\/kcc\/wp-content\/uploads\/2022\/06\/Cafe-Muller_Pic_Maciej_Nowak-2-scaled.jpg\" data-link=\"https:\/\/nck.krakow.pl\/kcc\/?attachment_id=6170\" class=\"wp-image-6170\" srcset=\"https:\/\/nck.krakow.pl\/kcc\/wp-content\/uploads\/2022\/06\/Cafe-Muller_Pic_Maciej_Nowak-2-683x1024.jpg 683w, https:\/\/nck.krakow.pl\/kcc\/wp-content\/uploads\/2022\/06\/Cafe-Muller_Pic_Maciej_Nowak-2-200x300.jpg 200w, https:\/\/nck.krakow.pl\/kcc\/wp-content\/uploads\/2022\/06\/Cafe-Muller_Pic_Maciej_Nowak-2-768x1152.jpg 768w, https:\/\/nck.krakow.pl\/kcc\/wp-content\/uploads\/2022\/06\/Cafe-Muller_Pic_Maciej_Nowak-2-1024x1536.jpg 1024w, https:\/\/nck.krakow.pl\/kcc\/wp-content\/uploads\/2022\/06\/Cafe-Muller_Pic_Maciej_Nowak-2-1365x2048.jpg 1365w, https:\/\/nck.krakow.pl\/kcc\/wp-content\/uploads\/2022\/06\/Cafe-Muller_Pic_Maciej_Nowak-2-scaled.jpg 1707w\" sizes=\"(max-width: 683px) 100vw, 683px\" \/><\/a><\/figure><\/li><li class=\"blocks-gallery-item\"><figure><a href=\"https:\/\/nck.krakow.pl\/kcc\/wp-content\/uploads\/2022\/06\/Cafe-Muller_Pic_Maciej_Nowak-3-scaled.jpg\"><img loading=\"lazy\" decoding=\"async\" width=\"819\" height=\"1024\" src=\"https:\/\/nck.krakow.pl\/kcc\/wp-content\/uploads\/2022\/06\/Cafe-Muller_Pic_Maciej_Nowak-3-819x1024.jpg\" alt=\"\" data-id=\"6171\" data-full-url=\"https:\/\/nck.krakow.pl\/kcc\/wp-content\/uploads\/2022\/06\/Cafe-Muller_Pic_Maciej_Nowak-3-scaled.jpg\" data-link=\"https:\/\/nck.krakow.pl\/kcc\/?attachment_id=6171\" class=\"wp-image-6171\" srcset=\"https:\/\/nck.krakow.pl\/kcc\/wp-content\/uploads\/2022\/06\/Cafe-Muller_Pic_Maciej_Nowak-3-819x1024.jpg 819w, https:\/\/nck.krakow.pl\/kcc\/wp-content\/uploads\/2022\/06\/Cafe-Muller_Pic_Maciej_Nowak-3-240x300.jpg 240w, https:\/\/nck.krakow.pl\/kcc\/wp-content\/uploads\/2022\/06\/Cafe-Muller_Pic_Maciej_Nowak-3-768x960.jpg 768w, https:\/\/nck.krakow.pl\/kcc\/wp-content\/uploads\/2022\/06\/Cafe-Muller_Pic_Maciej_Nowak-3-1229x1536.jpg 1229w, https:\/\/nck.krakow.pl\/kcc\/wp-content\/uploads\/2022\/06\/Cafe-Muller_Pic_Maciej_Nowak-3-1639x2048.jpg 1639w, https:\/\/nck.krakow.pl\/kcc\/wp-content\/uploads\/2022\/06\/Cafe-Muller_Pic_Maciej_Nowak-3-scaled.jpg 2048w\" sizes=\"(max-width: 819px) 100vw, 819px\" \/><\/a><\/figure><\/li><\/ul><\/figure>\n\n\n\n<p>Fot. Maciej Nowak\/Maciej Rukasz<\/p>\n","protected":false},"excerpt":{"rendered":"<p>\u201cCaf\u00e9 M\u00fcller\u201d &#8211; Dominik Wi\u0119cek 3.08 \u015aRODA, 20:00, Studio KCC, bilety: 25\/35 z\u0142 rozmowa z artystami_tkami, prowadzenie: Hanna Raszewska-Kursa Czas trwania: 40 min Koncepcja, choreografia, wykonanie: Dominik Wi\u0119cekMuzyka: Przemek Deg\u00f3rskiRe\u017cyseria o\u015bwietlenia: Klaudia KasperskaKostium: Nikola Fedak (projekt), System mody \/ Serafin Andrzejak (wykonane)Konsultacje j\u0119zykowe: Joanna P\u0119dziszKonsultacje w zakresie sztuk walki: Patryk Ko\u0142odziejskiZdj\u0119cia: Maciej NowakProducent: Centrum Kultury [&hellip;]<\/p>\n","protected":false},"author":5,"featured_media":6168,"parent":5943,"menu_order":0,"comment_status":"closed","ping_status":"closed","template":"","meta":{"footnotes":""},"class_list":["post-6167","page","type-page","status-publish","has-post-thumbnail","hentry"],"yoast_head":"<!-- This site is optimized with the Yoast SEO plugin v19.12 - https:\/\/yoast.com\/wordpress\/plugins\/seo\/ -->\n<title>\u201cCaf\u00e9 M\u00fcller\u201d - Krakowskie Centrum Choreograficzne<\/title>\n<meta name=\"robots\" content=\"index, follow, max-snippet:-1, max-image-preview:large, max-video-preview:-1\" \/>\n<link rel=\"canonical\" href=\"https:\/\/nck.krakow.pl\/kcc\/krakowski-festiwal-tanca-2022\/cafe-muller\/\" \/>\n<meta property=\"og:locale\" content=\"pl_PL\" \/>\n<meta property=\"og:type\" content=\"article\" \/>\n<meta property=\"og:title\" content=\"\u201cCaf\u00e9 M\u00fcller\u201d - Krakowskie Centrum Choreograficzne\" \/>\n<meta property=\"og:description\" content=\"\u201cCaf\u00e9 M\u00fcller\u201d &#8211; Dominik Wi\u0119cek 3.08 \u015aRODA, 20:00, Studio KCC, bilety: 25\/35 z\u0142 rozmowa z artystami_tkami, prowadzenie: Hanna Raszewska-Kursa Czas trwania: 40 min Koncepcja, choreografia, wykonanie: Dominik Wi\u0119cekMuzyka: Przemek Deg\u00f3rskiRe\u017cyseria o\u015bwietlenia: Klaudia KasperskaKostium: Nikola Fedak (projekt), System mody \/ Serafin Andrzejak (wykonane)Konsultacje j\u0119zykowe: Joanna P\u0119dziszKonsultacje w zakresie sztuk walki: Patryk Ko\u0142odziejskiZdj\u0119cia: Maciej NowakProducent: Centrum Kultury [&hellip;]\" \/>\n<meta property=\"og:url\" content=\"https:\/\/nck.krakow.pl\/kcc\/krakowski-festiwal-tanca-2022\/cafe-muller\/\" \/>\n<meta property=\"og:site_name\" content=\"Krakowskie Centrum Choreograficzne\" \/>\n<meta property=\"article:modified_time\" content=\"2022-08-08T08:58:26+00:00\" \/>\n<meta property=\"og:image\" content=\"https:\/\/nck.krakow.pl\/kcc\/wp-content\/uploads\/2022\/06\/ZDJECIE-GLOWNE-3.jpg\" \/>\n\t<meta property=\"og:image:width\" content=\"2048\" \/>\n\t<meta property=\"og:image:height\" content=\"1366\" \/>\n\t<meta property=\"og:image:type\" content=\"image\/jpeg\" \/>\n<meta name=\"twitter:card\" content=\"summary_large_image\" \/>\n<meta name=\"twitter:label1\" content=\"Est. reading time\" \/>\n\t<meta name=\"twitter:data1\" content=\"1 minuta\" \/>\n<script type=\"application\/ld+json\" class=\"yoast-schema-graph\">{\"@context\":\"https:\/\/schema.org\",\"@graph\":[{\"@type\":\"WebPage\",\"@id\":\"https:\/\/nck.krakow.pl\/kcc\/krakowski-festiwal-tanca-2022\/cafe-muller\/\",\"url\":\"https:\/\/nck.krakow.pl\/kcc\/krakowski-festiwal-tanca-2022\/cafe-muller\/\",\"name\":\"\u201cCaf\u00e9 M\u00fcller\u201d - Krakowskie Centrum Choreograficzne\",\"isPartOf\":{\"@id\":\"https:\/\/nck.krakow.pl\/kcc\/#website\"},\"datePublished\":\"2022-06-28T07:07:48+00:00\",\"dateModified\":\"2022-08-08T08:58:26+00:00\",\"breadcrumb\":{\"@id\":\"https:\/\/nck.krakow.pl\/kcc\/krakowski-festiwal-tanca-2022\/cafe-muller\/#breadcrumb\"},\"inLanguage\":\"pl-PL\",\"potentialAction\":[{\"@type\":\"ReadAction\",\"target\":[\"https:\/\/nck.krakow.pl\/kcc\/krakowski-festiwal-tanca-2022\/cafe-muller\/\"]}]},{\"@type\":\"BreadcrumbList\",\"@id\":\"https:\/\/nck.krakow.pl\/kcc\/krakowski-festiwal-tanca-2022\/cafe-muller\/#breadcrumb\",\"itemListElement\":[{\"@type\":\"ListItem\",\"position\":1,\"name\":\"Strona g\u0142\u00f3wna\",\"item\":\"https:\/\/nck.krakow.pl\/kcc\/\"},{\"@type\":\"ListItem\",\"position\":2,\"name\":\"Krakowski Festiwal Ta\u0144ca 2022\",\"item\":\"https:\/\/nck.krakow.pl\/kcc\/krakowski-festiwal-tanca-2022\/\"},{\"@type\":\"ListItem\",\"position\":3,\"name\":\"\u201cCaf\u00e9 M\u00fcller\u201d\"}]},{\"@type\":\"WebSite\",\"@id\":\"https:\/\/nck.krakow.pl\/kcc\/#website\",\"url\":\"https:\/\/nck.krakow.pl\/kcc\/\",\"name\":\"Krakowskie Centrum Choreograficzne\",\"description\":\"\",\"publisher\":{\"@id\":\"https:\/\/nck.krakow.pl\/kcc\/#organization\"},\"potentialAction\":[{\"@type\":\"SearchAction\",\"target\":{\"@type\":\"EntryPoint\",\"urlTemplate\":\"https:\/\/nck.krakow.pl\/kcc\/?s={search_term_string}\"},\"query-input\":\"required name=search_term_string\"}],\"inLanguage\":\"pl-PL\"},{\"@type\":\"Organization\",\"@id\":\"https:\/\/nck.krakow.pl\/kcc\/#organization\",\"name\":\"Krakowskie Centrum Choreograficzne\",\"url\":\"https:\/\/nck.krakow.pl\/kcc\/\",\"logo\":{\"@type\":\"ImageObject\",\"inLanguage\":\"pl-PL\",\"@id\":\"https:\/\/nck.krakow.pl\/kcc\/#\/schema\/logo\/image\/\",\"url\":\"https:\/\/nck.krakow.pl\/kcc\/wp-content\/uploads\/2020\/01\/cropped-logo-kcc-2020.png\",\"contentUrl\":\"https:\/\/nck.krakow.pl\/kcc\/wp-content\/uploads\/2020\/01\/cropped-logo-kcc-2020.png\",\"width\":116,\"height\":55,\"caption\":\"Krakowskie Centrum Choreograficzne\"},\"image\":{\"@id\":\"https:\/\/nck.krakow.pl\/kcc\/#\/schema\/logo\/image\/\"}}]}<\/script>\n<!-- \/ Yoast SEO plugin. -->","yoast_head_json":{"title":"\u201cCaf\u00e9 M\u00fcller\u201d - Krakowskie Centrum Choreograficzne","robots":{"index":"index","follow":"follow","max-snippet":"max-snippet:-1","max-image-preview":"max-image-preview:large","max-video-preview":"max-video-preview:-1"},"canonical":"https:\/\/nck.krakow.pl\/kcc\/krakowski-festiwal-tanca-2022\/cafe-muller\/","og_locale":"pl_PL","og_type":"article","og_title":"\u201cCaf\u00e9 M\u00fcller\u201d - Krakowskie Centrum Choreograficzne","og_description":"\u201cCaf\u00e9 M\u00fcller\u201d &#8211; Dominik Wi\u0119cek 3.08 \u015aRODA, 20:00, Studio KCC, bilety: 25\/35 z\u0142 rozmowa z artystami_tkami, prowadzenie: Hanna Raszewska-Kursa Czas trwania: 40 min Koncepcja, choreografia, wykonanie: Dominik Wi\u0119cekMuzyka: Przemek Deg\u00f3rskiRe\u017cyseria o\u015bwietlenia: Klaudia KasperskaKostium: Nikola Fedak (projekt), System mody \/ Serafin Andrzejak (wykonane)Konsultacje j\u0119zykowe: Joanna P\u0119dziszKonsultacje w zakresie sztuk walki: Patryk Ko\u0142odziejskiZdj\u0119cia: Maciej NowakProducent: Centrum Kultury [&hellip;]","og_url":"https:\/\/nck.krakow.pl\/kcc\/krakowski-festiwal-tanca-2022\/cafe-muller\/","og_site_name":"Krakowskie Centrum Choreograficzne","article_modified_time":"2022-08-08T08:58:26+00:00","og_image":[{"width":2048,"height":1366,"url":"https:\/\/nck.krakow.pl\/kcc\/wp-content\/uploads\/2022\/06\/ZDJECIE-GLOWNE-3.jpg","type":"image\/jpeg"}],"twitter_card":"summary_large_image","twitter_misc":{"Est. reading time":"1 minuta"},"schema":{"@context":"https:\/\/schema.org","@graph":[{"@type":"WebPage","@id":"https:\/\/nck.krakow.pl\/kcc\/krakowski-festiwal-tanca-2022\/cafe-muller\/","url":"https:\/\/nck.krakow.pl\/kcc\/krakowski-festiwal-tanca-2022\/cafe-muller\/","name":"\u201cCaf\u00e9 M\u00fcller\u201d - Krakowskie Centrum Choreograficzne","isPartOf":{"@id":"https:\/\/nck.krakow.pl\/kcc\/#website"},"datePublished":"2022-06-28T07:07:48+00:00","dateModified":"2022-08-08T08:58:26+00:00","breadcrumb":{"@id":"https:\/\/nck.krakow.pl\/kcc\/krakowski-festiwal-tanca-2022\/cafe-muller\/#breadcrumb"},"inLanguage":"pl-PL","potentialAction":[{"@type":"ReadAction","target":["https:\/\/nck.krakow.pl\/kcc\/krakowski-festiwal-tanca-2022\/cafe-muller\/"]}]},{"@type":"BreadcrumbList","@id":"https:\/\/nck.krakow.pl\/kcc\/krakowski-festiwal-tanca-2022\/cafe-muller\/#breadcrumb","itemListElement":[{"@type":"ListItem","position":1,"name":"Strona g\u0142\u00f3wna","item":"https:\/\/nck.krakow.pl\/kcc\/"},{"@type":"ListItem","position":2,"name":"Krakowski Festiwal Ta\u0144ca 2022","item":"https:\/\/nck.krakow.pl\/kcc\/krakowski-festiwal-tanca-2022\/"},{"@type":"ListItem","position":3,"name":"\u201cCaf\u00e9 M\u00fcller\u201d"}]},{"@type":"WebSite","@id":"https:\/\/nck.krakow.pl\/kcc\/#website","url":"https:\/\/nck.krakow.pl\/kcc\/","name":"Krakowskie Centrum Choreograficzne","description":"","publisher":{"@id":"https:\/\/nck.krakow.pl\/kcc\/#organization"},"potentialAction":[{"@type":"SearchAction","target":{"@type":"EntryPoint","urlTemplate":"https:\/\/nck.krakow.pl\/kcc\/?s={search_term_string}"},"query-input":"required name=search_term_string"}],"inLanguage":"pl-PL"},{"@type":"Organization","@id":"https:\/\/nck.krakow.pl\/kcc\/#organization","name":"Krakowskie Centrum Choreograficzne","url":"https:\/\/nck.krakow.pl\/kcc\/","logo":{"@type":"ImageObject","inLanguage":"pl-PL","@id":"https:\/\/nck.krakow.pl\/kcc\/#\/schema\/logo\/image\/","url":"https:\/\/nck.krakow.pl\/kcc\/wp-content\/uploads\/2020\/01\/cropped-logo-kcc-2020.png","contentUrl":"https:\/\/nck.krakow.pl\/kcc\/wp-content\/uploads\/2020\/01\/cropped-logo-kcc-2020.png","width":116,"height":55,"caption":"Krakowskie Centrum Choreograficzne"},"image":{"@id":"https:\/\/nck.krakow.pl\/kcc\/#\/schema\/logo\/image\/"}}]}},"_links":{"self":[{"href":"https:\/\/nck.krakow.pl\/kcc\/wp-json\/wp\/v2\/pages\/6167"}],"collection":[{"href":"https:\/\/nck.krakow.pl\/kcc\/wp-json\/wp\/v2\/pages"}],"about":[{"href":"https:\/\/nck.krakow.pl\/kcc\/wp-json\/wp\/v2\/types\/page"}],"author":[{"embeddable":true,"href":"https:\/\/nck.krakow.pl\/kcc\/wp-json\/wp\/v2\/users\/5"}],"replies":[{"embeddable":true,"href":"https:\/\/nck.krakow.pl\/kcc\/wp-json\/wp\/v2\/comments?post=6167"}],"version-history":[{"count":2,"href":"https:\/\/nck.krakow.pl\/kcc\/wp-json\/wp\/v2\/pages\/6167\/revisions"}],"predecessor-version":[{"id":6280,"href":"https:\/\/nck.krakow.pl\/kcc\/wp-json\/wp\/v2\/pages\/6167\/revisions\/6280"}],"up":[{"embeddable":true,"href":"https:\/\/nck.krakow.pl\/kcc\/wp-json\/wp\/v2\/pages\/5943"}],"wp:featuredmedia":[{"embeddable":true,"href":"https:\/\/nck.krakow.pl\/kcc\/wp-json\/wp\/v2\/media\/6168"}],"wp:attachment":[{"href":"https:\/\/nck.krakow.pl\/kcc\/wp-json\/wp\/v2\/media?parent=6167"}],"curies":[{"name":"wp","href":"https:\/\/api.w.org\/{rel}","templated":true}]}}