{"id":6148,"date":"2022-06-28T06:55:37","date_gmt":"2022-06-28T06:55:37","guid":{"rendered":"https:\/\/nck.krakow.pl\/kcc\/?page_id=6148"},"modified":"2022-08-12T09:46:29","modified_gmt":"2022-08-12T09:46:29","slug":"the-voice-of-seniors","status":"publish","type":"page","link":"https:\/\/nck.krakow.pl\/kcc\/krakowski-festiwal-tanca-2022\/the-voice-of-seniors\/","title":{"rendered":"\u201cThe voice of seniors\u201d"},"content":{"rendered":"\n<figure class=\"wp-block-image size-large\"><img loading=\"lazy\" decoding=\"async\" width=\"1024\" height=\"683\" src=\"https:\/\/nck.krakow.pl\/kcc\/wp-content\/uploads\/2022\/06\/SENIORZY-FOTO_PROMO-fot.-Aleksander-Hordziej-1024x683.jpg\" alt=\"\" class=\"wp-image-6149\" srcset=\"https:\/\/nck.krakow.pl\/kcc\/wp-content\/uploads\/2022\/06\/SENIORZY-FOTO_PROMO-fot.-Aleksander-Hordziej-1024x683.jpg 1024w, https:\/\/nck.krakow.pl\/kcc\/wp-content\/uploads\/2022\/06\/SENIORZY-FOTO_PROMO-fot.-Aleksander-Hordziej-300x200.jpg 300w, https:\/\/nck.krakow.pl\/kcc\/wp-content\/uploads\/2022\/06\/SENIORZY-FOTO_PROMO-fot.-Aleksander-Hordziej-768x512.jpg 768w, https:\/\/nck.krakow.pl\/kcc\/wp-content\/uploads\/2022\/06\/SENIORZY-FOTO_PROMO-fot.-Aleksander-Hordziej-1536x1025.jpg 1536w, https:\/\/nck.krakow.pl\/kcc\/wp-content\/uploads\/2022\/06\/SENIORZY-FOTO_PROMO-fot.-Aleksander-Hordziej-2048x1366.jpg 2048w\" sizes=\"(max-width: 1024px) 100vw, 1024px\" \/><\/figure>\n\n\n\n<p><strong>\u201cThe voice of seniors\u201d<\/strong><\/p>\n\n\n\n<p><strong>PREMIERA \u201cThe voice of seniors\u201d &#8211; Barbara Bujakowska, Karol Mi\u0119kina, \u0141ukasz Laxy&nbsp;<\/strong><\/p>\n\n\n\n<p><strong>2.08 WTOREK, 18:30, Studio KCC, wst\u0119p wolny (obowi\u0105zuj\u0105 wej\u015bci\u00f3wki do odebrania w kasie NCK)<\/strong><\/p>\n\n\n\n<p><strong>rozmowa z artystami_tkami, prowadzenie: Dominik Wi\u0119cek<\/strong><\/p>\n\n\n\n<p><strong>Tw\u00f3rcy_czyni:<\/strong> Barbara Bujakowska, Karol Mi\u0119kina, \u0141ukasz Laxy\u00a0<br><strong>Obsada:<\/strong> Zuzanna Bie\u0144, Jacek Dyl\u0105g, Urszula K\u0142osowska, Marta Kuklicz<br>Gra\u017cyna Ku\u015bwik, Gra\u017cyna Ladra, Ewa Micha\u0142owicz, Bogumi\u0142a Simi\u0144ska, Wojciech Skowronek, Janina Zarzycka-Bem<br><strong>Koordynatorka projektu<\/strong>: Dorota Kaw\u0119cka<br><strong>Produkcja: <\/strong>Krakowskie Centrum Choreograficzne &#8211; Nowohuckie Centrum Kultury<\/p>\n\n\n\n<p>Projekt opiera\u0142 si\u0119 na kilkunastu spotkaniach z seniorami, gdzie wsp\u00f3lnie eksplorowali\u015bmy przestrzenie wokalne, teatralne i ruchowe. Re\u017cyserka bacznie obserwuj\u0105c uczestnik\u00f3w warsztat\u00f3w, skupi\u0142a si\u0119 na wyci\u0105gni\u0119ciu z nich tego co pi\u0119kne i wa\u017cne, szczere i prawdziwe.<\/p>\n\n\n\n<p>Autorka pos\u0142uguje si\u0119 w\u0142asnym, wypracowanym przez siebie j\u0119zykiem wyrazu, korzystaj\u0105c z cytat\u00f3w popkulturowych, zabawy kontekstami oraz wysublimowanego poczucia humoru.<\/p>\n\n\n\n<p>Fot. Aleksander Hordziej<\/p>\n\n\n\n<p><em>Projekt jest wsp\u00f3\u0142finansowany przez rz\u0105dy Czech, W\u0119gier, Polski i S\u0142owacji w ramach Grant\u00f3w Wyszehradzkich ze \u015brodk\u00f3w Mi\u0119dzynarodowego Funduszu Wyszehradzkiego. Misj\u0105 funduszu jest rozw\u00f3j idei zr\u00f3wnowa\u017conej wsp\u00f3\u0142pracy regionalnej w Europie \u015arodkowej<\/em><\/p>\n\n\n\n<figure class=\"wp-block-image size-full\"><img loading=\"lazy\" decoding=\"async\" width=\"442\" height=\"105\" src=\"https:\/\/nck.krakow.pl\/kcc\/wp-content\/uploads\/2022\/06\/belka-z-logotypami-KFT-2022-seniorzy.png\" alt=\"\" class=\"wp-image-6150\" srcset=\"https:\/\/nck.krakow.pl\/kcc\/wp-content\/uploads\/2022\/06\/belka-z-logotypami-KFT-2022-seniorzy.png 442w, https:\/\/nck.krakow.pl\/kcc\/wp-content\/uploads\/2022\/06\/belka-z-logotypami-KFT-2022-seniorzy-300x71.png 300w\" sizes=\"(max-width: 442px) 100vw, 442px\" \/><\/figure>\n","protected":false},"excerpt":{"rendered":"<p>\u201cThe voice of seniors\u201d PREMIERA \u201cThe voice of seniors\u201d &#8211; Barbara Bujakowska, Karol Mi\u0119kina, \u0141ukasz Laxy&nbsp; 2.08 WTOREK, 18:30, Studio KCC, wst\u0119p wolny (obowi\u0105zuj\u0105 wej\u015bci\u00f3wki do odebrania w kasie NCK) rozmowa z artystami_tkami, prowadzenie: Dominik Wi\u0119cek Tw\u00f3rcy_czyni: Barbara Bujakowska, Karol Mi\u0119kina, \u0141ukasz Laxy\u00a0Obsada: Zuzanna Bie\u0144, Jacek Dyl\u0105g, Urszula K\u0142osowska, Marta KukliczGra\u017cyna Ku\u015bwik, Gra\u017cyna Ladra, Ewa [&hellip;]<\/p>\n","protected":false},"author":5,"featured_media":6149,"parent":5943,"menu_order":0,"comment_status":"closed","ping_status":"closed","template":"","meta":{"footnotes":""},"class_list":["post-6148","page","type-page","status-publish","has-post-thumbnail","hentry"],"yoast_head":"<!-- This site is optimized with the Yoast SEO plugin v19.12 - https:\/\/yoast.com\/wordpress\/plugins\/seo\/ -->\n<title>\u201cThe voice of seniors\u201d - Krakowskie Centrum Choreograficzne<\/title>\n<meta name=\"robots\" content=\"index, follow, max-snippet:-1, max-image-preview:large, max-video-preview:-1\" \/>\n<link rel=\"canonical\" href=\"https:\/\/nck.krakow.pl\/kcc\/krakowski-festiwal-tanca-2022\/the-voice-of-seniors\/\" \/>\n<meta property=\"og:locale\" content=\"pl_PL\" \/>\n<meta property=\"og:type\" content=\"article\" \/>\n<meta property=\"og:title\" content=\"\u201cThe voice of seniors\u201d - Krakowskie Centrum Choreograficzne\" \/>\n<meta property=\"og:description\" content=\"\u201cThe voice of seniors\u201d PREMIERA \u201cThe voice of seniors\u201d &#8211; Barbara Bujakowska, Karol Mi\u0119kina, \u0141ukasz Laxy&nbsp; 2.08 WTOREK, 18:30, Studio KCC, wst\u0119p wolny (obowi\u0105zuj\u0105 wej\u015bci\u00f3wki do odebrania w kasie NCK) rozmowa z artystami_tkami, prowadzenie: Dominik Wi\u0119cek Tw\u00f3rcy_czyni: Barbara Bujakowska, Karol Mi\u0119kina, \u0141ukasz Laxy\u00a0Obsada: Zuzanna Bie\u0144, Jacek Dyl\u0105g, Urszula K\u0142osowska, Marta KukliczGra\u017cyna Ku\u015bwik, Gra\u017cyna Ladra, Ewa [&hellip;]\" \/>\n<meta property=\"og:url\" content=\"https:\/\/nck.krakow.pl\/kcc\/krakowski-festiwal-tanca-2022\/the-voice-of-seniors\/\" \/>\n<meta property=\"og:site_name\" content=\"Krakowskie Centrum Choreograficzne\" \/>\n<meta property=\"article:modified_time\" content=\"2022-08-12T09:46:29+00:00\" \/>\n<meta property=\"og:image\" content=\"https:\/\/nck.krakow.pl\/kcc\/wp-content\/uploads\/2022\/06\/SENIORZY-FOTO_PROMO-fot.-Aleksander-Hordziej.jpg\" \/>\n\t<meta property=\"og:image:width\" content=\"2500\" \/>\n\t<meta property=\"og:image:height\" content=\"1668\" \/>\n\t<meta property=\"og:image:type\" content=\"image\/jpeg\" \/>\n<meta name=\"twitter:card\" content=\"summary_large_image\" \/>\n<meta name=\"twitter:label1\" content=\"Est. reading time\" \/>\n\t<meta name=\"twitter:data1\" content=\"1 minuta\" \/>\n<script type=\"application\/ld+json\" class=\"yoast-schema-graph\">{\"@context\":\"https:\/\/schema.org\",\"@graph\":[{\"@type\":\"WebPage\",\"@id\":\"https:\/\/nck.krakow.pl\/kcc\/krakowski-festiwal-tanca-2022\/the-voice-of-seniors\/\",\"url\":\"https:\/\/nck.krakow.pl\/kcc\/krakowski-festiwal-tanca-2022\/the-voice-of-seniors\/\",\"name\":\"\u201cThe voice of seniors\u201d - Krakowskie Centrum Choreograficzne\",\"isPartOf\":{\"@id\":\"https:\/\/nck.krakow.pl\/kcc\/#website\"},\"datePublished\":\"2022-06-28T06:55:37+00:00\",\"dateModified\":\"2022-08-12T09:46:29+00:00\",\"breadcrumb\":{\"@id\":\"https:\/\/nck.krakow.pl\/kcc\/krakowski-festiwal-tanca-2022\/the-voice-of-seniors\/#breadcrumb\"},\"inLanguage\":\"pl-PL\",\"potentialAction\":[{\"@type\":\"ReadAction\",\"target\":[\"https:\/\/nck.krakow.pl\/kcc\/krakowski-festiwal-tanca-2022\/the-voice-of-seniors\/\"]}]},{\"@type\":\"BreadcrumbList\",\"@id\":\"https:\/\/nck.krakow.pl\/kcc\/krakowski-festiwal-tanca-2022\/the-voice-of-seniors\/#breadcrumb\",\"itemListElement\":[{\"@type\":\"ListItem\",\"position\":1,\"name\":\"Strona g\u0142\u00f3wna\",\"item\":\"https:\/\/nck.krakow.pl\/kcc\/\"},{\"@type\":\"ListItem\",\"position\":2,\"name\":\"Krakowski Festiwal Ta\u0144ca 2022\",\"item\":\"https:\/\/nck.krakow.pl\/kcc\/krakowski-festiwal-tanca-2022\/\"},{\"@type\":\"ListItem\",\"position\":3,\"name\":\"\u201cThe voice of seniors\u201d\"}]},{\"@type\":\"WebSite\",\"@id\":\"https:\/\/nck.krakow.pl\/kcc\/#website\",\"url\":\"https:\/\/nck.krakow.pl\/kcc\/\",\"name\":\"Krakowskie Centrum Choreograficzne\",\"description\":\"\",\"publisher\":{\"@id\":\"https:\/\/nck.krakow.pl\/kcc\/#organization\"},\"potentialAction\":[{\"@type\":\"SearchAction\",\"target\":{\"@type\":\"EntryPoint\",\"urlTemplate\":\"https:\/\/nck.krakow.pl\/kcc\/?s={search_term_string}\"},\"query-input\":\"required name=search_term_string\"}],\"inLanguage\":\"pl-PL\"},{\"@type\":\"Organization\",\"@id\":\"https:\/\/nck.krakow.pl\/kcc\/#organization\",\"name\":\"Krakowskie Centrum Choreograficzne\",\"url\":\"https:\/\/nck.krakow.pl\/kcc\/\",\"logo\":{\"@type\":\"ImageObject\",\"inLanguage\":\"pl-PL\",\"@id\":\"https:\/\/nck.krakow.pl\/kcc\/#\/schema\/logo\/image\/\",\"url\":\"https:\/\/nck.krakow.pl\/kcc\/wp-content\/uploads\/2020\/01\/cropped-logo-kcc-2020.png\",\"contentUrl\":\"https:\/\/nck.krakow.pl\/kcc\/wp-content\/uploads\/2020\/01\/cropped-logo-kcc-2020.png\",\"width\":116,\"height\":55,\"caption\":\"Krakowskie Centrum Choreograficzne\"},\"image\":{\"@id\":\"https:\/\/nck.krakow.pl\/kcc\/#\/schema\/logo\/image\/\"}}]}<\/script>\n<!-- \/ Yoast SEO plugin. -->","yoast_head_json":{"title":"\u201cThe voice of seniors\u201d - Krakowskie Centrum Choreograficzne","robots":{"index":"index","follow":"follow","max-snippet":"max-snippet:-1","max-image-preview":"max-image-preview:large","max-video-preview":"max-video-preview:-1"},"canonical":"https:\/\/nck.krakow.pl\/kcc\/krakowski-festiwal-tanca-2022\/the-voice-of-seniors\/","og_locale":"pl_PL","og_type":"article","og_title":"\u201cThe voice of seniors\u201d - Krakowskie Centrum Choreograficzne","og_description":"\u201cThe voice of seniors\u201d PREMIERA \u201cThe voice of seniors\u201d &#8211; Barbara Bujakowska, Karol Mi\u0119kina, \u0141ukasz Laxy&nbsp; 2.08 WTOREK, 18:30, Studio KCC, wst\u0119p wolny (obowi\u0105zuj\u0105 wej\u015bci\u00f3wki do odebrania w kasie NCK) rozmowa z artystami_tkami, prowadzenie: Dominik Wi\u0119cek Tw\u00f3rcy_czyni: Barbara Bujakowska, Karol Mi\u0119kina, \u0141ukasz Laxy\u00a0Obsada: Zuzanna Bie\u0144, Jacek Dyl\u0105g, Urszula K\u0142osowska, Marta KukliczGra\u017cyna Ku\u015bwik, Gra\u017cyna Ladra, Ewa [&hellip;]","og_url":"https:\/\/nck.krakow.pl\/kcc\/krakowski-festiwal-tanca-2022\/the-voice-of-seniors\/","og_site_name":"Krakowskie Centrum Choreograficzne","article_modified_time":"2022-08-12T09:46:29+00:00","og_image":[{"width":2500,"height":1668,"url":"https:\/\/nck.krakow.pl\/kcc\/wp-content\/uploads\/2022\/06\/SENIORZY-FOTO_PROMO-fot.-Aleksander-Hordziej.jpg","type":"image\/jpeg"}],"twitter_card":"summary_large_image","twitter_misc":{"Est. reading time":"1 minuta"},"schema":{"@context":"https:\/\/schema.org","@graph":[{"@type":"WebPage","@id":"https:\/\/nck.krakow.pl\/kcc\/krakowski-festiwal-tanca-2022\/the-voice-of-seniors\/","url":"https:\/\/nck.krakow.pl\/kcc\/krakowski-festiwal-tanca-2022\/the-voice-of-seniors\/","name":"\u201cThe voice of seniors\u201d - Krakowskie Centrum Choreograficzne","isPartOf":{"@id":"https:\/\/nck.krakow.pl\/kcc\/#website"},"datePublished":"2022-06-28T06:55:37+00:00","dateModified":"2022-08-12T09:46:29+00:00","breadcrumb":{"@id":"https:\/\/nck.krakow.pl\/kcc\/krakowski-festiwal-tanca-2022\/the-voice-of-seniors\/#breadcrumb"},"inLanguage":"pl-PL","potentialAction":[{"@type":"ReadAction","target":["https:\/\/nck.krakow.pl\/kcc\/krakowski-festiwal-tanca-2022\/the-voice-of-seniors\/"]}]},{"@type":"BreadcrumbList","@id":"https:\/\/nck.krakow.pl\/kcc\/krakowski-festiwal-tanca-2022\/the-voice-of-seniors\/#breadcrumb","itemListElement":[{"@type":"ListItem","position":1,"name":"Strona g\u0142\u00f3wna","item":"https:\/\/nck.krakow.pl\/kcc\/"},{"@type":"ListItem","position":2,"name":"Krakowski Festiwal Ta\u0144ca 2022","item":"https:\/\/nck.krakow.pl\/kcc\/krakowski-festiwal-tanca-2022\/"},{"@type":"ListItem","position":3,"name":"\u201cThe voice of seniors\u201d"}]},{"@type":"WebSite","@id":"https:\/\/nck.krakow.pl\/kcc\/#website","url":"https:\/\/nck.krakow.pl\/kcc\/","name":"Krakowskie Centrum Choreograficzne","description":"","publisher":{"@id":"https:\/\/nck.krakow.pl\/kcc\/#organization"},"potentialAction":[{"@type":"SearchAction","target":{"@type":"EntryPoint","urlTemplate":"https:\/\/nck.krakow.pl\/kcc\/?s={search_term_string}"},"query-input":"required name=search_term_string"}],"inLanguage":"pl-PL"},{"@type":"Organization","@id":"https:\/\/nck.krakow.pl\/kcc\/#organization","name":"Krakowskie Centrum Choreograficzne","url":"https:\/\/nck.krakow.pl\/kcc\/","logo":{"@type":"ImageObject","inLanguage":"pl-PL","@id":"https:\/\/nck.krakow.pl\/kcc\/#\/schema\/logo\/image\/","url":"https:\/\/nck.krakow.pl\/kcc\/wp-content\/uploads\/2020\/01\/cropped-logo-kcc-2020.png","contentUrl":"https:\/\/nck.krakow.pl\/kcc\/wp-content\/uploads\/2020\/01\/cropped-logo-kcc-2020.png","width":116,"height":55,"caption":"Krakowskie Centrum Choreograficzne"},"image":{"@id":"https:\/\/nck.krakow.pl\/kcc\/#\/schema\/logo\/image\/"}}]}},"_links":{"self":[{"href":"https:\/\/nck.krakow.pl\/kcc\/wp-json\/wp\/v2\/pages\/6148"}],"collection":[{"href":"https:\/\/nck.krakow.pl\/kcc\/wp-json\/wp\/v2\/pages"}],"about":[{"href":"https:\/\/nck.krakow.pl\/kcc\/wp-json\/wp\/v2\/types\/page"}],"author":[{"embeddable":true,"href":"https:\/\/nck.krakow.pl\/kcc\/wp-json\/wp\/v2\/users\/5"}],"replies":[{"embeddable":true,"href":"https:\/\/nck.krakow.pl\/kcc\/wp-json\/wp\/v2\/comments?post=6148"}],"version-history":[{"count":3,"href":"https:\/\/nck.krakow.pl\/kcc\/wp-json\/wp\/v2\/pages\/6148\/revisions"}],"predecessor-version":[{"id":6363,"href":"https:\/\/nck.krakow.pl\/kcc\/wp-json\/wp\/v2\/pages\/6148\/revisions\/6363"}],"up":[{"embeddable":true,"href":"https:\/\/nck.krakow.pl\/kcc\/wp-json\/wp\/v2\/pages\/5943"}],"wp:featuredmedia":[{"embeddable":true,"href":"https:\/\/nck.krakow.pl\/kcc\/wp-json\/wp\/v2\/media\/6149"}],"wp:attachment":[{"href":"https:\/\/nck.krakow.pl\/kcc\/wp-json\/wp\/v2\/media?parent=6148"}],"curies":[{"name":"wp","href":"https:\/\/api.w.org\/{rel}","templated":true}]}}