{"id":6068,"date":"2022-06-20T09:21:56","date_gmt":"2022-06-20T09:21:56","guid":{"rendered":"https:\/\/nck.krakow.pl\/kcc\/?page_id=6068"},"modified":"2022-07-26T10:54:18","modified_gmt":"2022-07-26T10:54:18","slug":"nieskonczone-cialo-spotkania-online-z-wojtkiem-klimczykiem","status":"publish","type":"page","link":"https:\/\/nck.krakow.pl\/kcc\/krakowski-festiwal-tanca-2022\/nieskonczone-cialo-spotkania-online-z-wojtkiem-klimczykiem\/","title":{"rendered":"Niesko\u0144czone cia\u0142o &#8211; spotkania online z Wojtkiem Klimczykiem"},"content":{"rendered":"\n<figure class=\"wp-block-image size-large\"><img loading=\"lazy\" decoding=\"async\" width=\"1024\" height=\"576\" src=\"https:\/\/nck.krakow.pl\/kcc\/wp-content\/uploads\/2022\/06\/KFT_nieskonczone-cialo-1024x576.png\" alt=\"\" class=\"wp-image-6073\" srcset=\"https:\/\/nck.krakow.pl\/kcc\/wp-content\/uploads\/2022\/06\/KFT_nieskonczone-cialo-1024x576.png 1024w, https:\/\/nck.krakow.pl\/kcc\/wp-content\/uploads\/2022\/06\/KFT_nieskonczone-cialo-300x169.png 300w, https:\/\/nck.krakow.pl\/kcc\/wp-content\/uploads\/2022\/06\/KFT_nieskonczone-cialo-768x432.png 768w, https:\/\/nck.krakow.pl\/kcc\/wp-content\/uploads\/2022\/06\/KFT_nieskonczone-cialo-1536x864.png 1536w, https:\/\/nck.krakow.pl\/kcc\/wp-content\/uploads\/2022\/06\/KFT_nieskonczone-cialo.png 1921w\" sizes=\"(max-width: 1024px) 100vw, 1024px\" \/><\/figure>\n\n\n\n<p><strong>TERMINY SPOTKA\u0143 ONLINE:<br><\/strong>\u2013 12 lipca 2022 godz. 19:00 (1,5h)<br>\u2013 19 lipca 2022 godz. 19:00 (1,5h)<br>\u2013 <s>26 lipca 2022<\/s> godz. 19:00 (1,5h) <strong>SPOTKANIE PRZENIESIONE na 28 lipca, godziny bez zmian.<\/strong><\/p>\n\n\n\n<p><strong>We wszystkich spotkaniach udzia\u0142 jest BEZP\u0141ATNY.<\/strong><strong><br><\/strong>W dniu ka\u017cdego spotkania w dyskusji wydarzenia na Fb zostanie podany link do zooma.<\/p>\n\n\n\n<div style=\"height:100px\" aria-hidden=\"true\" class=\"wp-block-spacer\"><\/div>\n\n\n\n<p><strong>OPIS SPOTKA\u0143:<\/strong><\/p>\n\n\n\n<p>Co mo\u017cna powiedzie\u0107 o niesko\u0144czonym ciele, skoro cia\u0142o, kt\u00f3re znamy, kt\u00f3rym jeste\u015bmy, starzeje si\u0119, umiera, ko\u0144czy? Czy to nieustanne ko\u0144czenie si\u0119 cia\u0142a fizycznego mo\u017cna nazwa\u0107 niesko\u0144czono\u015bci\u0105? Mo\u017ce tak w\u0142a\u015bnie nale\u017cy o fizyczno\u015bci my\u015ble\u0107, skoro &#8211; jak pisa\u0142 Georges Bataille &#8211; \u015bmier\u0107 przywraca nas ci\u0105g\u0142o\u015bci bytu? Ale te\u017c mo\u017ce niesko\u0144czono\u015b\u0107 cia\u0142a to jednak co\u015b innego, co wydarza si\u0119 dzi\u0119ki fizycznemu cia\u0142u, w nim, ale fizyczno\u015bci\u0105 nie jest? Przecie\u017c nie tylko \u015bmier\u0107 przywraca nas ci\u0105g\u0142o\u015bci. Podobnie dzia\u0142a do\u015bwiadczenie erotyczne, jak twierdzi\u0142 Bataille. Taniec te\u017c mo\u017ce by\u0107 w\u0142a\u015bnie takim do\u015bwiadczeniem otwierania si\u0119 na niesko\u0144czono\u015b\u0107. Kiedy to ma miejsce? Jakie warunki spe\u0142nia\u0107 powinno do\u015bwiadczenie taneczne, \u017ceby nasyca\u0107 cia\u0142a niesko\u0144czono\u015bci\u0105? Kt\u00f3re cia\u0142a ta\u0144cz\u0105ce mo\u017cemy nazywa\u0107 niesko\u0144czonymi? Oto pytania, na kt\u00f3re spr\u00f3bujemy poszuka\u0107 odpowiedzi podczas cyklu spotka\u0144 zatytu\u0142owanych Niesko\u0144czone cia\u0142o.<\/p>\n\n\n\n<div style=\"height:100px\" aria-hidden=\"true\" class=\"wp-block-spacer\"><\/div>\n\n\n\n<figure class=\"wp-block-image size-large is-resized\"><img loading=\"lazy\" decoding=\"async\" src=\"https:\/\/nck.krakow.pl\/kcc\/wp-content\/uploads\/2022\/06\/Wojtek-Klimczyk-fot.-Kuba-Dabrowski-1024x768.jpg\" alt=\"\" class=\"wp-image-6072\" width=\"327\" height=\"245\" srcset=\"https:\/\/nck.krakow.pl\/kcc\/wp-content\/uploads\/2022\/06\/Wojtek-Klimczyk-fot.-Kuba-Dabrowski-1024x768.jpg 1024w, https:\/\/nck.krakow.pl\/kcc\/wp-content\/uploads\/2022\/06\/Wojtek-Klimczyk-fot.-Kuba-Dabrowski-300x225.jpg 300w, https:\/\/nck.krakow.pl\/kcc\/wp-content\/uploads\/2022\/06\/Wojtek-Klimczyk-fot.-Kuba-Dabrowski-768x576.jpg 768w, https:\/\/nck.krakow.pl\/kcc\/wp-content\/uploads\/2022\/06\/Wojtek-Klimczyk-fot.-Kuba-Dabrowski-1536x1152.jpg 1536w, https:\/\/nck.krakow.pl\/kcc\/wp-content\/uploads\/2022\/06\/Wojtek-Klimczyk-fot.-Kuba-Dabrowski-2048x1536.jpg 2048w\" sizes=\"(max-width: 327px) 100vw, 327px\" \/><\/figure>\n\n\n\n<p><strong>O PROWADZ\u0104CYM:<\/strong><\/p>\n\n\n\n<p>Dr hab. Wojciech Klimczyk, prof. UJ &#8211; historyk ta\u0144ca zainteresowany przede wszystkim jego spo\u0142eczno-polityczn\u0105 rol\u0105. Autor ksi\u0105\u017cek &#8222;Erotyzm ponowoczesny&#8221; (Universitas 2008), &#8222;Wizjonerzy cia\u0142a. Panorama wsp\u00f3\u0142czesnego teatru ta\u0144ca&#8221; (Ha!art 2010) oraz &#8222;Wirus mobilizacji. Taniec a kszta\u0142towanie si\u0119 nowoczesno\u015bci (1455-1795)&#8221; (Universitas 2015). W swoich badaniach szczeg\u00f3ln\u0105 uwag\u0119 przywi\u0105zuje do zrozumienia relacji mi\u0119dzy cia\u0142em a kultur\u0105 i spo\u0142ecze\u0144stwem, rozwijaj\u0105c teori\u0119 ta\u0144ca jako upodmiatawiaj\u0105cej, krytycznej praktyki cielesnej. W pracy artystycznej, kiedy\u015b w ramach kolektywu Harakiri Farmers, obecnie na w\u0142asn\u0105 r\u0119k\u0119, r\u00f3wnie\u017c interesuje go cia\u0142o upolitycznione, ale te\u017c poetyckie i absurdalne. Na Wydziale Ta\u0144ca Akademii Teatralnej prowadzi zaj\u0119cia z Filozofii cia\u0142a.<\/p>\n\n\n\n<p>Fot. Kuba D\u0105browski<\/p>\n\n\n\n<div style=\"height:100px\" aria-hidden=\"true\" class=\"wp-block-spacer\"><\/div>\n\n\n\n<figure class=\"wp-block-image size-large\"><img loading=\"lazy\" decoding=\"async\" width=\"1024\" height=\"105\" src=\"https:\/\/nck.krakow.pl\/kcc\/wp-content\/uploads\/2022\/06\/belka-z-logotypami-KFT-2022-1-1024x105.png\" alt=\"\" class=\"wp-image-6026\" srcset=\"https:\/\/nck.krakow.pl\/kcc\/wp-content\/uploads\/2022\/06\/belka-z-logotypami-KFT-2022-1-1024x105.png 1024w, https:\/\/nck.krakow.pl\/kcc\/wp-content\/uploads\/2022\/06\/belka-z-logotypami-KFT-2022-1-300x31.png 300w, https:\/\/nck.krakow.pl\/kcc\/wp-content\/uploads\/2022\/06\/belka-z-logotypami-KFT-2022-1-768x79.png 768w, https:\/\/nck.krakow.pl\/kcc\/wp-content\/uploads\/2022\/06\/belka-z-logotypami-KFT-2022-1-1536x157.png 1536w, https:\/\/nck.krakow.pl\/kcc\/wp-content\/uploads\/2022\/06\/belka-z-logotypami-KFT-2022-1-2048x210.png 2048w\" sizes=\"(max-width: 1024px) 100vw, 1024px\" \/><\/figure>\n\n\n\n<p><em>Dofinansowano ze \u015brodk\u00f3w Ministra Kultury i Dziedzictwa Narodowego pochodz\u0105cych z Funduszu Promocji Kultury \u2013 pa\u0144stwowego funduszu celowego, w ramach programu \u201eTaniec\u201d, realizowanego przez Narodowy Instytut Muzyki i Ta\u0144ca.<\/em><\/p>\n","protected":false},"excerpt":{"rendered":"<p>TERMINY SPOTKA\u0143 ONLINE:\u2013 12 lipca 2022 godz. 19:00 (1,5h)\u2013 19 lipca 2022 godz. 19:00 (1,5h)\u2013 26 lipca 2022 godz. 19:00 (1,5h) SPOTKANIE PRZENIESIONE na 28 lipca, godziny bez zmian. We wszystkich spotkaniach udzia\u0142 jest BEZP\u0141ATNY.W dniu ka\u017cdego spotkania w dyskusji wydarzenia na Fb zostanie podany link do zooma. OPIS SPOTKA\u0143: Co mo\u017cna powiedzie\u0107 o niesko\u0144czonym [&hellip;]<\/p>\n","protected":false},"author":5,"featured_media":0,"parent":5943,"menu_order":0,"comment_status":"closed","ping_status":"closed","template":"","meta":{"footnotes":""},"class_list":["post-6068","page","type-page","status-publish","hentry"],"yoast_head":"<!-- This site is optimized with the Yoast SEO plugin v19.12 - https:\/\/yoast.com\/wordpress\/plugins\/seo\/ -->\n<title>Niesko\u0144czone cia\u0142o - spotkania online z Wojtkiem Klimczykiem - Krakowskie Centrum Choreograficzne<\/title>\n<meta name=\"robots\" content=\"index, follow, max-snippet:-1, max-image-preview:large, max-video-preview:-1\" \/>\n<link rel=\"canonical\" href=\"https:\/\/nck.krakow.pl\/kcc\/krakowski-festiwal-tanca-2022\/nieskonczone-cialo-spotkania-online-z-wojtkiem-klimczykiem\/\" \/>\n<meta property=\"og:locale\" content=\"pl_PL\" \/>\n<meta property=\"og:type\" content=\"article\" \/>\n<meta property=\"og:title\" content=\"Niesko\u0144czone cia\u0142o - spotkania online z Wojtkiem Klimczykiem - Krakowskie Centrum Choreograficzne\" \/>\n<meta property=\"og:description\" content=\"TERMINY SPOTKA\u0143 ONLINE:\u2013 12 lipca 2022 godz. 19:00 (1,5h)\u2013 19 lipca 2022 godz. 19:00 (1,5h)\u2013 26 lipca 2022 godz. 19:00 (1,5h) SPOTKANIE PRZENIESIONE na 28 lipca, godziny bez zmian. We wszystkich spotkaniach udzia\u0142 jest BEZP\u0141ATNY.W dniu ka\u017cdego spotkania w dyskusji wydarzenia na Fb zostanie podany link do zooma. OPIS SPOTKA\u0143: Co mo\u017cna powiedzie\u0107 o niesko\u0144czonym [&hellip;]\" \/>\n<meta property=\"og:url\" content=\"https:\/\/nck.krakow.pl\/kcc\/krakowski-festiwal-tanca-2022\/nieskonczone-cialo-spotkania-online-z-wojtkiem-klimczykiem\/\" \/>\n<meta property=\"og:site_name\" content=\"Krakowskie Centrum Choreograficzne\" \/>\n<meta property=\"article:modified_time\" content=\"2022-07-26T10:54:18+00:00\" \/>\n<meta property=\"og:image\" content=\"https:\/\/nck.krakow.pl\/kcc\/wp-content\/uploads\/2022\/06\/KFT_nieskonczone-cialo-1024x576.png\" \/>\n<meta name=\"twitter:card\" content=\"summary_large_image\" \/>\n<meta name=\"twitter:label1\" content=\"Est. reading time\" \/>\n\t<meta name=\"twitter:data1\" content=\"2 minuty\" \/>\n<script type=\"application\/ld+json\" class=\"yoast-schema-graph\">{\"@context\":\"https:\/\/schema.org\",\"@graph\":[{\"@type\":\"WebPage\",\"@id\":\"https:\/\/nck.krakow.pl\/kcc\/krakowski-festiwal-tanca-2022\/nieskonczone-cialo-spotkania-online-z-wojtkiem-klimczykiem\/\",\"url\":\"https:\/\/nck.krakow.pl\/kcc\/krakowski-festiwal-tanca-2022\/nieskonczone-cialo-spotkania-online-z-wojtkiem-klimczykiem\/\",\"name\":\"Niesko\u0144czone cia\u0142o - spotkania online z Wojtkiem Klimczykiem - Krakowskie Centrum Choreograficzne\",\"isPartOf\":{\"@id\":\"https:\/\/nck.krakow.pl\/kcc\/#website\"},\"datePublished\":\"2022-06-20T09:21:56+00:00\",\"dateModified\":\"2022-07-26T10:54:18+00:00\",\"breadcrumb\":{\"@id\":\"https:\/\/nck.krakow.pl\/kcc\/krakowski-festiwal-tanca-2022\/nieskonczone-cialo-spotkania-online-z-wojtkiem-klimczykiem\/#breadcrumb\"},\"inLanguage\":\"pl-PL\",\"potentialAction\":[{\"@type\":\"ReadAction\",\"target\":[\"https:\/\/nck.krakow.pl\/kcc\/krakowski-festiwal-tanca-2022\/nieskonczone-cialo-spotkania-online-z-wojtkiem-klimczykiem\/\"]}]},{\"@type\":\"BreadcrumbList\",\"@id\":\"https:\/\/nck.krakow.pl\/kcc\/krakowski-festiwal-tanca-2022\/nieskonczone-cialo-spotkania-online-z-wojtkiem-klimczykiem\/#breadcrumb\",\"itemListElement\":[{\"@type\":\"ListItem\",\"position\":1,\"name\":\"Strona g\u0142\u00f3wna\",\"item\":\"https:\/\/nck.krakow.pl\/kcc\/\"},{\"@type\":\"ListItem\",\"position\":2,\"name\":\"Krakowski Festiwal Ta\u0144ca 2022\",\"item\":\"https:\/\/nck.krakow.pl\/kcc\/krakowski-festiwal-tanca-2022\/\"},{\"@type\":\"ListItem\",\"position\":3,\"name\":\"Niesko\u0144czone cia\u0142o &#8211; spotkania online z Wojtkiem Klimczykiem\"}]},{\"@type\":\"WebSite\",\"@id\":\"https:\/\/nck.krakow.pl\/kcc\/#website\",\"url\":\"https:\/\/nck.krakow.pl\/kcc\/\",\"name\":\"Krakowskie Centrum Choreograficzne\",\"description\":\"\",\"publisher\":{\"@id\":\"https:\/\/nck.krakow.pl\/kcc\/#organization\"},\"potentialAction\":[{\"@type\":\"SearchAction\",\"target\":{\"@type\":\"EntryPoint\",\"urlTemplate\":\"https:\/\/nck.krakow.pl\/kcc\/?s={search_term_string}\"},\"query-input\":\"required name=search_term_string\"}],\"inLanguage\":\"pl-PL\"},{\"@type\":\"Organization\",\"@id\":\"https:\/\/nck.krakow.pl\/kcc\/#organization\",\"name\":\"Krakowskie Centrum Choreograficzne\",\"url\":\"https:\/\/nck.krakow.pl\/kcc\/\",\"logo\":{\"@type\":\"ImageObject\",\"inLanguage\":\"pl-PL\",\"@id\":\"https:\/\/nck.krakow.pl\/kcc\/#\/schema\/logo\/image\/\",\"url\":\"https:\/\/nck.krakow.pl\/kcc\/wp-content\/uploads\/2020\/01\/cropped-logo-kcc-2020.png\",\"contentUrl\":\"https:\/\/nck.krakow.pl\/kcc\/wp-content\/uploads\/2020\/01\/cropped-logo-kcc-2020.png\",\"width\":116,\"height\":55,\"caption\":\"Krakowskie Centrum Choreograficzne\"},\"image\":{\"@id\":\"https:\/\/nck.krakow.pl\/kcc\/#\/schema\/logo\/image\/\"}}]}<\/script>\n<!-- \/ Yoast SEO plugin. -->","yoast_head_json":{"title":"Niesko\u0144czone cia\u0142o - spotkania online z Wojtkiem Klimczykiem - Krakowskie Centrum Choreograficzne","robots":{"index":"index","follow":"follow","max-snippet":"max-snippet:-1","max-image-preview":"max-image-preview:large","max-video-preview":"max-video-preview:-1"},"canonical":"https:\/\/nck.krakow.pl\/kcc\/krakowski-festiwal-tanca-2022\/nieskonczone-cialo-spotkania-online-z-wojtkiem-klimczykiem\/","og_locale":"pl_PL","og_type":"article","og_title":"Niesko\u0144czone cia\u0142o - spotkania online z Wojtkiem Klimczykiem - Krakowskie Centrum Choreograficzne","og_description":"TERMINY SPOTKA\u0143 ONLINE:\u2013 12 lipca 2022 godz. 19:00 (1,5h)\u2013 19 lipca 2022 godz. 19:00 (1,5h)\u2013 26 lipca 2022 godz. 19:00 (1,5h) SPOTKANIE PRZENIESIONE na 28 lipca, godziny bez zmian. We wszystkich spotkaniach udzia\u0142 jest BEZP\u0141ATNY.W dniu ka\u017cdego spotkania w dyskusji wydarzenia na Fb zostanie podany link do zooma. OPIS SPOTKA\u0143: Co mo\u017cna powiedzie\u0107 o niesko\u0144czonym [&hellip;]","og_url":"https:\/\/nck.krakow.pl\/kcc\/krakowski-festiwal-tanca-2022\/nieskonczone-cialo-spotkania-online-z-wojtkiem-klimczykiem\/","og_site_name":"Krakowskie Centrum Choreograficzne","article_modified_time":"2022-07-26T10:54:18+00:00","og_image":[{"url":"https:\/\/nck.krakow.pl\/kcc\/wp-content\/uploads\/2022\/06\/KFT_nieskonczone-cialo-1024x576.png"}],"twitter_card":"summary_large_image","twitter_misc":{"Est. reading time":"2 minuty"},"schema":{"@context":"https:\/\/schema.org","@graph":[{"@type":"WebPage","@id":"https:\/\/nck.krakow.pl\/kcc\/krakowski-festiwal-tanca-2022\/nieskonczone-cialo-spotkania-online-z-wojtkiem-klimczykiem\/","url":"https:\/\/nck.krakow.pl\/kcc\/krakowski-festiwal-tanca-2022\/nieskonczone-cialo-spotkania-online-z-wojtkiem-klimczykiem\/","name":"Niesko\u0144czone cia\u0142o - spotkania online z Wojtkiem Klimczykiem - Krakowskie Centrum Choreograficzne","isPartOf":{"@id":"https:\/\/nck.krakow.pl\/kcc\/#website"},"datePublished":"2022-06-20T09:21:56+00:00","dateModified":"2022-07-26T10:54:18+00:00","breadcrumb":{"@id":"https:\/\/nck.krakow.pl\/kcc\/krakowski-festiwal-tanca-2022\/nieskonczone-cialo-spotkania-online-z-wojtkiem-klimczykiem\/#breadcrumb"},"inLanguage":"pl-PL","potentialAction":[{"@type":"ReadAction","target":["https:\/\/nck.krakow.pl\/kcc\/krakowski-festiwal-tanca-2022\/nieskonczone-cialo-spotkania-online-z-wojtkiem-klimczykiem\/"]}]},{"@type":"BreadcrumbList","@id":"https:\/\/nck.krakow.pl\/kcc\/krakowski-festiwal-tanca-2022\/nieskonczone-cialo-spotkania-online-z-wojtkiem-klimczykiem\/#breadcrumb","itemListElement":[{"@type":"ListItem","position":1,"name":"Strona g\u0142\u00f3wna","item":"https:\/\/nck.krakow.pl\/kcc\/"},{"@type":"ListItem","position":2,"name":"Krakowski Festiwal Ta\u0144ca 2022","item":"https:\/\/nck.krakow.pl\/kcc\/krakowski-festiwal-tanca-2022\/"},{"@type":"ListItem","position":3,"name":"Niesko\u0144czone cia\u0142o &#8211; spotkania online z Wojtkiem Klimczykiem"}]},{"@type":"WebSite","@id":"https:\/\/nck.krakow.pl\/kcc\/#website","url":"https:\/\/nck.krakow.pl\/kcc\/","name":"Krakowskie Centrum Choreograficzne","description":"","publisher":{"@id":"https:\/\/nck.krakow.pl\/kcc\/#organization"},"potentialAction":[{"@type":"SearchAction","target":{"@type":"EntryPoint","urlTemplate":"https:\/\/nck.krakow.pl\/kcc\/?s={search_term_string}"},"query-input":"required name=search_term_string"}],"inLanguage":"pl-PL"},{"@type":"Organization","@id":"https:\/\/nck.krakow.pl\/kcc\/#organization","name":"Krakowskie Centrum Choreograficzne","url":"https:\/\/nck.krakow.pl\/kcc\/","logo":{"@type":"ImageObject","inLanguage":"pl-PL","@id":"https:\/\/nck.krakow.pl\/kcc\/#\/schema\/logo\/image\/","url":"https:\/\/nck.krakow.pl\/kcc\/wp-content\/uploads\/2020\/01\/cropped-logo-kcc-2020.png","contentUrl":"https:\/\/nck.krakow.pl\/kcc\/wp-content\/uploads\/2020\/01\/cropped-logo-kcc-2020.png","width":116,"height":55,"caption":"Krakowskie Centrum Choreograficzne"},"image":{"@id":"https:\/\/nck.krakow.pl\/kcc\/#\/schema\/logo\/image\/"}}]}},"_links":{"self":[{"href":"https:\/\/nck.krakow.pl\/kcc\/wp-json\/wp\/v2\/pages\/6068"}],"collection":[{"href":"https:\/\/nck.krakow.pl\/kcc\/wp-json\/wp\/v2\/pages"}],"about":[{"href":"https:\/\/nck.krakow.pl\/kcc\/wp-json\/wp\/v2\/types\/page"}],"author":[{"embeddable":true,"href":"https:\/\/nck.krakow.pl\/kcc\/wp-json\/wp\/v2\/users\/5"}],"replies":[{"embeddable":true,"href":"https:\/\/nck.krakow.pl\/kcc\/wp-json\/wp\/v2\/comments?post=6068"}],"version-history":[{"count":3,"href":"https:\/\/nck.krakow.pl\/kcc\/wp-json\/wp\/v2\/pages\/6068\/revisions"}],"predecessor-version":[{"id":6244,"href":"https:\/\/nck.krakow.pl\/kcc\/wp-json\/wp\/v2\/pages\/6068\/revisions\/6244"}],"up":[{"embeddable":true,"href":"https:\/\/nck.krakow.pl\/kcc\/wp-json\/wp\/v2\/pages\/5943"}],"wp:attachment":[{"href":"https:\/\/nck.krakow.pl\/kcc\/wp-json\/wp\/v2\/media?parent=6068"}],"curies":[{"name":"wp","href":"https:\/\/api.w.org\/{rel}","templated":true}]}}