{"id":6021,"date":"2022-06-14T13:42:44","date_gmt":"2022-06-14T13:42:44","guid":{"rendered":"https:\/\/nck.krakow.pl\/kcc\/?page_id=6021"},"modified":"2022-06-20T08:46:49","modified_gmt":"2022-06-20T08:46:49","slug":"warsztaty-krytyki","status":"publish","type":"page","link":"https:\/\/nck.krakow.pl\/kcc\/krakowski-festiwal-tanca-2022\/warsztaty-krytyki\/","title":{"rendered":"WARSZTATY GRUPY KRYTYCZNEJ"},"content":{"rendered":"\n<figure class=\"wp-block-image size-large\"><img loading=\"lazy\" decoding=\"async\" width=\"1024\" height=\"576\" src=\"https:\/\/nck.krakow.pl\/kcc\/wp-content\/uploads\/2022\/06\/KFT_warsztaty_krytyczne-1024x576.png\" alt=\"\" class=\"wp-image-6037\" srcset=\"https:\/\/nck.krakow.pl\/kcc\/wp-content\/uploads\/2022\/06\/KFT_warsztaty_krytyczne-1024x576.png 1024w, https:\/\/nck.krakow.pl\/kcc\/wp-content\/uploads\/2022\/06\/KFT_warsztaty_krytyczne-300x169.png 300w, https:\/\/nck.krakow.pl\/kcc\/wp-content\/uploads\/2022\/06\/KFT_warsztaty_krytyczne-768x432.png 768w, https:\/\/nck.krakow.pl\/kcc\/wp-content\/uploads\/2022\/06\/KFT_warsztaty_krytyczne-1536x864.png 1536w, https:\/\/nck.krakow.pl\/kcc\/wp-content\/uploads\/2022\/06\/KFT_warsztaty_krytyczne.png 1921w\" sizes=\"(max-width: 1024px) 100vw, 1024px\" \/><\/figure>\n\n\n\n<p>Po raz pierwszy w tym roku, w ramach Krakowskiego Festiwalu Ta\u0144ca, zapraszamy do udzia\u0142u w warsztatach grupy krytycznej, kt\u00f3re poprowadzi Hanna Raszewska \u2013 Kursa.<\/p>\n\n\n\n<p>Warsztaty b\u0119d\u0105 odbywa\u0107 si\u0119 przez ca\u0142y czas trwania festiwalu, tj. w dniach 1 \u2013 7 sierpnia 2022r., w godzinach 11.00-13.30, w Nowohuckim Centrum Kultury. Rezultaty pracy uczestnik\u00f3w_czek b\u0119d\u0105 codziennie publikowane w Internecie, na stronie Krakowskiego Centrum Choreograficznego. Organizatorki zapewniaj\u0105 uczestnikom_czkom bezp\u0142atny wst\u0119p na wszystkie spektakle festiwalowe. Warsztaty skierowane s\u0105 zar\u00f3wno do os\u00f3b stawiaj\u0105cych pierwsze kroki w dziedzinie krytyki, jak i tych z do\u015bwiadczeniem.<\/p>\n\n\n\n<p>Zg\u0142oszenia przyjmujemy mailowo do 15 lipca na adres <a href=\"mailto:hanna.raszewska@gmail.com\">hanna.raszewska@gmail.com<\/a>:<\/p>\n\n\n\n<ul class=\"wp-block-list\"><li>w tytule maila nale\u017cy wpisa\u0107 \u201ezg\u0142oszenie na warsztaty krytyki\u201d,<\/li><li>w tre\u015bci prosimy poda\u0107 imi\u0119, nazwisko, wiek, szko\u0142\u0119\/uczelni\u0119\/miejsce pracy,<\/li><li>do maila nale\u017cy za\u0142\u0105czy\u0107 pr\u00f3bk\u0119 swoich umiej\u0119tno\u015bci w postaci dowolnej recenzji w\u0142asnego autorstwa (publikowanej b\u0105d\u017a nie).<\/li><\/ul>\n\n\n\n<p>Udzia\u0142 w warsztatach jest p\u0142atny 50 z\u0142.<\/p>\n\n\n\n<p>Je\u015bli ch\u0119tnych os\u00f3b b\u0119dzie wi\u0119cej ni\u017c miejsc, o przyj\u0119ciu na warsztaty b\u0119dzie decydowa\u0107 kolejno\u015b\u0107 zg\u0142osze\u0144.<\/p>\n\n\n\n<p>REGULAMIN:<\/p>\n\n\n\n<div class=\"wp-block-file\"><a href=\"https:\/\/nck.krakow.pl\/kcc\/wp-content\/uploads\/2022\/06\/REGULAMIN_warsztaty_krytyki_KFT2022..docx\">REGULAMIN_warsztaty_krytyki_KFT2022.<\/a><a href=\"https:\/\/nck.krakow.pl\/kcc\/wp-content\/uploads\/2022\/06\/REGULAMIN_warsztaty_krytyki_KFT2022..docx\" class=\"wp-block-file__button\" download>Pobierz<\/a><\/div>\n\n\n\n<div style=\"height:100px\" aria-hidden=\"true\" class=\"wp-block-spacer\"><\/div>\n\n\n\n<p><strong>HANNA RASZEWSKA \u2013 KURSA<\/strong><\/p>\n\n\n\n<figure class=\"wp-block-image size-large is-resized\"><img loading=\"lazy\" decoding=\"async\" src=\"https:\/\/nck.krakow.pl\/kcc\/wp-content\/uploads\/2022\/06\/fot.-Marta-Ankiersztejn-3-684x1024.jpg\" alt=\"\" class=\"wp-image-6050\" width=\"290\" height=\"434\" srcset=\"https:\/\/nck.krakow.pl\/kcc\/wp-content\/uploads\/2022\/06\/fot.-Marta-Ankiersztejn-3-684x1024.jpg 684w, https:\/\/nck.krakow.pl\/kcc\/wp-content\/uploads\/2022\/06\/fot.-Marta-Ankiersztejn-3-200x300.jpg 200w, https:\/\/nck.krakow.pl\/kcc\/wp-content\/uploads\/2022\/06\/fot.-Marta-Ankiersztejn-3-768x1151.jpg 768w, https:\/\/nck.krakow.pl\/kcc\/wp-content\/uploads\/2022\/06\/fot.-Marta-Ankiersztejn-3-1025x1536.jpg 1025w, https:\/\/nck.krakow.pl\/kcc\/wp-content\/uploads\/2022\/06\/fot.-Marta-Ankiersztejn-3-1367x2048.jpg 1367w, https:\/\/nck.krakow.pl\/kcc\/wp-content\/uploads\/2022\/06\/fot.-Marta-Ankiersztejn-3-scaled.jpg 1709w\" sizes=\"(max-width: 290px) 100vw, 290px\" \/><\/figure>\n\n\n\n<p>Absolwentka Polonistyki UW, Podyplomowych Studi\u00f3w Teorii Ta\u0144ca UMFC i studi\u00f3w doktoranckich w Instytucie Sztuki PAN, gdzie z wyr\u00f3\u017cnieniem obroni\u0142a rozpraw\u0119 doktorsk\u0105. Do swoich najwa\u017cniejszych prac zalicza ksi\u0105\u017ck\u0119 <em>Teoria ta\u0144ca w polskiej praktyce<\/em>, napisan\u0105 w ramach stypendium MKiDN i wydan\u0105 w ramach programu IMiT, monografi\u0119 pod swoj\u0105 redakcj\u0105 pt. <em>Taniec w Warszawie \u2013 spo\u0142ecze\u0144stwo, edukacja, kultura, <\/em>oraz katalog <em>Bibliografia zagadnie\u0144 ta\u0144ca 1967-2017. Wybrane obszary<\/em> opracowany wsp\u00f3lnie z Z. Kupidur\u0105 i dr A. Kleinrok. Jako krytyczka regularnie publikuje na \u0142amach m.in. \u201enietakt!tu\u201d, taniecPOLSKA.pl, teatralny.pl. W 2020 r. by\u0142a redaktork\u0105 dzia\u0142u \u201eTaniec: diagnoza\u201d w specjalnym numerze \u201enietakt!tu\u201d (3[38]). By\u0142a finalistk\u0105 III Og\u00f3lnopolskiego Konkursu im. Andrzeja \u017burowskiego na recenzje teatralne dla m\u0142odych krytyk\u00f3w. Prowadzi warsztaty i kursy pisania o ta\u0144cu. Jako reprezentantka Otwartego Forum \u015arodowisk Sztuki Ta\u0144ca by\u0142a cz\u0142onkini\u0105 Komisji Artystycznej Polskiej Platformy Ta\u0144ca 2019.<\/p>\n\n\n\n<p>fot. Marta Ankiersztejn<\/p>\n\n\n\n<div style=\"height:100px\" aria-hidden=\"true\" class=\"wp-block-spacer\"><\/div>\n\n\n\n<figure class=\"wp-block-image size-large\"><img loading=\"lazy\" decoding=\"async\" width=\"1024\" height=\"105\" src=\"https:\/\/nck.krakow.pl\/kcc\/wp-content\/uploads\/2022\/06\/belka-z-logotypami-KFT-2022-1-1024x105.png\" alt=\"\" class=\"wp-image-6026\" srcset=\"https:\/\/nck.krakow.pl\/kcc\/wp-content\/uploads\/2022\/06\/belka-z-logotypami-KFT-2022-1-1024x105.png 1024w, https:\/\/nck.krakow.pl\/kcc\/wp-content\/uploads\/2022\/06\/belka-z-logotypami-KFT-2022-1-300x31.png 300w, https:\/\/nck.krakow.pl\/kcc\/wp-content\/uploads\/2022\/06\/belka-z-logotypami-KFT-2022-1-768x79.png 768w, https:\/\/nck.krakow.pl\/kcc\/wp-content\/uploads\/2022\/06\/belka-z-logotypami-KFT-2022-1-1536x157.png 1536w, https:\/\/nck.krakow.pl\/kcc\/wp-content\/uploads\/2022\/06\/belka-z-logotypami-KFT-2022-1-2048x210.png 2048w\" sizes=\"(max-width: 1024px) 100vw, 1024px\" \/><\/figure>\n\n\n\n<p><em>Dofinansowano ze \u015brodk\u00f3w Ministra Kultury i Dziedzictwa Narodowego pochodz\u0105cych z Funduszu Promocji Kultury \u2013 pa\u0144stwowego funduszu celowego, w ramach programu \u201eTaniec\u201d, realizowanego przez Narodowy Instytut Muzyki i Ta\u0144ca.<\/em><\/p>\n","protected":false},"excerpt":{"rendered":"<p>Po raz pierwszy w tym roku, w ramach Krakowskiego Festiwalu Ta\u0144ca, zapraszamy do udzia\u0142u w warsztatach grupy krytycznej, kt\u00f3re poprowadzi Hanna Raszewska \u2013 Kursa. Warsztaty b\u0119d\u0105 odbywa\u0107 si\u0119 przez ca\u0142y czas trwania festiwalu, tj. w dniach 1 \u2013 7 sierpnia 2022r., w godzinach 11.00-13.30, w Nowohuckim Centrum Kultury. Rezultaty pracy uczestnik\u00f3w_czek b\u0119d\u0105 codziennie publikowane w [&hellip;]<\/p>\n","protected":false},"author":5,"featured_media":0,"parent":5943,"menu_order":0,"comment_status":"closed","ping_status":"closed","template":"","meta":{"footnotes":""},"class_list":["post-6021","page","type-page","status-publish","hentry"],"yoast_head":"<!-- This site is optimized with the Yoast SEO plugin v19.12 - https:\/\/yoast.com\/wordpress\/plugins\/seo\/ -->\n<title>WARSZTATY GRUPY KRYTYCZNEJ - Krakowskie Centrum Choreograficzne<\/title>\n<meta name=\"robots\" content=\"index, follow, max-snippet:-1, max-image-preview:large, max-video-preview:-1\" \/>\n<link rel=\"canonical\" href=\"https:\/\/nck.krakow.pl\/kcc\/krakowski-festiwal-tanca-2022\/warsztaty-krytyki\/\" \/>\n<meta property=\"og:locale\" content=\"pl_PL\" \/>\n<meta property=\"og:type\" content=\"article\" \/>\n<meta property=\"og:title\" content=\"WARSZTATY GRUPY KRYTYCZNEJ - Krakowskie Centrum Choreograficzne\" \/>\n<meta property=\"og:description\" content=\"Po raz pierwszy w tym roku, w ramach Krakowskiego Festiwalu Ta\u0144ca, zapraszamy do udzia\u0142u w warsztatach grupy krytycznej, kt\u00f3re poprowadzi Hanna Raszewska \u2013 Kursa. Warsztaty b\u0119d\u0105 odbywa\u0107 si\u0119 przez ca\u0142y czas trwania festiwalu, tj. w dniach 1 \u2013 7 sierpnia 2022r., w godzinach 11.00-13.30, w Nowohuckim Centrum Kultury. Rezultaty pracy uczestnik\u00f3w_czek b\u0119d\u0105 codziennie publikowane w [&hellip;]\" \/>\n<meta property=\"og:url\" content=\"https:\/\/nck.krakow.pl\/kcc\/krakowski-festiwal-tanca-2022\/warsztaty-krytyki\/\" \/>\n<meta property=\"og:site_name\" content=\"Krakowskie Centrum Choreograficzne\" \/>\n<meta property=\"article:modified_time\" content=\"2022-06-20T08:46:49+00:00\" \/>\n<meta property=\"og:image\" content=\"https:\/\/nck.krakow.pl\/kcc\/wp-content\/uploads\/2022\/06\/KFT_warsztaty_krytyczne-1024x576.png\" \/>\n<meta name=\"twitter:card\" content=\"summary_large_image\" \/>\n<meta name=\"twitter:label1\" content=\"Est. reading time\" \/>\n\t<meta name=\"twitter:data1\" content=\"2 minuty\" \/>\n<script type=\"application\/ld+json\" class=\"yoast-schema-graph\">{\"@context\":\"https:\/\/schema.org\",\"@graph\":[{\"@type\":\"WebPage\",\"@id\":\"https:\/\/nck.krakow.pl\/kcc\/krakowski-festiwal-tanca-2022\/warsztaty-krytyki\/\",\"url\":\"https:\/\/nck.krakow.pl\/kcc\/krakowski-festiwal-tanca-2022\/warsztaty-krytyki\/\",\"name\":\"WARSZTATY GRUPY KRYTYCZNEJ - Krakowskie Centrum Choreograficzne\",\"isPartOf\":{\"@id\":\"https:\/\/nck.krakow.pl\/kcc\/#website\"},\"datePublished\":\"2022-06-14T13:42:44+00:00\",\"dateModified\":\"2022-06-20T08:46:49+00:00\",\"breadcrumb\":{\"@id\":\"https:\/\/nck.krakow.pl\/kcc\/krakowski-festiwal-tanca-2022\/warsztaty-krytyki\/#breadcrumb\"},\"inLanguage\":\"pl-PL\",\"potentialAction\":[{\"@type\":\"ReadAction\",\"target\":[\"https:\/\/nck.krakow.pl\/kcc\/krakowski-festiwal-tanca-2022\/warsztaty-krytyki\/\"]}]},{\"@type\":\"BreadcrumbList\",\"@id\":\"https:\/\/nck.krakow.pl\/kcc\/krakowski-festiwal-tanca-2022\/warsztaty-krytyki\/#breadcrumb\",\"itemListElement\":[{\"@type\":\"ListItem\",\"position\":1,\"name\":\"Strona g\u0142\u00f3wna\",\"item\":\"https:\/\/nck.krakow.pl\/kcc\/\"},{\"@type\":\"ListItem\",\"position\":2,\"name\":\"Krakowski Festiwal Ta\u0144ca 2022\",\"item\":\"https:\/\/nck.krakow.pl\/kcc\/krakowski-festiwal-tanca-2022\/\"},{\"@type\":\"ListItem\",\"position\":3,\"name\":\"WARSZTATY GRUPY KRYTYCZNEJ\"}]},{\"@type\":\"WebSite\",\"@id\":\"https:\/\/nck.krakow.pl\/kcc\/#website\",\"url\":\"https:\/\/nck.krakow.pl\/kcc\/\",\"name\":\"Krakowskie Centrum Choreograficzne\",\"description\":\"\",\"publisher\":{\"@id\":\"https:\/\/nck.krakow.pl\/kcc\/#organization\"},\"potentialAction\":[{\"@type\":\"SearchAction\",\"target\":{\"@type\":\"EntryPoint\",\"urlTemplate\":\"https:\/\/nck.krakow.pl\/kcc\/?s={search_term_string}\"},\"query-input\":\"required name=search_term_string\"}],\"inLanguage\":\"pl-PL\"},{\"@type\":\"Organization\",\"@id\":\"https:\/\/nck.krakow.pl\/kcc\/#organization\",\"name\":\"Krakowskie Centrum Choreograficzne\",\"url\":\"https:\/\/nck.krakow.pl\/kcc\/\",\"logo\":{\"@type\":\"ImageObject\",\"inLanguage\":\"pl-PL\",\"@id\":\"https:\/\/nck.krakow.pl\/kcc\/#\/schema\/logo\/image\/\",\"url\":\"https:\/\/nck.krakow.pl\/kcc\/wp-content\/uploads\/2020\/01\/cropped-logo-kcc-2020.png\",\"contentUrl\":\"https:\/\/nck.krakow.pl\/kcc\/wp-content\/uploads\/2020\/01\/cropped-logo-kcc-2020.png\",\"width\":116,\"height\":55,\"caption\":\"Krakowskie Centrum Choreograficzne\"},\"image\":{\"@id\":\"https:\/\/nck.krakow.pl\/kcc\/#\/schema\/logo\/image\/\"}}]}<\/script>\n<!-- \/ Yoast SEO plugin. -->","yoast_head_json":{"title":"WARSZTATY GRUPY KRYTYCZNEJ - Krakowskie Centrum Choreograficzne","robots":{"index":"index","follow":"follow","max-snippet":"max-snippet:-1","max-image-preview":"max-image-preview:large","max-video-preview":"max-video-preview:-1"},"canonical":"https:\/\/nck.krakow.pl\/kcc\/krakowski-festiwal-tanca-2022\/warsztaty-krytyki\/","og_locale":"pl_PL","og_type":"article","og_title":"WARSZTATY GRUPY KRYTYCZNEJ - Krakowskie Centrum Choreograficzne","og_description":"Po raz pierwszy w tym roku, w ramach Krakowskiego Festiwalu Ta\u0144ca, zapraszamy do udzia\u0142u w warsztatach grupy krytycznej, kt\u00f3re poprowadzi Hanna Raszewska \u2013 Kursa. Warsztaty b\u0119d\u0105 odbywa\u0107 si\u0119 przez ca\u0142y czas trwania festiwalu, tj. w dniach 1 \u2013 7 sierpnia 2022r., w godzinach 11.00-13.30, w Nowohuckim Centrum Kultury. Rezultaty pracy uczestnik\u00f3w_czek b\u0119d\u0105 codziennie publikowane w [&hellip;]","og_url":"https:\/\/nck.krakow.pl\/kcc\/krakowski-festiwal-tanca-2022\/warsztaty-krytyki\/","og_site_name":"Krakowskie Centrum Choreograficzne","article_modified_time":"2022-06-20T08:46:49+00:00","og_image":[{"url":"https:\/\/nck.krakow.pl\/kcc\/wp-content\/uploads\/2022\/06\/KFT_warsztaty_krytyczne-1024x576.png"}],"twitter_card":"summary_large_image","twitter_misc":{"Est. reading time":"2 minuty"},"schema":{"@context":"https:\/\/schema.org","@graph":[{"@type":"WebPage","@id":"https:\/\/nck.krakow.pl\/kcc\/krakowski-festiwal-tanca-2022\/warsztaty-krytyki\/","url":"https:\/\/nck.krakow.pl\/kcc\/krakowski-festiwal-tanca-2022\/warsztaty-krytyki\/","name":"WARSZTATY GRUPY KRYTYCZNEJ - Krakowskie Centrum Choreograficzne","isPartOf":{"@id":"https:\/\/nck.krakow.pl\/kcc\/#website"},"datePublished":"2022-06-14T13:42:44+00:00","dateModified":"2022-06-20T08:46:49+00:00","breadcrumb":{"@id":"https:\/\/nck.krakow.pl\/kcc\/krakowski-festiwal-tanca-2022\/warsztaty-krytyki\/#breadcrumb"},"inLanguage":"pl-PL","potentialAction":[{"@type":"ReadAction","target":["https:\/\/nck.krakow.pl\/kcc\/krakowski-festiwal-tanca-2022\/warsztaty-krytyki\/"]}]},{"@type":"BreadcrumbList","@id":"https:\/\/nck.krakow.pl\/kcc\/krakowski-festiwal-tanca-2022\/warsztaty-krytyki\/#breadcrumb","itemListElement":[{"@type":"ListItem","position":1,"name":"Strona g\u0142\u00f3wna","item":"https:\/\/nck.krakow.pl\/kcc\/"},{"@type":"ListItem","position":2,"name":"Krakowski Festiwal Ta\u0144ca 2022","item":"https:\/\/nck.krakow.pl\/kcc\/krakowski-festiwal-tanca-2022\/"},{"@type":"ListItem","position":3,"name":"WARSZTATY GRUPY KRYTYCZNEJ"}]},{"@type":"WebSite","@id":"https:\/\/nck.krakow.pl\/kcc\/#website","url":"https:\/\/nck.krakow.pl\/kcc\/","name":"Krakowskie Centrum Choreograficzne","description":"","publisher":{"@id":"https:\/\/nck.krakow.pl\/kcc\/#organization"},"potentialAction":[{"@type":"SearchAction","target":{"@type":"EntryPoint","urlTemplate":"https:\/\/nck.krakow.pl\/kcc\/?s={search_term_string}"},"query-input":"required name=search_term_string"}],"inLanguage":"pl-PL"},{"@type":"Organization","@id":"https:\/\/nck.krakow.pl\/kcc\/#organization","name":"Krakowskie Centrum Choreograficzne","url":"https:\/\/nck.krakow.pl\/kcc\/","logo":{"@type":"ImageObject","inLanguage":"pl-PL","@id":"https:\/\/nck.krakow.pl\/kcc\/#\/schema\/logo\/image\/","url":"https:\/\/nck.krakow.pl\/kcc\/wp-content\/uploads\/2020\/01\/cropped-logo-kcc-2020.png","contentUrl":"https:\/\/nck.krakow.pl\/kcc\/wp-content\/uploads\/2020\/01\/cropped-logo-kcc-2020.png","width":116,"height":55,"caption":"Krakowskie Centrum Choreograficzne"},"image":{"@id":"https:\/\/nck.krakow.pl\/kcc\/#\/schema\/logo\/image\/"}}]}},"_links":{"self":[{"href":"https:\/\/nck.krakow.pl\/kcc\/wp-json\/wp\/v2\/pages\/6021"}],"collection":[{"href":"https:\/\/nck.krakow.pl\/kcc\/wp-json\/wp\/v2\/pages"}],"about":[{"href":"https:\/\/nck.krakow.pl\/kcc\/wp-json\/wp\/v2\/types\/page"}],"author":[{"embeddable":true,"href":"https:\/\/nck.krakow.pl\/kcc\/wp-json\/wp\/v2\/users\/5"}],"replies":[{"embeddable":true,"href":"https:\/\/nck.krakow.pl\/kcc\/wp-json\/wp\/v2\/comments?post=6021"}],"version-history":[{"count":4,"href":"https:\/\/nck.krakow.pl\/kcc\/wp-json\/wp\/v2\/pages\/6021\/revisions"}],"predecessor-version":[{"id":6062,"href":"https:\/\/nck.krakow.pl\/kcc\/wp-json\/wp\/v2\/pages\/6021\/revisions\/6062"}],"up":[{"embeddable":true,"href":"https:\/\/nck.krakow.pl\/kcc\/wp-json\/wp\/v2\/pages\/5943"}],"wp:attachment":[{"href":"https:\/\/nck.krakow.pl\/kcc\/wp-json\/wp\/v2\/media?parent=6021"}],"curies":[{"name":"wp","href":"https:\/\/api.w.org\/{rel}","templated":true}]}}