{"id":5275,"date":"2021-07-22T12:34:42","date_gmt":"2021-07-22T12:34:42","guid":{"rendered":"https:\/\/nck.krakow.pl\/kcc\/?page_id=5275"},"modified":"2021-08-17T10:46:59","modified_gmt":"2021-08-17T10:46:59","slug":"wieczor-laureatow-10-edycji-konkursu-choreograficznego-321taniec","status":"publish","type":"page","link":"https:\/\/nck.krakow.pl\/kcc\/krakowski-festiwal-tanca-2021\/wieczor-laureatow-10-edycji-konkursu-choreograficznego-321taniec\/","title":{"rendered":"Wiecz\u00f3r laureat\u00f3w 10. edycji konkursu choreograficznego 3\u20262\u20261\u2026TANIEC!"},"content":{"rendered":"\n<figure class=\"wp-block-image size-large\"><img loading=\"lazy\" decoding=\"async\" width=\"595\" height=\"595\" src=\"https:\/\/nck.krakow.pl\/kcc\/wp-content\/uploads\/2021\/07\/konkurs-choreograficzny.jpg\" alt=\"\" class=\"wp-image-5239\" srcset=\"https:\/\/nck.krakow.pl\/kcc\/wp-content\/uploads\/2021\/07\/konkurs-choreograficzny.jpg 595w, https:\/\/nck.krakow.pl\/kcc\/wp-content\/uploads\/2021\/07\/konkurs-choreograficzny-300x300.jpg 300w, https:\/\/nck.krakow.pl\/kcc\/wp-content\/uploads\/2021\/07\/konkurs-choreograficzny-150x150.jpg 150w\" sizes=\"(max-width: 595px) 100vw, 595px\" \/><\/figure>\n\n\n\n<p><strong>Wiecz\u00f3r laureat\u00f3w 10. edycji&nbsp;konkursu choreograficznego 3\u20262\u20261\u2026TANIEC!&nbsp;<\/strong><\/p>\n\n\n\n<p><strong>15 sierpnia 2021 (niedziela), godz. 18:00<\/strong>, Studio KCC, bilety 15\/25 z\u0142<\/p>\n\n\n\n<div style=\"height:30px\" aria-hidden=\"true\" class=\"wp-block-spacer\"><\/div>\n\n\n\n<p>Konkurs choreograficzny 3\u20262\u20261\u2026TANIEC! to wyj\u0105tkowe wydarzenie, podczas kt\u00f3rego prezentowane s\u0105 kr\u00f3tkie formy solowe, duety i tria oparte na szeroko rozumianej technice ta\u0144ca wsp\u00f3\u0142czesnego. Wyr\u00f3\u017cnikiem konkursu jest system przyznawania nagr\u00f3d \u2013 ka\u017cdy juror bez konsultacji z pozosta\u0142ymi cz\u0142onkami jury przyznaje dwie indywidualne nagrody dla dw\u00f3ch prezentacji. Impreza jest otwarta dla publiczno\u015bci, kt\u00f3ra r\u00f3wnie\u017c przyznaje swoj\u0105 nagrod\u0119 (kolektywnie, w drodze g\u0142osowania).<\/p>\n\n\n\n<p>Mimo i\u017c 3\u20262\u20261\u2026TANIEC! ma charakter konkursowy, podstawowym za\u0142o\u017ceniem wydarzenia jest dialog. Przede wszystkim w postaci rozmowy pokonkursowej, kiedy jurorzy omawiaj\u0105 z uczestnikami i publiczno\u015bci\u0105 zaprezentowane prace oraz dyskutuj\u0105 o choreografii w og\u00f3le. Konkurs w KCC jest bli\u017cej formy przegl\u0105du ni\u017c konfrontacji. Umo\u017cliwiamy kontakt artyst\u00f3w z profesjonalnym jury oraz rozpoczynamy otwart\u0105 rozmow\u0119, dzi\u0119ki czemu inspirujemy si\u0119 wzajemnie sposobami patrzenia na taniec i konstruowania go.<\/p>\n","protected":false},"excerpt":{"rendered":"<p>Wiecz\u00f3r laureat\u00f3w 10. edycji&nbsp;konkursu choreograficznego 3\u20262\u20261\u2026TANIEC!&nbsp; 15 sierpnia 2021 (niedziela), godz. 18:00, Studio KCC, bilety 15\/25 z\u0142 Konkurs choreograficzny 3\u20262\u20261\u2026TANIEC! to wyj\u0105tkowe wydarzenie, podczas kt\u00f3rego prezentowane s\u0105 kr\u00f3tkie formy solowe, duety i tria oparte na szeroko rozumianej technice ta\u0144ca wsp\u00f3\u0142czesnego. Wyr\u00f3\u017cnikiem konkursu jest system przyznawania nagr\u00f3d \u2013 ka\u017cdy juror bez konsultacji z pozosta\u0142ymi cz\u0142onkami jury [&hellip;]<\/p>\n","protected":false},"author":5,"featured_media":0,"parent":3723,"menu_order":0,"comment_status":"closed","ping_status":"closed","template":"","meta":{"footnotes":""},"class_list":["post-5275","page","type-page","status-publish","hentry"],"yoast_head":"<!-- This site is optimized with the Yoast SEO plugin v19.12 - https:\/\/yoast.com\/wordpress\/plugins\/seo\/ -->\n<title>Wiecz\u00f3r laureat\u00f3w 10. edycji konkursu choreograficznego 3\u20262\u20261\u2026TANIEC! - Krakowskie Centrum Choreograficzne<\/title>\n<meta name=\"robots\" content=\"index, follow, max-snippet:-1, max-image-preview:large, max-video-preview:-1\" \/>\n<link rel=\"canonical\" href=\"https:\/\/nck.krakow.pl\/kcc\/krakowski-festiwal-tanca-2021\/wieczor-laureatow-10-edycji-konkursu-choreograficznego-321taniec\/\" \/>\n<meta property=\"og:locale\" content=\"pl_PL\" \/>\n<meta property=\"og:type\" content=\"article\" \/>\n<meta property=\"og:title\" content=\"Wiecz\u00f3r laureat\u00f3w 10. edycji konkursu choreograficznego 3\u20262\u20261\u2026TANIEC! - Krakowskie Centrum Choreograficzne\" \/>\n<meta property=\"og:description\" content=\"Wiecz\u00f3r laureat\u00f3w 10. edycji&nbsp;konkursu choreograficznego 3\u20262\u20261\u2026TANIEC!&nbsp; 15 sierpnia 2021 (niedziela), godz. 18:00, Studio KCC, bilety 15\/25 z\u0142 Konkurs choreograficzny 3\u20262\u20261\u2026TANIEC! to wyj\u0105tkowe wydarzenie, podczas kt\u00f3rego prezentowane s\u0105 kr\u00f3tkie formy solowe, duety i tria oparte na szeroko rozumianej technice ta\u0144ca wsp\u00f3\u0142czesnego. Wyr\u00f3\u017cnikiem konkursu jest system przyznawania nagr\u00f3d \u2013 ka\u017cdy juror bez konsultacji z pozosta\u0142ymi cz\u0142onkami jury [&hellip;]\" \/>\n<meta property=\"og:url\" content=\"https:\/\/nck.krakow.pl\/kcc\/krakowski-festiwal-tanca-2021\/wieczor-laureatow-10-edycji-konkursu-choreograficznego-321taniec\/\" \/>\n<meta property=\"og:site_name\" content=\"Krakowskie Centrum Choreograficzne\" \/>\n<meta property=\"article:modified_time\" content=\"2021-08-17T10:46:59+00:00\" \/>\n<meta property=\"og:image\" content=\"https:\/\/nck.krakow.pl\/kcc\/wp-content\/uploads\/2021\/07\/konkurs-choreograficzny.jpg\" \/>\n<meta name=\"twitter:card\" content=\"summary_large_image\" \/>\n<meta name=\"twitter:label1\" content=\"Est. reading time\" \/>\n\t<meta name=\"twitter:data1\" content=\"1 minuta\" \/>\n<script type=\"application\/ld+json\" class=\"yoast-schema-graph\">{\"@context\":\"https:\/\/schema.org\",\"@graph\":[{\"@type\":\"WebPage\",\"@id\":\"https:\/\/nck.krakow.pl\/kcc\/krakowski-festiwal-tanca-2021\/wieczor-laureatow-10-edycji-konkursu-choreograficznego-321taniec\/\",\"url\":\"https:\/\/nck.krakow.pl\/kcc\/krakowski-festiwal-tanca-2021\/wieczor-laureatow-10-edycji-konkursu-choreograficznego-321taniec\/\",\"name\":\"Wiecz\u00f3r laureat\u00f3w 10. edycji konkursu choreograficznego 3\u20262\u20261\u2026TANIEC! - Krakowskie Centrum Choreograficzne\",\"isPartOf\":{\"@id\":\"https:\/\/nck.krakow.pl\/kcc\/#website\"},\"datePublished\":\"2021-07-22T12:34:42+00:00\",\"dateModified\":\"2021-08-17T10:46:59+00:00\",\"breadcrumb\":{\"@id\":\"https:\/\/nck.krakow.pl\/kcc\/krakowski-festiwal-tanca-2021\/wieczor-laureatow-10-edycji-konkursu-choreograficznego-321taniec\/#breadcrumb\"},\"inLanguage\":\"pl-PL\",\"potentialAction\":[{\"@type\":\"ReadAction\",\"target\":[\"https:\/\/nck.krakow.pl\/kcc\/krakowski-festiwal-tanca-2021\/wieczor-laureatow-10-edycji-konkursu-choreograficznego-321taniec\/\"]}]},{\"@type\":\"BreadcrumbList\",\"@id\":\"https:\/\/nck.krakow.pl\/kcc\/krakowski-festiwal-tanca-2021\/wieczor-laureatow-10-edycji-konkursu-choreograficznego-321taniec\/#breadcrumb\",\"itemListElement\":[{\"@type\":\"ListItem\",\"position\":1,\"name\":\"Strona g\u0142\u00f3wna\",\"item\":\"https:\/\/nck.krakow.pl\/kcc\/\"},{\"@type\":\"ListItem\",\"position\":2,\"name\":\"Krakowski Festiwal Ta\u0144ca 2021\",\"item\":\"https:\/\/nck.krakow.pl\/kcc\/krakowski-festiwal-tanca-2021\/\"},{\"@type\":\"ListItem\",\"position\":3,\"name\":\"Wiecz\u00f3r laureat\u00f3w 10. edycji konkursu choreograficznego 3\u20262\u20261\u2026TANIEC!\"}]},{\"@type\":\"WebSite\",\"@id\":\"https:\/\/nck.krakow.pl\/kcc\/#website\",\"url\":\"https:\/\/nck.krakow.pl\/kcc\/\",\"name\":\"Krakowskie Centrum Choreograficzne\",\"description\":\"\",\"publisher\":{\"@id\":\"https:\/\/nck.krakow.pl\/kcc\/#organization\"},\"potentialAction\":[{\"@type\":\"SearchAction\",\"target\":{\"@type\":\"EntryPoint\",\"urlTemplate\":\"https:\/\/nck.krakow.pl\/kcc\/?s={search_term_string}\"},\"query-input\":\"required name=search_term_string\"}],\"inLanguage\":\"pl-PL\"},{\"@type\":\"Organization\",\"@id\":\"https:\/\/nck.krakow.pl\/kcc\/#organization\",\"name\":\"Krakowskie Centrum Choreograficzne\",\"url\":\"https:\/\/nck.krakow.pl\/kcc\/\",\"logo\":{\"@type\":\"ImageObject\",\"inLanguage\":\"pl-PL\",\"@id\":\"https:\/\/nck.krakow.pl\/kcc\/#\/schema\/logo\/image\/\",\"url\":\"https:\/\/nck.krakow.pl\/kcc\/wp-content\/uploads\/2020\/01\/cropped-logo-kcc-2020.png\",\"contentUrl\":\"https:\/\/nck.krakow.pl\/kcc\/wp-content\/uploads\/2020\/01\/cropped-logo-kcc-2020.png\",\"width\":116,\"height\":55,\"caption\":\"Krakowskie Centrum Choreograficzne\"},\"image\":{\"@id\":\"https:\/\/nck.krakow.pl\/kcc\/#\/schema\/logo\/image\/\"}}]}<\/script>\n<!-- \/ Yoast SEO plugin. -->","yoast_head_json":{"title":"Wiecz\u00f3r laureat\u00f3w 10. edycji konkursu choreograficznego 3\u20262\u20261\u2026TANIEC! - Krakowskie Centrum Choreograficzne","robots":{"index":"index","follow":"follow","max-snippet":"max-snippet:-1","max-image-preview":"max-image-preview:large","max-video-preview":"max-video-preview:-1"},"canonical":"https:\/\/nck.krakow.pl\/kcc\/krakowski-festiwal-tanca-2021\/wieczor-laureatow-10-edycji-konkursu-choreograficznego-321taniec\/","og_locale":"pl_PL","og_type":"article","og_title":"Wiecz\u00f3r laureat\u00f3w 10. edycji konkursu choreograficznego 3\u20262\u20261\u2026TANIEC! - Krakowskie Centrum Choreograficzne","og_description":"Wiecz\u00f3r laureat\u00f3w 10. edycji&nbsp;konkursu choreograficznego 3\u20262\u20261\u2026TANIEC!&nbsp; 15 sierpnia 2021 (niedziela), godz. 18:00, Studio KCC, bilety 15\/25 z\u0142 Konkurs choreograficzny 3\u20262\u20261\u2026TANIEC! to wyj\u0105tkowe wydarzenie, podczas kt\u00f3rego prezentowane s\u0105 kr\u00f3tkie formy solowe, duety i tria oparte na szeroko rozumianej technice ta\u0144ca wsp\u00f3\u0142czesnego. Wyr\u00f3\u017cnikiem konkursu jest system przyznawania nagr\u00f3d \u2013 ka\u017cdy juror bez konsultacji z pozosta\u0142ymi cz\u0142onkami jury [&hellip;]","og_url":"https:\/\/nck.krakow.pl\/kcc\/krakowski-festiwal-tanca-2021\/wieczor-laureatow-10-edycji-konkursu-choreograficznego-321taniec\/","og_site_name":"Krakowskie Centrum Choreograficzne","article_modified_time":"2021-08-17T10:46:59+00:00","og_image":[{"url":"https:\/\/nck.krakow.pl\/kcc\/wp-content\/uploads\/2021\/07\/konkurs-choreograficzny.jpg"}],"twitter_card":"summary_large_image","twitter_misc":{"Est. reading time":"1 minuta"},"schema":{"@context":"https:\/\/schema.org","@graph":[{"@type":"WebPage","@id":"https:\/\/nck.krakow.pl\/kcc\/krakowski-festiwal-tanca-2021\/wieczor-laureatow-10-edycji-konkursu-choreograficznego-321taniec\/","url":"https:\/\/nck.krakow.pl\/kcc\/krakowski-festiwal-tanca-2021\/wieczor-laureatow-10-edycji-konkursu-choreograficznego-321taniec\/","name":"Wiecz\u00f3r laureat\u00f3w 10. edycji konkursu choreograficznego 3\u20262\u20261\u2026TANIEC! - Krakowskie Centrum Choreograficzne","isPartOf":{"@id":"https:\/\/nck.krakow.pl\/kcc\/#website"},"datePublished":"2021-07-22T12:34:42+00:00","dateModified":"2021-08-17T10:46:59+00:00","breadcrumb":{"@id":"https:\/\/nck.krakow.pl\/kcc\/krakowski-festiwal-tanca-2021\/wieczor-laureatow-10-edycji-konkursu-choreograficznego-321taniec\/#breadcrumb"},"inLanguage":"pl-PL","potentialAction":[{"@type":"ReadAction","target":["https:\/\/nck.krakow.pl\/kcc\/krakowski-festiwal-tanca-2021\/wieczor-laureatow-10-edycji-konkursu-choreograficznego-321taniec\/"]}]},{"@type":"BreadcrumbList","@id":"https:\/\/nck.krakow.pl\/kcc\/krakowski-festiwal-tanca-2021\/wieczor-laureatow-10-edycji-konkursu-choreograficznego-321taniec\/#breadcrumb","itemListElement":[{"@type":"ListItem","position":1,"name":"Strona g\u0142\u00f3wna","item":"https:\/\/nck.krakow.pl\/kcc\/"},{"@type":"ListItem","position":2,"name":"Krakowski Festiwal Ta\u0144ca 2021","item":"https:\/\/nck.krakow.pl\/kcc\/krakowski-festiwal-tanca-2021\/"},{"@type":"ListItem","position":3,"name":"Wiecz\u00f3r laureat\u00f3w 10. edycji konkursu choreograficznego 3\u20262\u20261\u2026TANIEC!"}]},{"@type":"WebSite","@id":"https:\/\/nck.krakow.pl\/kcc\/#website","url":"https:\/\/nck.krakow.pl\/kcc\/","name":"Krakowskie Centrum Choreograficzne","description":"","publisher":{"@id":"https:\/\/nck.krakow.pl\/kcc\/#organization"},"potentialAction":[{"@type":"SearchAction","target":{"@type":"EntryPoint","urlTemplate":"https:\/\/nck.krakow.pl\/kcc\/?s={search_term_string}"},"query-input":"required name=search_term_string"}],"inLanguage":"pl-PL"},{"@type":"Organization","@id":"https:\/\/nck.krakow.pl\/kcc\/#organization","name":"Krakowskie Centrum Choreograficzne","url":"https:\/\/nck.krakow.pl\/kcc\/","logo":{"@type":"ImageObject","inLanguage":"pl-PL","@id":"https:\/\/nck.krakow.pl\/kcc\/#\/schema\/logo\/image\/","url":"https:\/\/nck.krakow.pl\/kcc\/wp-content\/uploads\/2020\/01\/cropped-logo-kcc-2020.png","contentUrl":"https:\/\/nck.krakow.pl\/kcc\/wp-content\/uploads\/2020\/01\/cropped-logo-kcc-2020.png","width":116,"height":55,"caption":"Krakowskie Centrum Choreograficzne"},"image":{"@id":"https:\/\/nck.krakow.pl\/kcc\/#\/schema\/logo\/image\/"}}]}},"_links":{"self":[{"href":"https:\/\/nck.krakow.pl\/kcc\/wp-json\/wp\/v2\/pages\/5275"}],"collection":[{"href":"https:\/\/nck.krakow.pl\/kcc\/wp-json\/wp\/v2\/pages"}],"about":[{"href":"https:\/\/nck.krakow.pl\/kcc\/wp-json\/wp\/v2\/types\/page"}],"author":[{"embeddable":true,"href":"https:\/\/nck.krakow.pl\/kcc\/wp-json\/wp\/v2\/users\/5"}],"replies":[{"embeddable":true,"href":"https:\/\/nck.krakow.pl\/kcc\/wp-json\/wp\/v2\/comments?post=5275"}],"version-history":[{"count":4,"href":"https:\/\/nck.krakow.pl\/kcc\/wp-json\/wp\/v2\/pages\/5275\/revisions"}],"predecessor-version":[{"id":5518,"href":"https:\/\/nck.krakow.pl\/kcc\/wp-json\/wp\/v2\/pages\/5275\/revisions\/5518"}],"up":[{"embeddable":true,"href":"https:\/\/nck.krakow.pl\/kcc\/wp-json\/wp\/v2\/pages\/3723"}],"wp:attachment":[{"href":"https:\/\/nck.krakow.pl\/kcc\/wp-json\/wp\/v2\/media?parent=5275"}],"curies":[{"name":"wp","href":"https:\/\/api.w.org\/{rel}","templated":true}]}}