{"id":5177,"date":"2021-07-21T11:14:32","date_gmt":"2021-07-21T11:14:32","guid":{"rendered":"https:\/\/nck.krakow.pl\/kcc\/?page_id=5177"},"modified":"2021-09-13T11:19:49","modified_gmt":"2021-09-13T11:19:49","slug":"tytum","status":"publish","type":"page","link":"https:\/\/nck.krakow.pl\/kcc\/krakowski-festiwal-tanca-2021\/tytum\/","title":{"rendered":"\u201eTYTUM\u201d"},"content":{"rendered":"\n<figure class=\"wp-block-image size-large\"><img loading=\"lazy\" decoding=\"async\" width=\"1024\" height=\"1024\" src=\"https:\/\/nck.krakow.pl\/kcc\/wp-content\/uploads\/2021\/07\/TYTUM-1024x1024.jpg\" alt=\"\" class=\"wp-image-5282\" srcset=\"https:\/\/nck.krakow.pl\/kcc\/wp-content\/uploads\/2021\/07\/TYTUM-1024x1024.jpg 1024w, https:\/\/nck.krakow.pl\/kcc\/wp-content\/uploads\/2021\/07\/TYTUM-300x300.jpg 300w, https:\/\/nck.krakow.pl\/kcc\/wp-content\/uploads\/2021\/07\/TYTUM-150x150.jpg 150w, https:\/\/nck.krakow.pl\/kcc\/wp-content\/uploads\/2021\/07\/TYTUM-768x768.jpg 768w, https:\/\/nck.krakow.pl\/kcc\/wp-content\/uploads\/2021\/07\/TYTUM.jpg 1240w\" sizes=\"(max-width: 1024px) 100vw, 1024px\" \/><\/figure>\n\n\n\n<p><strong>PREMIERA <strong>\u201e<\/strong>TYTUM<strong>\u201d<\/strong><em> <\/em>Poernima Gobardhan, Marta Wo\u0142owiec&nbsp;<\/strong><\/p>\n\n\n\n<p><strong>9 sierpnia 2021 (poniedzia\u0142ek), godz. 19:00<\/strong>, Scena NCK, bilety 20\/30 z\u0142<\/p>\n\n\n\n<div style=\"height:30px\" aria-hidden=\"true\" class=\"wp-block-spacer\"><\/div>\n\n\n\n<p><strong>choreografia, taniec:<\/strong> Poernima Gobardhan, Marta Wo\u0142owiec<br><strong>dramaturgia:<\/strong> Wojciech Klimczyk<br><strong>muzyka: <\/strong>Micha\u0142 Strugarek<br><strong>\u015bwiat\u0142o: <\/strong>Klaudyna Schubert, Marta Wo\u0142owiec<br><strong>kuratorka: <\/strong>Katarzyna Bester<br><strong>producentki:<\/strong> Nika Jankovic, Janneke Van Stroe, Marta Wo\u0142owiec<br><strong>produkcja:<\/strong> Korzo (NL), Krakowskie Centrum Choreograficzne \u2013 Nowohuckie Centrum Kultury<br><strong>partner:<\/strong> Instytut Adama Mickiewicza, Gemeente Den Haag<br>Projekt jest wsp\u00f3\u0142organizowany przez culture.pl.<br>Specjalne podzi\u0119kowania: Stacz Wilhelm<\/p>\n\n\n\n<div style=\"height:50px\" aria-hidden=\"true\" class=\"wp-block-spacer\"><\/div>\n\n\n\n<p>Jak Inna si\u0119 porusza? Dlaczego tak? Czy ona w og\u00f3le jest w ruchu? A je\u017celi jest, to w jakim j\u0119zyku m\u00f3wi jej ruch? Czy mog\u0119 si\u0119 go nauczy\u0107? Czy chc\u0119? A mo\u017ce ona mog\u0142aby si\u0119 nauczy\u0107 mojego j\u0119zyka? Jaki jednak jest m\u00f3j j\u0119zyk? I gdzie w og\u00f3le jestem? Gdzie jest ona? Czym jest TYTUM?<\/p>\n\n\n\n<p>TYTUM opowiada o spotkaniu, ruchowej podr\u00f3\u017cy, badaniu proces\u00f3w komunikacji. Tajemnicze cia\u0142a spotykaj\u0105 si\u0119 w enigmatycznej przestrzeni, by odnale\u017a\u0107 swoje prawdziwe ja i tego, kt\u00f3rego nazywa si\u0119 Innym. Czy jednak Inny rzeczywi\u015bcie istnieje? W \u015bwiecie coraz bardziej podzielonym znalezienie odpowiedzi na to pytanie wydaje si\u0119 wa\u017cniejsze ni\u017c kiedykolwiek.<\/p>\n\n\n\n<p>Przedstawienie TYTUM jest efektem wsp\u00f3\u0142pracy choreografki Marty Wo\u0142owiec, tancerki ta\u0144ca wsp\u00f3\u0142czesnego z Polski i choreografki Poernimy Gobardhan, tancerki z Niderland\u00f3w wykszta\u0142conej w tradycji po\u0142udniowoindyjskiego ta\u0144ca klasycznego Bharata Natyam&nbsp;<\/p>\n\n\n\n<div style=\"height:30px\" aria-hidden=\"true\" class=\"wp-block-spacer\"><\/div>\n\n\n\n<p><strong>Poernima Gobardhan<\/strong><br>Poernima Gobardhan jest tancerk\u0105 i choreografk\u0105 specjalizuj\u0105ca si\u0119 w klasycznym ta\u0144cu hinduskim, Bharatanatyam, pochodz\u0105cym z po\u0142udniowych Indii. Urodzona w Hadze, w Holandii, absolwentka teatrologii. Bardzo wcze\u015bnie rozpocz\u0119\u0142a nauk\u0119 ta\u0144ca oraz tworzenie w\u0142asnych choreografii. W 2007 roku uko\u0144czy\u0142a Modern Indian Dance w Bombaju, a nast\u0119pnie poszerzy\u0142a wiedz\u0119 o klasyczny j\u0119zyk ruchu, dope\u0142niaj\u0105c edukacj\u0119 Bharatanatyam w 2012 roku. Klasyczny trening zaprowadzi\u0142 j\u0105 g\u0142\u0119biej w do\u015bwiadczenie cia\u0142a, na nieznane \u015bcie\u017cki, kt\u00f3re dzisiaj eksploruje i transformuje. Mo\u017cliwo\u015b\u0107 tworzenia tej sztuki na Zachodzie jest dla niej kolejn\u0105 okazj\u0105 do rozumienia tego ta\u0144ca i poszukiwa\u0144 w zupe\u0142nie innym kontek\u015bcie. Jako tw\u00f3rczyni\u0119 interesuje j\u0105 stwarzanie \u015bwiat\u00f3w, gdzie cia\u0142o s\u0142u\u017cy nie tylko do projekcji znaczenia, ale tak\u017ce samo osi\u0105ga znaczenie. Podczas Festiwalu Ta\u0144ca Indyjskiego w Holandii zadebiutowa\u0142a jako choreografka w \u015bwiecie ta\u0144ca wsp\u00f3\u0142czesnego spektaklem solowym <em>M\u0101t\u0101<\/em>: wsp\u00f3\u0142czesn\u0105 interpretacj\u0105 Durga M\u0101t\u0101 Bharata Natyam. Nast\u0119pnie stworzy\u0142a dyptyk oparty na powie\u015bci pisarza Louis Couperus <em>Eline Vere<\/em> do produkcji 4&#215;4 podczas festiwalu CaDance 2019.&nbsp;<\/p>\n\n\n\n<p><strong>Marta Wo\u0142owiec<\/strong><br>Marta Wo\u0142owiec jest tancerk\u0105, choreografk\u0105, nauczycielk\u0105 ta\u0144ca oraz kierowniczk\u0105 i wsp\u00f3\u0142za\u0142o\u017cycielk\u0105 Krakowskiego Centrum Choreograficznego w Nowohuckim Centrum Kultury. Autorka i&nbsp; performerka dw\u00f3ch spektakli solowych z muzyk\u0105 elektroniczn\u0105 na \u017cywo: <em>Hold on<\/em> oraz <em>Tens<\/em>. Jako choreografka, pracuje tak\u017ce kolektywnie \u2013 jest wsp\u00f3\u0142autork\u0105 i tancerk\u0105 w spektaklach \u0142\u0105cz\u0105cych ruch, multimedia i muzyk\u0119: <em>Naturgem\u00e4lde<\/em>,<em> spectral layers of movement<\/em> oraz <em>Kobiety Wyspia\u0144skiego<\/em>. W latach 2015-2019 wraz z Agat\u0105 Mol\u0105g i Monik\u0105 W\u0119grzynowicz wsp\u00f3\u0142tworzy\u0142a kolektyw artystyczny Grupa Wok\u00f3\u0142 Centrum. Wcze\u015bniej zwi\u0105zana z Krakowskim Teatrem Ta\u0144ca. Laureatka nagrody specjalnej w 9. edycji Konkursu o Nagrod\u0119 Teatraln\u0105 im. Stanis\u0142awa Wyspia\u0144skiego. W swoich autorskich pracach choreograficznych artystka eksploruje temat energii i ruchu progresywno-transowego. Wa\u017cny jest dla niej naturalny przep\u0142yw, logika w ruchu, a tak\u017ce zaanga\u017cowanie widza poprzez wzajemne pobudzanie uwa\u017cno\u015bci cia\u0142a i umys\u0142u.<\/p>\n\n\n\n<p><strong>Wojciech Klimczyk<\/strong><br>Badacz ta\u0144ca, profesor UJ, wsp\u00f3\u0142tw\u00f3rca kolektywu Harakiri Farmers, wokalista w zespo\u0142ach Sztuczne Ksi\u0105\u017cki i Black Black Rooster. Autor ksi\u0105\u017cek &#8222;Wizjonerzy cia\u0142a. Panorama wsp\u00f3\u0142czesnego teatru ta\u0144ca&#8221; oraz &#8222;Wirus mobilizacji. Taniec a kszta\u0142towanie si\u0119 nowoczesno\u015bci 1455-1795&#8221;. Z HAFA w latach 2006-2014 przygotowa\u0142 kilkana\u015bcie projekt\u00f3w \u0142\u0105cz\u0105cych teatr, taniec, performans i sztuk\u0119 video &#8211; <a rel=\"noreferrer noopener\" href=\"http:\/\/www.harakirifarmers.com\" target=\"_blank\">www.harakirifarmers.com<\/a>. Wsp\u00f3\u0142pracowa\u0142 z Andre Gingras, Kirstine Ilum Soerensen, Kennethem Flakiem jako dramaturg i doradca artystyczny. Juror Polskiej Platformy Ta\u0144ca 2019. Projekt z Mart\u0105 Wo\u0142owiec i Poernim\u0105 Gobardhan jest jego powrotem do \u015bwiata ta\u0144ca wsp\u00f3\u0142czesnego w charakterze tw\u00f3rcy.<\/p>\n\n\n\n<p><strong>Micha\u0142 Strugarek<\/strong><br>Tancerz od 2004 roku. Absolwent kierunku Taniec w Kulturze Fizycznej na Akademii Wychowania Fizycznego w Poznaniu. Wraz z rozwijaniem pasji do ta\u0144ca, r\u00f3wnolegle zajmowa\u0142 si\u0119 produkcj\u0105 muzyki, oraz DJ-ingiem. Zaowocowa\u0142o to wieloma projektami artystycznymi, kt\u00f3rych mia\u0142 szans\u0119 by\u0107 cz\u0119\u015bci\u0105. Jako producent muzyczny jest odpowiedzialny za opraw\u0119 d\u017awi\u0119kow\u0105 spektaklu Micha\u0142a Przyby\u0142y pod tytu\u0142em \u201cSymetria\u201d, spektaklu \u201cCollage\u201d, choreografii Natalii Draganik-Franke dla Szko\u0142y Ta\u0144ca Wsp\u00f3\u0142czesnego w Poznaniu, oraz \u201cNie ma dzieci, s\u0105 ludzie\u201d, autorstwa Wojciecha Furmana, prezentowanego podczas Malta Festivalu w Poznaniu. Stworzy\u0142 r\u00f3wnie\u017c \u015bcie\u017ck\u0119 d\u017awi\u0119kow\u0105 do w\u0142asnej etiudy tanecznej, pod tytu\u0142em \u201cCellular\u201d, prezentowanej podczas Warsaw Dance Days. Jako DJ gra\u0142 na wielu wydarzeniach klubowych, oraz zwi\u0105zanych bezpo\u015brednio z ta\u0144cem. Swoj\u0105 selekcj\u0105 i umiej\u0119tno\u015bciami, przeprowadzi\u0142 wiele jam\u00f3w improwizacyjnych podczas mi\u0119dzy innymi: Festiwalu \u201cNa Bosaka\u201d w Po\u0142czynie Zdroju, Festiwalu Cyrkulacje, Jamie charytatywnym \u201cTa\u0144czymy Dla Syrii\u201d podczas Malta Festiwalu, Warsztat\u00f3w \u201cFloating Labb\u201d w Czarnym Dunajcu, oraz wiele innych.<\/p>\n\n\n\n<div style=\"height:50px\" aria-hidden=\"true\" class=\"wp-block-spacer\"><\/div>\n\n\n\n<p>Wsp\u00f3\u0142organizacja projektu:<\/p>\n\n\n\n<figure class=\"wp-block-image size-large is-resized\"><img loading=\"lazy\" decoding=\"async\" src=\"https:\/\/nck.krakow.pl\/kcc\/wp-content\/uploads\/2021\/08\/belka-culture.png\" alt=\"\" class=\"wp-image-5405\" width=\"613\" height=\"133\" srcset=\"https:\/\/nck.krakow.pl\/kcc\/wp-content\/uploads\/2021\/08\/belka-culture.png 559w, https:\/\/nck.krakow.pl\/kcc\/wp-content\/uploads\/2021\/08\/belka-culture-300x65.png 300w\" sizes=\"(max-width: 613px) 100vw, 613px\" \/><\/figure>\n\n\n\n<div style=\"height:30px\" aria-hidden=\"true\" class=\"wp-block-spacer\"><\/div>\n\n\n\n<figure class=\"wp-block-image size-large is-resized\"><img loading=\"lazy\" decoding=\"async\" src=\"https:\/\/nck.krakow.pl\/kcc\/wp-content\/uploads\/2021\/07\/Korzo-zwart-1024x410.png\" alt=\"\" class=\"wp-image-5358\" width=\"227\" height=\"91\" srcset=\"https:\/\/nck.krakow.pl\/kcc\/wp-content\/uploads\/2021\/07\/Korzo-zwart-1024x410.png 1024w, https:\/\/nck.krakow.pl\/kcc\/wp-content\/uploads\/2021\/07\/Korzo-zwart-300x120.png 300w, https:\/\/nck.krakow.pl\/kcc\/wp-content\/uploads\/2021\/07\/Korzo-zwart-768x307.png 768w, https:\/\/nck.krakow.pl\/kcc\/wp-content\/uploads\/2021\/07\/Korzo-zwart-1536x614.png 1536w, https:\/\/nck.krakow.pl\/kcc\/wp-content\/uploads\/2021\/07\/Korzo-zwart-2048x819.png 2048w\" sizes=\"(max-width: 227px) 100vw, 227px\" \/><\/figure>\n","protected":false},"excerpt":{"rendered":"<p>PREMIERA \u201eTYTUM\u201d Poernima Gobardhan, Marta Wo\u0142owiec&nbsp; 9 sierpnia 2021 (poniedzia\u0142ek), godz. 19:00, Scena NCK, bilety 20\/30 z\u0142 choreografia, taniec: Poernima Gobardhan, Marta Wo\u0142owiecdramaturgia: Wojciech Klimczykmuzyka: Micha\u0142 Strugarek\u015bwiat\u0142o: Klaudyna Schubert, Marta Wo\u0142owieckuratorka: Katarzyna Besterproducentki: Nika Jankovic, Janneke Van Stroe, Marta Wo\u0142owiecprodukcja: Korzo (NL), Krakowskie Centrum Choreograficzne \u2013 Nowohuckie Centrum Kulturypartner: Instytut Adama Mickiewicza, Gemeente Den HaagProjekt [&hellip;]<\/p>\n","protected":false},"author":5,"featured_media":0,"parent":3723,"menu_order":0,"comment_status":"closed","ping_status":"closed","template":"","meta":{"footnotes":""},"class_list":["post-5177","page","type-page","status-publish","hentry"],"yoast_head":"<!-- This site is optimized with the Yoast SEO plugin v19.12 - https:\/\/yoast.com\/wordpress\/plugins\/seo\/ -->\n<title>\u201eTYTUM\u201d - Krakowskie Centrum Choreograficzne<\/title>\n<meta name=\"robots\" content=\"index, follow, max-snippet:-1, max-image-preview:large, max-video-preview:-1\" \/>\n<link rel=\"canonical\" href=\"https:\/\/nck.krakow.pl\/kcc\/krakowski-festiwal-tanca-2021\/tytum\/\" \/>\n<meta property=\"og:locale\" content=\"pl_PL\" \/>\n<meta property=\"og:type\" content=\"article\" \/>\n<meta property=\"og:title\" content=\"\u201eTYTUM\u201d - Krakowskie Centrum Choreograficzne\" \/>\n<meta property=\"og:description\" content=\"PREMIERA \u201eTYTUM\u201d Poernima Gobardhan, Marta Wo\u0142owiec&nbsp; 9 sierpnia 2021 (poniedzia\u0142ek), godz. 19:00, Scena NCK, bilety 20\/30 z\u0142 choreografia, taniec: Poernima Gobardhan, Marta Wo\u0142owiecdramaturgia: Wojciech Klimczykmuzyka: Micha\u0142 Strugarek\u015bwiat\u0142o: Klaudyna Schubert, Marta Wo\u0142owieckuratorka: Katarzyna Besterproducentki: Nika Jankovic, Janneke Van Stroe, Marta Wo\u0142owiecprodukcja: Korzo (NL), Krakowskie Centrum Choreograficzne \u2013 Nowohuckie Centrum Kulturypartner: Instytut Adama Mickiewicza, Gemeente Den HaagProjekt [&hellip;]\" \/>\n<meta property=\"og:url\" content=\"https:\/\/nck.krakow.pl\/kcc\/krakowski-festiwal-tanca-2021\/tytum\/\" \/>\n<meta property=\"og:site_name\" content=\"Krakowskie Centrum Choreograficzne\" \/>\n<meta property=\"article:modified_time\" content=\"2021-09-13T11:19:49+00:00\" \/>\n<meta property=\"og:image\" content=\"https:\/\/nck.krakow.pl\/kcc\/wp-content\/uploads\/2021\/07\/TYTUM-1024x1024.jpg\" \/>\n<meta name=\"twitter:card\" content=\"summary_large_image\" \/>\n<meta name=\"twitter:label1\" content=\"Est. reading time\" \/>\n\t<meta name=\"twitter:data1\" content=\"4 minuty\" \/>\n<script type=\"application\/ld+json\" class=\"yoast-schema-graph\">{\"@context\":\"https:\/\/schema.org\",\"@graph\":[{\"@type\":\"WebPage\",\"@id\":\"https:\/\/nck.krakow.pl\/kcc\/krakowski-festiwal-tanca-2021\/tytum\/\",\"url\":\"https:\/\/nck.krakow.pl\/kcc\/krakowski-festiwal-tanca-2021\/tytum\/\",\"name\":\"\u201eTYTUM\u201d - Krakowskie Centrum Choreograficzne\",\"isPartOf\":{\"@id\":\"https:\/\/nck.krakow.pl\/kcc\/#website\"},\"datePublished\":\"2021-07-21T11:14:32+00:00\",\"dateModified\":\"2021-09-13T11:19:49+00:00\",\"breadcrumb\":{\"@id\":\"https:\/\/nck.krakow.pl\/kcc\/krakowski-festiwal-tanca-2021\/tytum\/#breadcrumb\"},\"inLanguage\":\"pl-PL\",\"potentialAction\":[{\"@type\":\"ReadAction\",\"target\":[\"https:\/\/nck.krakow.pl\/kcc\/krakowski-festiwal-tanca-2021\/tytum\/\"]}]},{\"@type\":\"BreadcrumbList\",\"@id\":\"https:\/\/nck.krakow.pl\/kcc\/krakowski-festiwal-tanca-2021\/tytum\/#breadcrumb\",\"itemListElement\":[{\"@type\":\"ListItem\",\"position\":1,\"name\":\"Strona g\u0142\u00f3wna\",\"item\":\"https:\/\/nck.krakow.pl\/kcc\/\"},{\"@type\":\"ListItem\",\"position\":2,\"name\":\"Krakowski Festiwal Ta\u0144ca 2021\",\"item\":\"https:\/\/nck.krakow.pl\/kcc\/krakowski-festiwal-tanca-2021\/\"},{\"@type\":\"ListItem\",\"position\":3,\"name\":\"\u201eTYTUM\u201d\"}]},{\"@type\":\"WebSite\",\"@id\":\"https:\/\/nck.krakow.pl\/kcc\/#website\",\"url\":\"https:\/\/nck.krakow.pl\/kcc\/\",\"name\":\"Krakowskie Centrum Choreograficzne\",\"description\":\"\",\"publisher\":{\"@id\":\"https:\/\/nck.krakow.pl\/kcc\/#organization\"},\"potentialAction\":[{\"@type\":\"SearchAction\",\"target\":{\"@type\":\"EntryPoint\",\"urlTemplate\":\"https:\/\/nck.krakow.pl\/kcc\/?s={search_term_string}\"},\"query-input\":\"required name=search_term_string\"}],\"inLanguage\":\"pl-PL\"},{\"@type\":\"Organization\",\"@id\":\"https:\/\/nck.krakow.pl\/kcc\/#organization\",\"name\":\"Krakowskie Centrum Choreograficzne\",\"url\":\"https:\/\/nck.krakow.pl\/kcc\/\",\"logo\":{\"@type\":\"ImageObject\",\"inLanguage\":\"pl-PL\",\"@id\":\"https:\/\/nck.krakow.pl\/kcc\/#\/schema\/logo\/image\/\",\"url\":\"https:\/\/nck.krakow.pl\/kcc\/wp-content\/uploads\/2020\/01\/cropped-logo-kcc-2020.png\",\"contentUrl\":\"https:\/\/nck.krakow.pl\/kcc\/wp-content\/uploads\/2020\/01\/cropped-logo-kcc-2020.png\",\"width\":116,\"height\":55,\"caption\":\"Krakowskie Centrum Choreograficzne\"},\"image\":{\"@id\":\"https:\/\/nck.krakow.pl\/kcc\/#\/schema\/logo\/image\/\"}}]}<\/script>\n<!-- \/ Yoast SEO plugin. -->","yoast_head_json":{"title":"\u201eTYTUM\u201d - Krakowskie Centrum Choreograficzne","robots":{"index":"index","follow":"follow","max-snippet":"max-snippet:-1","max-image-preview":"max-image-preview:large","max-video-preview":"max-video-preview:-1"},"canonical":"https:\/\/nck.krakow.pl\/kcc\/krakowski-festiwal-tanca-2021\/tytum\/","og_locale":"pl_PL","og_type":"article","og_title":"\u201eTYTUM\u201d - Krakowskie Centrum Choreograficzne","og_description":"PREMIERA \u201eTYTUM\u201d Poernima Gobardhan, Marta Wo\u0142owiec&nbsp; 9 sierpnia 2021 (poniedzia\u0142ek), godz. 19:00, Scena NCK, bilety 20\/30 z\u0142 choreografia, taniec: Poernima Gobardhan, Marta Wo\u0142owiecdramaturgia: Wojciech Klimczykmuzyka: Micha\u0142 Strugarek\u015bwiat\u0142o: Klaudyna Schubert, Marta Wo\u0142owieckuratorka: Katarzyna Besterproducentki: Nika Jankovic, Janneke Van Stroe, Marta Wo\u0142owiecprodukcja: Korzo (NL), Krakowskie Centrum Choreograficzne \u2013 Nowohuckie Centrum Kulturypartner: Instytut Adama Mickiewicza, Gemeente Den HaagProjekt [&hellip;]","og_url":"https:\/\/nck.krakow.pl\/kcc\/krakowski-festiwal-tanca-2021\/tytum\/","og_site_name":"Krakowskie Centrum Choreograficzne","article_modified_time":"2021-09-13T11:19:49+00:00","og_image":[{"url":"https:\/\/nck.krakow.pl\/kcc\/wp-content\/uploads\/2021\/07\/TYTUM-1024x1024.jpg"}],"twitter_card":"summary_large_image","twitter_misc":{"Est. reading time":"4 minuty"},"schema":{"@context":"https:\/\/schema.org","@graph":[{"@type":"WebPage","@id":"https:\/\/nck.krakow.pl\/kcc\/krakowski-festiwal-tanca-2021\/tytum\/","url":"https:\/\/nck.krakow.pl\/kcc\/krakowski-festiwal-tanca-2021\/tytum\/","name":"\u201eTYTUM\u201d - Krakowskie Centrum Choreograficzne","isPartOf":{"@id":"https:\/\/nck.krakow.pl\/kcc\/#website"},"datePublished":"2021-07-21T11:14:32+00:00","dateModified":"2021-09-13T11:19:49+00:00","breadcrumb":{"@id":"https:\/\/nck.krakow.pl\/kcc\/krakowski-festiwal-tanca-2021\/tytum\/#breadcrumb"},"inLanguage":"pl-PL","potentialAction":[{"@type":"ReadAction","target":["https:\/\/nck.krakow.pl\/kcc\/krakowski-festiwal-tanca-2021\/tytum\/"]}]},{"@type":"BreadcrumbList","@id":"https:\/\/nck.krakow.pl\/kcc\/krakowski-festiwal-tanca-2021\/tytum\/#breadcrumb","itemListElement":[{"@type":"ListItem","position":1,"name":"Strona g\u0142\u00f3wna","item":"https:\/\/nck.krakow.pl\/kcc\/"},{"@type":"ListItem","position":2,"name":"Krakowski Festiwal Ta\u0144ca 2021","item":"https:\/\/nck.krakow.pl\/kcc\/krakowski-festiwal-tanca-2021\/"},{"@type":"ListItem","position":3,"name":"\u201eTYTUM\u201d"}]},{"@type":"WebSite","@id":"https:\/\/nck.krakow.pl\/kcc\/#website","url":"https:\/\/nck.krakow.pl\/kcc\/","name":"Krakowskie Centrum Choreograficzne","description":"","publisher":{"@id":"https:\/\/nck.krakow.pl\/kcc\/#organization"},"potentialAction":[{"@type":"SearchAction","target":{"@type":"EntryPoint","urlTemplate":"https:\/\/nck.krakow.pl\/kcc\/?s={search_term_string}"},"query-input":"required name=search_term_string"}],"inLanguage":"pl-PL"},{"@type":"Organization","@id":"https:\/\/nck.krakow.pl\/kcc\/#organization","name":"Krakowskie Centrum Choreograficzne","url":"https:\/\/nck.krakow.pl\/kcc\/","logo":{"@type":"ImageObject","inLanguage":"pl-PL","@id":"https:\/\/nck.krakow.pl\/kcc\/#\/schema\/logo\/image\/","url":"https:\/\/nck.krakow.pl\/kcc\/wp-content\/uploads\/2020\/01\/cropped-logo-kcc-2020.png","contentUrl":"https:\/\/nck.krakow.pl\/kcc\/wp-content\/uploads\/2020\/01\/cropped-logo-kcc-2020.png","width":116,"height":55,"caption":"Krakowskie Centrum Choreograficzne"},"image":{"@id":"https:\/\/nck.krakow.pl\/kcc\/#\/schema\/logo\/image\/"}}]}},"_links":{"self":[{"href":"https:\/\/nck.krakow.pl\/kcc\/wp-json\/wp\/v2\/pages\/5177"}],"collection":[{"href":"https:\/\/nck.krakow.pl\/kcc\/wp-json\/wp\/v2\/pages"}],"about":[{"href":"https:\/\/nck.krakow.pl\/kcc\/wp-json\/wp\/v2\/types\/page"}],"author":[{"embeddable":true,"href":"https:\/\/nck.krakow.pl\/kcc\/wp-json\/wp\/v2\/users\/5"}],"replies":[{"embeddable":true,"href":"https:\/\/nck.krakow.pl\/kcc\/wp-json\/wp\/v2\/comments?post=5177"}],"version-history":[{"count":21,"href":"https:\/\/nck.krakow.pl\/kcc\/wp-json\/wp\/v2\/pages\/5177\/revisions"}],"predecessor-version":[{"id":5593,"href":"https:\/\/nck.krakow.pl\/kcc\/wp-json\/wp\/v2\/pages\/5177\/revisions\/5593"}],"up":[{"embeddable":true,"href":"https:\/\/nck.krakow.pl\/kcc\/wp-json\/wp\/v2\/pages\/3723"}],"wp:attachment":[{"href":"https:\/\/nck.krakow.pl\/kcc\/wp-json\/wp\/v2\/media?parent=5177"}],"curies":[{"name":"wp","href":"https:\/\/api.w.org\/{rel}","templated":true}]}}