{"id":5086,"date":"2021-07-07T13:57:21","date_gmt":"2021-07-07T13:57:21","guid":{"rendered":"https:\/\/nck.krakow.pl\/kcc\/?page_id=5086"},"modified":"2021-08-17T09:59:19","modified_gmt":"2021-08-17T09:59:19","slug":"laboratorium-praktyk-siostrzenstwa","status":"publish","type":"page","link":"https:\/\/nck.krakow.pl\/kcc\/krakowski-festiwal-tanca-2021\/laboratorium-praktyk-siostrzenstwa\/","title":{"rendered":"LABORATORIUM PRAKTYK SIOSTRZE\u0143STWA"},"content":{"rendered":"\n<figure class=\"wp-block-gallery columns-3 is-cropped wp-block-gallery-1 is-layout-flex wp-block-gallery-is-layout-flex\"><ul class=\"blocks-gallery-grid\"><li class=\"blocks-gallery-item\"><figure><a href=\"https:\/\/nck.krakow.pl\/kcc\/wp-content\/uploads\/2021\/07\/DSC6673_fot_klaudyna_schubert.jpg\"><img loading=\"lazy\" decoding=\"async\" width=\"1024\" height=\"682\" src=\"https:\/\/nck.krakow.pl\/kcc\/wp-content\/uploads\/2021\/07\/DSC6673_fot_klaudyna_schubert-1024x682.jpg\" alt=\"\" data-id=\"5089\" data-full-url=\"https:\/\/nck.krakow.pl\/kcc\/wp-content\/uploads\/2021\/07\/DSC6673_fot_klaudyna_schubert.jpg\" data-link=\"https:\/\/nck.krakow.pl\/kcc\/krakowski-festiwal-tanca\/laboratorium-praktyk-siostrzenstwa\/dsc6673_fot_klaudyna_schubert\/\" class=\"wp-image-5089\" srcset=\"https:\/\/nck.krakow.pl\/kcc\/wp-content\/uploads\/2021\/07\/DSC6673_fot_klaudyna_schubert-1024x682.jpg 1024w, https:\/\/nck.krakow.pl\/kcc\/wp-content\/uploads\/2021\/07\/DSC6673_fot_klaudyna_schubert-300x200.jpg 300w, https:\/\/nck.krakow.pl\/kcc\/wp-content\/uploads\/2021\/07\/DSC6673_fot_klaudyna_schubert-768x512.jpg 768w, https:\/\/nck.krakow.pl\/kcc\/wp-content\/uploads\/2021\/07\/DSC6673_fot_klaudyna_schubert-1536x1024.jpg 1536w, https:\/\/nck.krakow.pl\/kcc\/wp-content\/uploads\/2021\/07\/DSC6673_fot_klaudyna_schubert.jpg 2000w\" sizes=\"(max-width: 1024px) 100vw, 1024px\" \/><\/a><\/figure><\/li><li class=\"blocks-gallery-item\"><figure><a href=\"https:\/\/nck.krakow.pl\/kcc\/wp-content\/uploads\/2021\/07\/DSC6779_fot_klaudyna_schubert.jpg\"><img loading=\"lazy\" decoding=\"async\" width=\"1024\" height=\"682\" src=\"https:\/\/nck.krakow.pl\/kcc\/wp-content\/uploads\/2021\/07\/DSC6779_fot_klaudyna_schubert-1024x682.jpg\" alt=\"\" data-id=\"5090\" data-full-url=\"https:\/\/nck.krakow.pl\/kcc\/wp-content\/uploads\/2021\/07\/DSC6779_fot_klaudyna_schubert.jpg\" data-link=\"https:\/\/nck.krakow.pl\/kcc\/krakowski-festiwal-tanca\/laboratorium-praktyk-siostrzenstwa\/dsc6779_fot_klaudyna_schubert\/\" class=\"wp-image-5090\" srcset=\"https:\/\/nck.krakow.pl\/kcc\/wp-content\/uploads\/2021\/07\/DSC6779_fot_klaudyna_schubert-1024x682.jpg 1024w, https:\/\/nck.krakow.pl\/kcc\/wp-content\/uploads\/2021\/07\/DSC6779_fot_klaudyna_schubert-300x200.jpg 300w, https:\/\/nck.krakow.pl\/kcc\/wp-content\/uploads\/2021\/07\/DSC6779_fot_klaudyna_schubert-768x512.jpg 768w, https:\/\/nck.krakow.pl\/kcc\/wp-content\/uploads\/2021\/07\/DSC6779_fot_klaudyna_schubert-1536x1024.jpg 1536w, https:\/\/nck.krakow.pl\/kcc\/wp-content\/uploads\/2021\/07\/DSC6779_fot_klaudyna_schubert.jpg 2000w\" sizes=\"(max-width: 1024px) 100vw, 1024px\" \/><\/a><\/figure><\/li><li class=\"blocks-gallery-item\"><figure><a href=\"https:\/\/nck.krakow.pl\/kcc\/wp-content\/uploads\/2021\/07\/DSC7143_fot_klaudyna_schubert.jpg\"><img loading=\"lazy\" decoding=\"async\" width=\"1024\" height=\"682\" src=\"https:\/\/nck.krakow.pl\/kcc\/wp-content\/uploads\/2021\/07\/DSC7143_fot_klaudyna_schubert-1024x682.jpg\" alt=\"\" data-id=\"5091\" data-full-url=\"https:\/\/nck.krakow.pl\/kcc\/wp-content\/uploads\/2021\/07\/DSC7143_fot_klaudyna_schubert.jpg\" data-link=\"https:\/\/nck.krakow.pl\/kcc\/krakowski-festiwal-tanca\/laboratorium-praktyk-siostrzenstwa\/dsc7143_fot_klaudyna_schubert\/\" class=\"wp-image-5091\" srcset=\"https:\/\/nck.krakow.pl\/kcc\/wp-content\/uploads\/2021\/07\/DSC7143_fot_klaudyna_schubert-1024x682.jpg 1024w, https:\/\/nck.krakow.pl\/kcc\/wp-content\/uploads\/2021\/07\/DSC7143_fot_klaudyna_schubert-300x200.jpg 300w, https:\/\/nck.krakow.pl\/kcc\/wp-content\/uploads\/2021\/07\/DSC7143_fot_klaudyna_schubert-768x512.jpg 768w, https:\/\/nck.krakow.pl\/kcc\/wp-content\/uploads\/2021\/07\/DSC7143_fot_klaudyna_schubert-1536x1024.jpg 1536w, https:\/\/nck.krakow.pl\/kcc\/wp-content\/uploads\/2021\/07\/DSC7143_fot_klaudyna_schubert.jpg 2000w\" sizes=\"(max-width: 1024px) 100vw, 1024px\" \/><\/a><\/figure><\/li><\/ul><\/figure>\n\n\n\n<p>Warsztat o tym co wsp\u00f3lne i jednocze\u015bnie indywidualne &#8211; w ramach Krakowskiego Festiwalu Ta\u0144ca 2021.<\/p>\n\n\n\n<p><strong>15 sierpnia 13:30 \u2013 16:30<\/strong><br><strong>Koszt laboratorium: 75 z\u0142otych<\/strong><\/p>\n\n\n\n<p>Regulamin:<\/p>\n\n\n\n<div class=\"wp-block-file\"><a href=\"https:\/\/nck.krakow.pl\/kcc\/wp-content\/uploads\/2021\/07\/REGULAMIN_laboratorium-praktyk-siostrzenstwa_KFT2021.pdf\">REGULAMIN_laboratorium-praktyk-siostrzenstwa_KFT2021<\/a><a href=\"https:\/\/nck.krakow.pl\/kcc\/wp-content\/uploads\/2021\/07\/REGULAMIN_laboratorium-praktyk-siostrzenstwa_KFT2021.pdf\" class=\"wp-block-file__button\" download>Pobierz<\/a><\/div>\n\n\n\n<p>Kontakt:<br><a href=\"mailto:zapisy.kcc@nck.krakow.pl\" target=\"_blank\" rel=\"noreferrer noopener\">zapisy.kcc@nck.krakow.pl<\/a><\/p>\n\n\n\n<div style=\"height:30px\" aria-hidden=\"true\" class=\"wp-block-spacer\"><\/div>\n\n\n\n<p>Warsztaty, skierowane dla wszystkich ch\u0119tnych, niezale\u017cnie od do\u015bwiadczenia tanecznego czy ruchowego, s\u0105 przestrzeni\u0105 na ws\u0142uchanie si\u0119 we w\u0142asne cia\u0142o jak i na odkrywanie go w relacji z drugim cia\u0142em. Wsp\u00f3lnie z uczestniczkami i uczestnikami warsztat\u00f3w skoncentrujemy si\u0119 na zagadnieniu w\u0142asnej narracji (co nas motywuje, kiedy si\u0119 poruszamy) oraz sposobem, w jaki wsp\u00f3\u0142gra ona z oddechem, ruchem i pami\u0119ci\u0105\u0328 cia\u0142a. Przyjrzymy si\u0119\u0328, jak dialog z sob\u0105\u0328 sam\u0105 mo\u017ce wzmocni\u0107\u0301 oraz uformowa\u0107\u0301 indywidualne i wsp\u00f3lne dzia\u0142ania. B\u0119dziemy pracowa\u0107\u0301 w plenerze, indywidualnie jak i w duetach, studiuj\u0105c cia\u0142o oraz jego potencja\u0142.<\/p>\n\n\n\n<p>Praktyki siostrze\u0144stwa s\u0105 odpowiedzi\u0105 na potrzeb\u0119 budowania tego, co wsp\u00f3lne przy jednoczesnym wzmacnianiu tego co indywidualne. Inicjatywa powo\u0142ana zosta\u0142a we wsp\u00f3\u0142pracy artystycznej m.in. z Magd\u0105 Fejdasz, Monik\u0105 Szpunar, Ol\u0105 Janus, Aleksandr\u0105 Osowicz i Monik\u0105 Nyckowsk\u0105.<\/p>\n\n\n\n<p>Warsztaty poprowadz\u0105 Weronika Pelczy\u0144ska i&nbsp; Monika Szpunar.<\/p>\n\n\n\n<div style=\"height:50px\" aria-hidden=\"true\" class=\"wp-block-spacer\"><\/div>\n\n\n\n<p><strong>WERONIKA PELCZY\u0143SKA<\/strong><\/p>\n\n\n\n<p>Absolwentka Akademii Ta\u0144ca Wsp\u00f3\u0142czesnego SEAD w Salzburgu, Politechniki Warszawskiej oraz Uniwersytetu Warszawskiego. Stypendystka DanceWEB 2013 (ImPulsTanz, Wiede\u0144), Carte Blanche 2013 (Modul-Dance, S\u0142owenia) i Alternatywnej Akademii Ta\u0144ca 2017 i 2019 (Art Sations Foudnation w Poznaniu). Jako tancerka wsp\u00f3\u0142pracowa\u0142a m.in. z M. Kej\u017earem, D. Freemanem, M. Stok\u0142os\u0105, S. Thiersch, J. Fruckiem, L. Kapetane\u0105, J. Wielandem, R. Giovanol\u0105 i A. Nowick\u0105. Od 2010 roku przygotowuje choreografi\u0119 dla teatr\u00f3w oraz film\u00f3w, pracuj\u0105c m.in. z A. Gli\u0144sk\u0105, R. Jaroszem, A. Seniuk oraz G. Laszukiem, P. Passinim, B. Sass-Zdort, Z. Solakiewicz czy M. Marczakiem. Od 2011 roku prowadzi indywidualne oraz kolektywne projekty artystyczne. Wsp\u00f3\u0142tworzy Centrum w Ruchu oraz kolektyw iCoDaCo 2018-2020. Prowadzi zaj\u0119cia w Akademii Teatralnej w Warszawie na kierunku Wiedza o teatrze.<\/p>\n\n\n\n<div style=\"height:30px\" aria-hidden=\"true\" class=\"wp-block-spacer\"><\/div>\n\n\n\n<p><strong>MONIKA SZPUNAR<\/strong><\/p>\n\n\n\n<p>Absolwentka London Contemporary Dance School i ACTS\/Ecole de Danse Contemporaine w Pary\u017cu. Wsp\u00f3\u0142tworzy londy\u0144ski girl band The Yonis, inicjatyw\u0119 choreograficzn\u0105 praktyki siostrze\u0144stwa oraz Laboratorium Cia\u0142a w Krakowskim Centrum Choreograficznym. Tworzy r\u00f3wnie\u017c autorskie projekty i spektakle oraz pracuje jako choreografka do przedstawie\u0144 teatralnych oraz film\u00f3w. Jako tancerka i performerka pracowa\u0142a z takimi artystami jak: Victor Quijada, Richard Siegal, Dan Van Huynh, Elinor Lewis, Weronika Pelczy\u0144ska, Kaori Ito, Kasia Witek, Agnieszka Gli\u0144ska, Rafaela Sahyoun oraz Stefano Silvino.<\/p>\n\n\n\n<div style=\"height:50px\" aria-hidden=\"true\" class=\"wp-block-spacer\"><\/div>\n\n\n\n<p>Fot. Klaudyna Schubert<\/p>\n\n\n\n<div style=\"height:100px\" aria-hidden=\"true\" class=\"wp-block-spacer\"><\/div>\n\n\n\n<p>Dofinansowano ze \u015brodk\u00f3w Ministra Kultury, Dziedzictwa Narodowego i Sportu pochodz\u0105cych z Funduszu Promocji Kultury &#8211; pa\u0144stwowego funduszu celowego, w ramach programu \u201eTaniec\u201d, realizowanego przez Narodowy Instytut Muzyki i Ta\u0144ca.<\/p>\n\n\n\n<figure class=\"wp-block-image size-large\"><img loading=\"lazy\" decoding=\"async\" width=\"1024\" height=\"373\" src=\"https:\/\/nck.krakow.pl\/kcc\/wp-content\/uploads\/2021\/07\/logotypy-1024x373.png\" alt=\"\" class=\"wp-image-5138\" srcset=\"https:\/\/nck.krakow.pl\/kcc\/wp-content\/uploads\/2021\/07\/logotypy-1024x373.png 1024w, https:\/\/nck.krakow.pl\/kcc\/wp-content\/uploads\/2021\/07\/logotypy-300x109.png 300w, https:\/\/nck.krakow.pl\/kcc\/wp-content\/uploads\/2021\/07\/logotypy-768x280.png 768w, https:\/\/nck.krakow.pl\/kcc\/wp-content\/uploads\/2021\/07\/logotypy-1536x560.png 1536w, https:\/\/nck.krakow.pl\/kcc\/wp-content\/uploads\/2021\/07\/logotypy.png 1920w\" sizes=\"(max-width: 1024px) 100vw, 1024px\" \/><\/figure>\n","protected":false},"excerpt":{"rendered":"<p>Warsztat o tym co wsp\u00f3lne i jednocze\u015bnie indywidualne &#8211; w ramach Krakowskiego Festiwalu Ta\u0144ca 2021. 15 sierpnia 13:30 \u2013 16:30Koszt laboratorium: 75 z\u0142otych Regulamin: Kontakt:zapisy.kcc@nck.krakow.pl Warsztaty, skierowane dla wszystkich ch\u0119tnych, niezale\u017cnie od do\u015bwiadczenia tanecznego czy ruchowego, s\u0105 przestrzeni\u0105 na ws\u0142uchanie si\u0119 we w\u0142asne cia\u0142o jak i na odkrywanie go w relacji z drugim cia\u0142em. Wsp\u00f3lnie [&hellip;]<\/p>\n","protected":false},"author":5,"featured_media":0,"parent":3723,"menu_order":0,"comment_status":"closed","ping_status":"closed","template":"","meta":{"footnotes":""},"class_list":["post-5086","page","type-page","status-publish","hentry"],"yoast_head":"<!-- This site is optimized with the Yoast SEO plugin v19.12 - https:\/\/yoast.com\/wordpress\/plugins\/seo\/ -->\n<title>LABORATORIUM PRAKTYK SIOSTRZE\u0143STWA - Krakowskie Centrum Choreograficzne<\/title>\n<meta name=\"robots\" content=\"index, follow, max-snippet:-1, max-image-preview:large, max-video-preview:-1\" \/>\n<link rel=\"canonical\" href=\"https:\/\/nck.krakow.pl\/kcc\/krakowski-festiwal-tanca-2021\/laboratorium-praktyk-siostrzenstwa\/\" \/>\n<meta property=\"og:locale\" content=\"pl_PL\" \/>\n<meta property=\"og:type\" content=\"article\" \/>\n<meta property=\"og:title\" content=\"LABORATORIUM PRAKTYK SIOSTRZE\u0143STWA - Krakowskie Centrum Choreograficzne\" \/>\n<meta property=\"og:description\" content=\"Warsztat o tym co wsp\u00f3lne i jednocze\u015bnie indywidualne &#8211; w ramach Krakowskiego Festiwalu Ta\u0144ca 2021. 15 sierpnia 13:30 \u2013 16:30Koszt laboratorium: 75 z\u0142otych Regulamin: Kontakt:zapisy.kcc@nck.krakow.pl Warsztaty, skierowane dla wszystkich ch\u0119tnych, niezale\u017cnie od do\u015bwiadczenia tanecznego czy ruchowego, s\u0105 przestrzeni\u0105 na ws\u0142uchanie si\u0119 we w\u0142asne cia\u0142o jak i na odkrywanie go w relacji z drugim cia\u0142em. Wsp\u00f3lnie [&hellip;]\" \/>\n<meta property=\"og:url\" content=\"https:\/\/nck.krakow.pl\/kcc\/krakowski-festiwal-tanca-2021\/laboratorium-praktyk-siostrzenstwa\/\" \/>\n<meta property=\"og:site_name\" content=\"Krakowskie Centrum Choreograficzne\" \/>\n<meta property=\"article:modified_time\" content=\"2021-08-17T09:59:19+00:00\" \/>\n<meta property=\"og:image\" content=\"https:\/\/nck.krakow.pl\/kcc\/wp-content\/uploads\/2021\/07\/DSC6673_fot_klaudyna_schubert-1024x682.jpg\" \/>\n<meta name=\"twitter:card\" content=\"summary_large_image\" \/>\n<meta name=\"twitter:label1\" content=\"Est. reading time\" \/>\n\t<meta name=\"twitter:data1\" content=\"2 minuty\" \/>\n<script type=\"application\/ld+json\" class=\"yoast-schema-graph\">{\"@context\":\"https:\/\/schema.org\",\"@graph\":[{\"@type\":\"WebPage\",\"@id\":\"https:\/\/nck.krakow.pl\/kcc\/krakowski-festiwal-tanca-2021\/laboratorium-praktyk-siostrzenstwa\/\",\"url\":\"https:\/\/nck.krakow.pl\/kcc\/krakowski-festiwal-tanca-2021\/laboratorium-praktyk-siostrzenstwa\/\",\"name\":\"LABORATORIUM PRAKTYK SIOSTRZE\u0143STWA - Krakowskie Centrum Choreograficzne\",\"isPartOf\":{\"@id\":\"https:\/\/nck.krakow.pl\/kcc\/#website\"},\"datePublished\":\"2021-07-07T13:57:21+00:00\",\"dateModified\":\"2021-08-17T09:59:19+00:00\",\"breadcrumb\":{\"@id\":\"https:\/\/nck.krakow.pl\/kcc\/krakowski-festiwal-tanca-2021\/laboratorium-praktyk-siostrzenstwa\/#breadcrumb\"},\"inLanguage\":\"pl-PL\",\"potentialAction\":[{\"@type\":\"ReadAction\",\"target\":[\"https:\/\/nck.krakow.pl\/kcc\/krakowski-festiwal-tanca-2021\/laboratorium-praktyk-siostrzenstwa\/\"]}]},{\"@type\":\"BreadcrumbList\",\"@id\":\"https:\/\/nck.krakow.pl\/kcc\/krakowski-festiwal-tanca-2021\/laboratorium-praktyk-siostrzenstwa\/#breadcrumb\",\"itemListElement\":[{\"@type\":\"ListItem\",\"position\":1,\"name\":\"Strona g\u0142\u00f3wna\",\"item\":\"https:\/\/nck.krakow.pl\/kcc\/\"},{\"@type\":\"ListItem\",\"position\":2,\"name\":\"Krakowski Festiwal Ta\u0144ca 2021\",\"item\":\"https:\/\/nck.krakow.pl\/kcc\/krakowski-festiwal-tanca-2021\/\"},{\"@type\":\"ListItem\",\"position\":3,\"name\":\"LABORATORIUM PRAKTYK SIOSTRZE\u0143STWA\"}]},{\"@type\":\"WebSite\",\"@id\":\"https:\/\/nck.krakow.pl\/kcc\/#website\",\"url\":\"https:\/\/nck.krakow.pl\/kcc\/\",\"name\":\"Krakowskie Centrum Choreograficzne\",\"description\":\"\",\"publisher\":{\"@id\":\"https:\/\/nck.krakow.pl\/kcc\/#organization\"},\"potentialAction\":[{\"@type\":\"SearchAction\",\"target\":{\"@type\":\"EntryPoint\",\"urlTemplate\":\"https:\/\/nck.krakow.pl\/kcc\/?s={search_term_string}\"},\"query-input\":\"required name=search_term_string\"}],\"inLanguage\":\"pl-PL\"},{\"@type\":\"Organization\",\"@id\":\"https:\/\/nck.krakow.pl\/kcc\/#organization\",\"name\":\"Krakowskie Centrum Choreograficzne\",\"url\":\"https:\/\/nck.krakow.pl\/kcc\/\",\"logo\":{\"@type\":\"ImageObject\",\"inLanguage\":\"pl-PL\",\"@id\":\"https:\/\/nck.krakow.pl\/kcc\/#\/schema\/logo\/image\/\",\"url\":\"https:\/\/nck.krakow.pl\/kcc\/wp-content\/uploads\/2020\/01\/cropped-logo-kcc-2020.png\",\"contentUrl\":\"https:\/\/nck.krakow.pl\/kcc\/wp-content\/uploads\/2020\/01\/cropped-logo-kcc-2020.png\",\"width\":116,\"height\":55,\"caption\":\"Krakowskie Centrum Choreograficzne\"},\"image\":{\"@id\":\"https:\/\/nck.krakow.pl\/kcc\/#\/schema\/logo\/image\/\"}}]}<\/script>\n<!-- \/ Yoast SEO plugin. -->","yoast_head_json":{"title":"LABORATORIUM PRAKTYK SIOSTRZE\u0143STWA - Krakowskie Centrum Choreograficzne","robots":{"index":"index","follow":"follow","max-snippet":"max-snippet:-1","max-image-preview":"max-image-preview:large","max-video-preview":"max-video-preview:-1"},"canonical":"https:\/\/nck.krakow.pl\/kcc\/krakowski-festiwal-tanca-2021\/laboratorium-praktyk-siostrzenstwa\/","og_locale":"pl_PL","og_type":"article","og_title":"LABORATORIUM PRAKTYK SIOSTRZE\u0143STWA - Krakowskie Centrum Choreograficzne","og_description":"Warsztat o tym co wsp\u00f3lne i jednocze\u015bnie indywidualne &#8211; w ramach Krakowskiego Festiwalu Ta\u0144ca 2021. 15 sierpnia 13:30 \u2013 16:30Koszt laboratorium: 75 z\u0142otych Regulamin: Kontakt:zapisy.kcc@nck.krakow.pl Warsztaty, skierowane dla wszystkich ch\u0119tnych, niezale\u017cnie od do\u015bwiadczenia tanecznego czy ruchowego, s\u0105 przestrzeni\u0105 na ws\u0142uchanie si\u0119 we w\u0142asne cia\u0142o jak i na odkrywanie go w relacji z drugim cia\u0142em. Wsp\u00f3lnie [&hellip;]","og_url":"https:\/\/nck.krakow.pl\/kcc\/krakowski-festiwal-tanca-2021\/laboratorium-praktyk-siostrzenstwa\/","og_site_name":"Krakowskie Centrum Choreograficzne","article_modified_time":"2021-08-17T09:59:19+00:00","og_image":[{"url":"https:\/\/nck.krakow.pl\/kcc\/wp-content\/uploads\/2021\/07\/DSC6673_fot_klaudyna_schubert-1024x682.jpg"}],"twitter_card":"summary_large_image","twitter_misc":{"Est. reading time":"2 minuty"},"schema":{"@context":"https:\/\/schema.org","@graph":[{"@type":"WebPage","@id":"https:\/\/nck.krakow.pl\/kcc\/krakowski-festiwal-tanca-2021\/laboratorium-praktyk-siostrzenstwa\/","url":"https:\/\/nck.krakow.pl\/kcc\/krakowski-festiwal-tanca-2021\/laboratorium-praktyk-siostrzenstwa\/","name":"LABORATORIUM PRAKTYK SIOSTRZE\u0143STWA - Krakowskie Centrum Choreograficzne","isPartOf":{"@id":"https:\/\/nck.krakow.pl\/kcc\/#website"},"datePublished":"2021-07-07T13:57:21+00:00","dateModified":"2021-08-17T09:59:19+00:00","breadcrumb":{"@id":"https:\/\/nck.krakow.pl\/kcc\/krakowski-festiwal-tanca-2021\/laboratorium-praktyk-siostrzenstwa\/#breadcrumb"},"inLanguage":"pl-PL","potentialAction":[{"@type":"ReadAction","target":["https:\/\/nck.krakow.pl\/kcc\/krakowski-festiwal-tanca-2021\/laboratorium-praktyk-siostrzenstwa\/"]}]},{"@type":"BreadcrumbList","@id":"https:\/\/nck.krakow.pl\/kcc\/krakowski-festiwal-tanca-2021\/laboratorium-praktyk-siostrzenstwa\/#breadcrumb","itemListElement":[{"@type":"ListItem","position":1,"name":"Strona g\u0142\u00f3wna","item":"https:\/\/nck.krakow.pl\/kcc\/"},{"@type":"ListItem","position":2,"name":"Krakowski Festiwal Ta\u0144ca 2021","item":"https:\/\/nck.krakow.pl\/kcc\/krakowski-festiwal-tanca-2021\/"},{"@type":"ListItem","position":3,"name":"LABORATORIUM PRAKTYK SIOSTRZE\u0143STWA"}]},{"@type":"WebSite","@id":"https:\/\/nck.krakow.pl\/kcc\/#website","url":"https:\/\/nck.krakow.pl\/kcc\/","name":"Krakowskie Centrum Choreograficzne","description":"","publisher":{"@id":"https:\/\/nck.krakow.pl\/kcc\/#organization"},"potentialAction":[{"@type":"SearchAction","target":{"@type":"EntryPoint","urlTemplate":"https:\/\/nck.krakow.pl\/kcc\/?s={search_term_string}"},"query-input":"required name=search_term_string"}],"inLanguage":"pl-PL"},{"@type":"Organization","@id":"https:\/\/nck.krakow.pl\/kcc\/#organization","name":"Krakowskie Centrum Choreograficzne","url":"https:\/\/nck.krakow.pl\/kcc\/","logo":{"@type":"ImageObject","inLanguage":"pl-PL","@id":"https:\/\/nck.krakow.pl\/kcc\/#\/schema\/logo\/image\/","url":"https:\/\/nck.krakow.pl\/kcc\/wp-content\/uploads\/2020\/01\/cropped-logo-kcc-2020.png","contentUrl":"https:\/\/nck.krakow.pl\/kcc\/wp-content\/uploads\/2020\/01\/cropped-logo-kcc-2020.png","width":116,"height":55,"caption":"Krakowskie Centrum Choreograficzne"},"image":{"@id":"https:\/\/nck.krakow.pl\/kcc\/#\/schema\/logo\/image\/"}}]}},"_links":{"self":[{"href":"https:\/\/nck.krakow.pl\/kcc\/wp-json\/wp\/v2\/pages\/5086"}],"collection":[{"href":"https:\/\/nck.krakow.pl\/kcc\/wp-json\/wp\/v2\/pages"}],"about":[{"href":"https:\/\/nck.krakow.pl\/kcc\/wp-json\/wp\/v2\/types\/page"}],"author":[{"embeddable":true,"href":"https:\/\/nck.krakow.pl\/kcc\/wp-json\/wp\/v2\/users\/5"}],"replies":[{"embeddable":true,"href":"https:\/\/nck.krakow.pl\/kcc\/wp-json\/wp\/v2\/comments?post=5086"}],"version-history":[{"count":8,"href":"https:\/\/nck.krakow.pl\/kcc\/wp-json\/wp\/v2\/pages\/5086\/revisions"}],"predecessor-version":[{"id":5508,"href":"https:\/\/nck.krakow.pl\/kcc\/wp-json\/wp\/v2\/pages\/5086\/revisions\/5508"}],"up":[{"embeddable":true,"href":"https:\/\/nck.krakow.pl\/kcc\/wp-json\/wp\/v2\/pages\/3723"}],"wp:attachment":[{"href":"https:\/\/nck.krakow.pl\/kcc\/wp-json\/wp\/v2\/media?parent=5086"}],"curies":[{"name":"wp","href":"https:\/\/api.w.org\/{rel}","templated":true}]}}