{"id":4327,"date":"2020-02-19T12:09:30","date_gmt":"2020-02-19T12:09:30","guid":{"rendered":"https:\/\/nck.krakow.pl\/kcc\/?page_id=4327"},"modified":"2023-04-25T12:58:14","modified_gmt":"2023-04-25T12:58:14","slug":"it-will-come-later-miedzynarodowy-kolektyw-tanca-wspolczesnego-icodaco","status":"publish","type":"page","link":"https:\/\/nck.krakow.pl\/kcc\/it-will-come-later-miedzynarodowy-kolektyw-tanca-wspolczesnego-icodaco\/","title":{"rendered":"it will come later \u2013 Mi\u0119dzynarodowy Kolektyw Ta\u0144ca Wsp\u00f3\u0142czesnego iCoDaCo"},"content":{"rendered":"\n<figure class=\"wp-block-image\"><img loading=\"lazy\" decoding=\"async\" width=\"960\" height=\"640\" src=\"https:\/\/nck.krakow.pl\/kcc\/wp-content\/uploads\/2020\/02\/KMachniewicz_2018_11_23_NCK_BalletOFF_ItWillComeLater_MG_7980_960x640px_q100-1.jpg\" alt=\"\" class=\"wp-image-4329\" srcset=\"https:\/\/nck.krakow.pl\/kcc\/wp-content\/uploads\/2020\/02\/KMachniewicz_2018_11_23_NCK_BalletOFF_ItWillComeLater_MG_7980_960x640px_q100-1.jpg 960w, https:\/\/nck.krakow.pl\/kcc\/wp-content\/uploads\/2020\/02\/KMachniewicz_2018_11_23_NCK_BalletOFF_ItWillComeLater_MG_7980_960x640px_q100-1-300x200.jpg 300w, https:\/\/nck.krakow.pl\/kcc\/wp-content\/uploads\/2020\/02\/KMachniewicz_2018_11_23_NCK_BalletOFF_ItWillComeLater_MG_7980_960x640px_q100-1-768x512.jpg 768w\" sizes=\"(max-width: 960px) 100vw, 960px\" \/><\/figure>\n\n\n\n<div style=\"height:30px\" aria-hidden=\"true\" class=\"wp-block-spacer\"><\/div>\n\n\n\n<h1 class=\"wp-block-heading\">it will come later \u2013Mi\u0119dzynarodowy Kolektyw Ta\u0144ca Wsp\u00f3\u0142czesnego iCoDaCo<\/h1>\n\n\n\n<div style=\"height:20px\" aria-hidden=\"true\" class=\"wp-block-spacer\"><\/div>\n\n\n\n<p><strong>tw\u00f3rcy \u2013 performerzy:<\/strong>&nbsp;Lee Brummer, Mui Cheuk-Yin, Eddie Ladd, Joseph Lee, Weronika Pelczy\u0144ska, Imre Vasi<br><strong>dramaturgia:<\/strong>&nbsp;Gwyn Emberton i Israel Aloni<br><strong>kompozytor &#8211; <\/strong>Gosheven<br><strong>scenografia i projekt przestrzeni &#8211; <\/strong>Simon Banham<br><strong>re\u017cyseria \u015bwiate\u0142 &#8211; <\/strong>Kathrine Sandys<br><strong>muzyka &#8211; <\/strong>Rhodri Davies<br><strong>kostiumy &#8211; <\/strong>Hanka Podraza<br><strong>kierownik techniczny &#8211; <\/strong>Kristian Rhodes<br><strong>Premiera &#8211;<\/strong> 22.11.2018 BalletOFFFestival <br><strong>Producenci:<\/strong> ilDance (Szwecja), Krakowskie Centrum Choreograficzne &#8211; Nowohuckie Centrum Kultury, Gwyn Emberton Dance (Walia), S\u00cdN Arts and Culture (W\u0119gry), And Partners (Hongkong)<\/p>\n\n\n\n<p>Spektakl powsta\u0142 w\nramach programu Unii Europejskiej Kreatywna Europa.<\/p>\n\n\n\n<div style=\"height:41px\" aria-hidden=\"true\" class=\"wp-block-spacer\"><\/div>\n\n\n\n<p>Ten mozolny, nigdy nieko\u0144cz\u0105cy si\u0119 wysi\u0142ek, kt\u00f3ry wk\u0142adamy w ulotne chwile.&nbsp;<br>Wysi\u0142ek, jakiego wymaga opracowanie wsp\u00f3lnych idei.&nbsp;<br>Wysi\u0142ek, jakiego wymaga odepchni\u0119cie od siebie ludzi.<br>Wysi\u0142ek, jakiego wymaga odepchni\u0119cie ich jeszcze dalej.<br>Energia, zaanga\u017cowanie i wytrwa\u0142o\u015b\u0107, kt\u00f3re znajdujemy w sobie, aby nie odstawa\u0107 od spo\u0142ecze\u0144stwa i trzyma\u0107 si\u0119 konwenans\u00f3w.<br>Trud, jaki znosimy, aby wykaza\u0107 si\u0119 produktywno\u015bci\u0105.<\/p>\n\n\n\n<p>Liczy si\u0119 ka\u017cda chwila, ka\u017cdy wysi\u0142ek.<br>Sk\u0142aniamy si\u0119 ku temu, od czego jeste\u015bmy odpychani.&nbsp;<br>Trwamy\u2026<br>Znajdujemy spok\u00f3j ducha w tym, co znane, wiemy, co przyjdzie p\u00f3\u017aniej.<br>Wci\u0105\u017c nowe pocz\u0105tki.<br>Dostrzegamy wy\u017csze dobro, wsp\u00f3lny cel, by\u0107 mo\u017ce razem gdzie\u015b zajdziemy.<\/p>\n\n\n\n<p>Arty\u015bci zrzeszeni w ramach projektu iCoDaCo 2018-2020 pracuj\u0105 nad nowym dzie\u0142em zatytu\u0142owanym IT WILL COME LATER. W tym przypadku kolektyw bada koncepcj\u0119 transformacji z perspektywy politycznej, fizycznej, przestrzennej i psychologicznej. Jego trzon stanowi sze\u015bciu artyst\u00f3w z pi\u0119ciu kraj\u00f3w, kt\u00f3rzy tworz\u0105 swoje pierwsze, wsp\u00f3lne dzie\u0142o.<\/p>\n\n\n\n<p>Ka\u017cdy artysta wnosi ze sob\u0105 w\u0142asn\u0105 wyj\u0105tkow\u0105 fascynacj\u0119 pot\u0119g\u0105 transformacji. Transformacje polityczne w regionach takich jak Europa Wschodnia czy Chiny powoduj\u0105 pomi\u0119dzy nimi pe\u0142ne napi\u0119cia wymiany pogl\u0105d\u00f3w.<\/p>\n\n\n\n<p>Jest to centralny punkt tych interaktywnych i inkluzywnych dzia\u0142a\u0144 zmierzaj\u0105cych do nawi\u0105zania relacji ze spo\u0142eczno\u015bciami i widowni\u0105.<\/p>\n\n\n\n<p>Projekt promuje warto\u015bci takie jak r\u00f3\u017cnorodno\u015b\u0107, tolerancja i wsp\u00f3lnota, jednocze\u015bnie tworz\u0105c nowe dzie\u0142o ta\u0144ca wsp\u00f3\u0142czesnego, na kt\u00f3re wp\u0142ywa eklektyczne dziedzictwo artystyczne i osobiste ka\u017cdego cz\u0142onka kolektywu.<\/p>\n\n\n\n<p>iCoDaCo analizuje tak\u017ce zbiorowe dzia\u0142ania artystyczne jako mikrokosmos w wielkich wsp\u00f3lnotach, takich jak Unia Europejska, przez pryzmat to\u017csamo\u015bci, narodowo\u015bci, indywidualno\u015bci, struktur w\u0142adzy i produktywno\u015bci.<\/p>\n\n\n\n<div style=\"height:25px\" aria-hidden=\"true\" class=\"wp-block-spacer\"><\/div>\n\n\n\n<p><strong>iCoDaCo (International Contemporary Dance Collective; PL: Mi\u0119dzynarodowy Kolektyw Ta\u0144ca Wsp\u00f3\u0142czesnego)<\/strong> to cykliczny, dwuletni, prowadzony przez artyst\u00f3w projekt wymiany interkulturowej na p\u0142aszczy\u017anie ta\u0144ca wsp\u00f3\u0142czesnego. Pierwszy taki projekt wsp\u00f3\u0142pracy zosta\u0142 zainicjowany przez mi\u0119dzynarodowy zesp\u00f3\u0142 i organizacj\u0119 ilDance z siedzib\u0105 w G\u00f6teborgu (Szwecja) w 2012 roku.<\/p>\n\n\n\n<p>Co dwa lata nowy mi\u0119dzynarodowy kolektyw choreograf\u00f3w i artyst\u00f3w tancerzy gromadzi si\u0119, tworz\u0105c fascynuj\u0105ce mikrospo\u0142ecze\u0144stwo (kreatywn\u0105 spo\u0142eczno\u015b\u0107), kt\u00f3re funkcjonuje jako symboliczna reprezentacja makrokosmosu (\u015bwiata, w kt\u00f3rym \u017cyjemy). Czerpi\u0105c wiedz\u0119 i inspiracje ze spo\u0142eczno-politycznej rzeczywisto\u015bci ka\u017cdego kraju reprezentowanego przez kolektyw, tworz\u0105 now\u0105 produkcj\u0119 w ramach kilku rezydencji, kt\u00f3rych gospodarzami s\u0105 reprezentowane kraje.<\/p>\n\n\n\n<p>Idea zgromadzenia r\u00f3\u017cnorodnej grupy artyst\u00f3w, kt\u00f3rzy nie s\u0105 do siebie podobni i u\u0142atwienia im wsp\u00f3lnego procesu tworzenia nowego dzie\u0142a zrodzi\u0142a si\u0119 w\u015br\u00f3d ambicji dyrektor\u00f3w ilDance, Lee Brummer i Israela Aloniego, kt\u00f3rzy chcieli zademonstrowa\u0107, \u017ce osoby ca\u0142kiem odmienne mog\u0105 nie tylko koegzystowa\u0107 ze sob\u0105 w spos\u00f3b neutralny, ale r\u00f3wnie\u017c konfrontowa\u0107 swoje r\u00f3\u017cnice i wykorzystywa\u0107 je na rzecz kreatywnego i produktywnego procesu tworzenia autentycznej sztuki, kt\u00f3ra ma znaczenie.<\/p>\n\n\n\n<p>W czasach, w kt\u00f3rych r\u00f3\u017cnice pomi\u0119dzy poszczeg\u00f3lnymi osobami i spo\u0142ecze\u0144stwami s\u0105 przyczyn\u0105 niesamowitego zniszczenia i krzywdy na \u015bwiecie, projekt artystyczny proponuj\u0105cy i udowadniaj\u0105cy realno\u015b\u0107 zgo\u0142a odmiennej rzeczywisto\u015bci wydaje si\u0119 pilnie potrzebny.<\/p>\n\n\n\n<p><a href=\"http:\/\/www.icodaco.com\/\">www.icodaco.com<\/a><\/p>\n\n\n\n<figure class=\"wp-block-image\"><img loading=\"lazy\" decoding=\"async\" width=\"1024\" height=\"565\" src=\"https:\/\/nck.krakow.pl\/kcc\/wp-content\/uploads\/2020\/02\/stopka-PP-1024x565.jpg\" alt=\"\" class=\"wp-image-4046\" srcset=\"https:\/\/nck.krakow.pl\/kcc\/wp-content\/uploads\/2020\/02\/stopka-PP-1024x565.jpg 1024w, https:\/\/nck.krakow.pl\/kcc\/wp-content\/uploads\/2020\/02\/stopka-PP-300x165.jpg 300w, https:\/\/nck.krakow.pl\/kcc\/wp-content\/uploads\/2020\/02\/stopka-PP-768x423.jpg 768w, https:\/\/nck.krakow.pl\/kcc\/wp-content\/uploads\/2020\/02\/stopka-PP.jpg 1500w\" sizes=\"(max-width: 1024px) 100vw, 1024px\" \/><\/figure>\n","protected":false},"excerpt":{"rendered":"<p>it will come later \u2013Mi\u0119dzynarodowy Kolektyw Ta\u0144ca Wsp\u00f3\u0142czesnego iCoDaCo tw\u00f3rcy \u2013 performerzy:&nbsp;Lee Brummer, Mui Cheuk-Yin, Eddie Ladd, Joseph Lee, Weronika Pelczy\u0144ska, Imre Vasidramaturgia:&nbsp;Gwyn Emberton i Israel Alonikompozytor &#8211; Goshevenscenografia i projekt przestrzeni &#8211; Simon Banhamre\u017cyseria \u015bwiate\u0142 &#8211; Kathrine Sandysmuzyka &#8211; Rhodri Davieskostiumy &#8211; Hanka Podrazakierownik techniczny &#8211; Kristian RhodesPremiera &#8211; 22.11.2018 BalletOFFFestival Producenci: ilDance (Szwecja), [&hellip;]<\/p>\n","protected":false},"author":5,"featured_media":0,"parent":0,"menu_order":0,"comment_status":"closed","ping_status":"closed","template":"","meta":{"footnotes":""},"class_list":["post-4327","page","type-page","status-publish","hentry"],"yoast_head":"<!-- This site is optimized with the Yoast SEO plugin v19.12 - https:\/\/yoast.com\/wordpress\/plugins\/seo\/ -->\n<title>it will come later \u2013 Mi\u0119dzynarodowy Kolektyw Ta\u0144ca Wsp\u00f3\u0142czesnego iCoDaCo - Krakowskie Centrum Choreograficzne<\/title>\n<meta name=\"robots\" content=\"index, follow, max-snippet:-1, max-image-preview:large, max-video-preview:-1\" \/>\n<link rel=\"canonical\" href=\"https:\/\/nck.krakow.pl\/kcc\/it-will-come-later-miedzynarodowy-kolektyw-tanca-wspolczesnego-icodaco\/\" \/>\n<meta property=\"og:locale\" content=\"pl_PL\" \/>\n<meta property=\"og:type\" content=\"article\" \/>\n<meta property=\"og:title\" content=\"it will come later \u2013 Mi\u0119dzynarodowy Kolektyw Ta\u0144ca Wsp\u00f3\u0142czesnego iCoDaCo\" \/>\n<meta property=\"og:description\" content=\"Tw\u00f3rcy \u2013 performerzy: Lee Brummer, Mui Cheuk-Yin, Eddie Ladd, Joseph Lee, Weronika Pelczyn\u0301ska, Imre Vasi\" \/>\n<meta property=\"og:url\" content=\"https:\/\/nck.krakow.pl\/kcc\/it-will-come-later-miedzynarodowy-kolektyw-tanca-wspolczesnego-icodaco\/\" \/>\n<meta property=\"og:site_name\" content=\"Krakowskie Centrum Choreograficzne\" \/>\n<meta property=\"article:modified_time\" content=\"2023-04-25T12:58:14+00:00\" \/>\n<meta property=\"og:image\" content=\"https:\/\/nck.krakow.pl\/kcc\/wp-content\/uploads\/2020\/02\/KMachniewicz_2018_11_23_NCK_BalletOFF_ItWillComeLater_MG_7980_960x640px_q100-1.jpg\" \/>\n\t<meta property=\"og:image:width\" content=\"960\" \/>\n\t<meta property=\"og:image:height\" content=\"640\" \/>\n\t<meta property=\"og:image:type\" content=\"image\/jpeg\" \/>\n<meta name=\"twitter:card\" content=\"summary_large_image\" \/>\n<meta name=\"twitter:label1\" content=\"Est. reading time\" \/>\n\t<meta name=\"twitter:data1\" content=\"4 minuty\" \/>\n<script type=\"application\/ld+json\" class=\"yoast-schema-graph\">{\"@context\":\"https:\/\/schema.org\",\"@graph\":[{\"@type\":\"WebPage\",\"@id\":\"https:\/\/nck.krakow.pl\/kcc\/it-will-come-later-miedzynarodowy-kolektyw-tanca-wspolczesnego-icodaco\/\",\"url\":\"https:\/\/nck.krakow.pl\/kcc\/it-will-come-later-miedzynarodowy-kolektyw-tanca-wspolczesnego-icodaco\/\",\"name\":\"it will come later \u2013 Mi\u0119dzynarodowy Kolektyw Ta\u0144ca Wsp\u00f3\u0142czesnego iCoDaCo - Krakowskie Centrum Choreograficzne\",\"isPartOf\":{\"@id\":\"https:\/\/nck.krakow.pl\/kcc\/#website\"},\"datePublished\":\"2020-02-19T12:09:30+00:00\",\"dateModified\":\"2023-04-25T12:58:14+00:00\",\"breadcrumb\":{\"@id\":\"https:\/\/nck.krakow.pl\/kcc\/it-will-come-later-miedzynarodowy-kolektyw-tanca-wspolczesnego-icodaco\/#breadcrumb\"},\"inLanguage\":\"pl-PL\",\"potentialAction\":[{\"@type\":\"ReadAction\",\"target\":[\"https:\/\/nck.krakow.pl\/kcc\/it-will-come-later-miedzynarodowy-kolektyw-tanca-wspolczesnego-icodaco\/\"]}]},{\"@type\":\"BreadcrumbList\",\"@id\":\"https:\/\/nck.krakow.pl\/kcc\/it-will-come-later-miedzynarodowy-kolektyw-tanca-wspolczesnego-icodaco\/#breadcrumb\",\"itemListElement\":[{\"@type\":\"ListItem\",\"position\":1,\"name\":\"Strona g\u0142\u00f3wna\",\"item\":\"https:\/\/nck.krakow.pl\/kcc\/\"},{\"@type\":\"ListItem\",\"position\":2,\"name\":\"it will come later \u2013 Mi\u0119dzynarodowy Kolektyw Ta\u0144ca Wsp\u00f3\u0142czesnego iCoDaCo\"}]},{\"@type\":\"WebSite\",\"@id\":\"https:\/\/nck.krakow.pl\/kcc\/#website\",\"url\":\"https:\/\/nck.krakow.pl\/kcc\/\",\"name\":\"Krakowskie Centrum Choreograficzne\",\"description\":\"\",\"publisher\":{\"@id\":\"https:\/\/nck.krakow.pl\/kcc\/#organization\"},\"potentialAction\":[{\"@type\":\"SearchAction\",\"target\":{\"@type\":\"EntryPoint\",\"urlTemplate\":\"https:\/\/nck.krakow.pl\/kcc\/?s={search_term_string}\"},\"query-input\":\"required name=search_term_string\"}],\"inLanguage\":\"pl-PL\"},{\"@type\":\"Organization\",\"@id\":\"https:\/\/nck.krakow.pl\/kcc\/#organization\",\"name\":\"Krakowskie Centrum Choreograficzne\",\"url\":\"https:\/\/nck.krakow.pl\/kcc\/\",\"logo\":{\"@type\":\"ImageObject\",\"inLanguage\":\"pl-PL\",\"@id\":\"https:\/\/nck.krakow.pl\/kcc\/#\/schema\/logo\/image\/\",\"url\":\"https:\/\/nck.krakow.pl\/kcc\/wp-content\/uploads\/2020\/01\/cropped-logo-kcc-2020.png\",\"contentUrl\":\"https:\/\/nck.krakow.pl\/kcc\/wp-content\/uploads\/2020\/01\/cropped-logo-kcc-2020.png\",\"width\":116,\"height\":55,\"caption\":\"Krakowskie Centrum Choreograficzne\"},\"image\":{\"@id\":\"https:\/\/nck.krakow.pl\/kcc\/#\/schema\/logo\/image\/\"}}]}<\/script>\n<!-- \/ Yoast SEO plugin. -->","yoast_head_json":{"title":"it will come later \u2013 Mi\u0119dzynarodowy Kolektyw Ta\u0144ca Wsp\u00f3\u0142czesnego iCoDaCo - Krakowskie Centrum Choreograficzne","robots":{"index":"index","follow":"follow","max-snippet":"max-snippet:-1","max-image-preview":"max-image-preview:large","max-video-preview":"max-video-preview:-1"},"canonical":"https:\/\/nck.krakow.pl\/kcc\/it-will-come-later-miedzynarodowy-kolektyw-tanca-wspolczesnego-icodaco\/","og_locale":"pl_PL","og_type":"article","og_title":"it will come later \u2013 Mi\u0119dzynarodowy Kolektyw Ta\u0144ca Wsp\u00f3\u0142czesnego iCoDaCo","og_description":"Tw\u00f3rcy \u2013 performerzy: Lee Brummer, Mui Cheuk-Yin, Eddie Ladd, Joseph Lee, Weronika Pelczyn\u0301ska, Imre Vasi","og_url":"https:\/\/nck.krakow.pl\/kcc\/it-will-come-later-miedzynarodowy-kolektyw-tanca-wspolczesnego-icodaco\/","og_site_name":"Krakowskie Centrum Choreograficzne","article_modified_time":"2023-04-25T12:58:14+00:00","og_image":[{"width":960,"height":640,"url":"https:\/\/nck.krakow.pl\/kcc\/wp-content\/uploads\/2020\/02\/KMachniewicz_2018_11_23_NCK_BalletOFF_ItWillComeLater_MG_7980_960x640px_q100-1.jpg","type":"image\/jpeg"}],"twitter_card":"summary_large_image","twitter_misc":{"Est. reading time":"4 minuty"},"schema":{"@context":"https:\/\/schema.org","@graph":[{"@type":"WebPage","@id":"https:\/\/nck.krakow.pl\/kcc\/it-will-come-later-miedzynarodowy-kolektyw-tanca-wspolczesnego-icodaco\/","url":"https:\/\/nck.krakow.pl\/kcc\/it-will-come-later-miedzynarodowy-kolektyw-tanca-wspolczesnego-icodaco\/","name":"it will come later \u2013 Mi\u0119dzynarodowy Kolektyw Ta\u0144ca Wsp\u00f3\u0142czesnego iCoDaCo - Krakowskie Centrum Choreograficzne","isPartOf":{"@id":"https:\/\/nck.krakow.pl\/kcc\/#website"},"datePublished":"2020-02-19T12:09:30+00:00","dateModified":"2023-04-25T12:58:14+00:00","breadcrumb":{"@id":"https:\/\/nck.krakow.pl\/kcc\/it-will-come-later-miedzynarodowy-kolektyw-tanca-wspolczesnego-icodaco\/#breadcrumb"},"inLanguage":"pl-PL","potentialAction":[{"@type":"ReadAction","target":["https:\/\/nck.krakow.pl\/kcc\/it-will-come-later-miedzynarodowy-kolektyw-tanca-wspolczesnego-icodaco\/"]}]},{"@type":"BreadcrumbList","@id":"https:\/\/nck.krakow.pl\/kcc\/it-will-come-later-miedzynarodowy-kolektyw-tanca-wspolczesnego-icodaco\/#breadcrumb","itemListElement":[{"@type":"ListItem","position":1,"name":"Strona g\u0142\u00f3wna","item":"https:\/\/nck.krakow.pl\/kcc\/"},{"@type":"ListItem","position":2,"name":"it will come later \u2013 Mi\u0119dzynarodowy Kolektyw Ta\u0144ca Wsp\u00f3\u0142czesnego iCoDaCo"}]},{"@type":"WebSite","@id":"https:\/\/nck.krakow.pl\/kcc\/#website","url":"https:\/\/nck.krakow.pl\/kcc\/","name":"Krakowskie Centrum Choreograficzne","description":"","publisher":{"@id":"https:\/\/nck.krakow.pl\/kcc\/#organization"},"potentialAction":[{"@type":"SearchAction","target":{"@type":"EntryPoint","urlTemplate":"https:\/\/nck.krakow.pl\/kcc\/?s={search_term_string}"},"query-input":"required name=search_term_string"}],"inLanguage":"pl-PL"},{"@type":"Organization","@id":"https:\/\/nck.krakow.pl\/kcc\/#organization","name":"Krakowskie Centrum Choreograficzne","url":"https:\/\/nck.krakow.pl\/kcc\/","logo":{"@type":"ImageObject","inLanguage":"pl-PL","@id":"https:\/\/nck.krakow.pl\/kcc\/#\/schema\/logo\/image\/","url":"https:\/\/nck.krakow.pl\/kcc\/wp-content\/uploads\/2020\/01\/cropped-logo-kcc-2020.png","contentUrl":"https:\/\/nck.krakow.pl\/kcc\/wp-content\/uploads\/2020\/01\/cropped-logo-kcc-2020.png","width":116,"height":55,"caption":"Krakowskie Centrum Choreograficzne"},"image":{"@id":"https:\/\/nck.krakow.pl\/kcc\/#\/schema\/logo\/image\/"}}]}},"_links":{"self":[{"href":"https:\/\/nck.krakow.pl\/kcc\/wp-json\/wp\/v2\/pages\/4327"}],"collection":[{"href":"https:\/\/nck.krakow.pl\/kcc\/wp-json\/wp\/v2\/pages"}],"about":[{"href":"https:\/\/nck.krakow.pl\/kcc\/wp-json\/wp\/v2\/types\/page"}],"author":[{"embeddable":true,"href":"https:\/\/nck.krakow.pl\/kcc\/wp-json\/wp\/v2\/users\/5"}],"replies":[{"embeddable":true,"href":"https:\/\/nck.krakow.pl\/kcc\/wp-json\/wp\/v2\/comments?post=4327"}],"version-history":[{"count":4,"href":"https:\/\/nck.krakow.pl\/kcc\/wp-json\/wp\/v2\/pages\/4327\/revisions"}],"predecessor-version":[{"id":6841,"href":"https:\/\/nck.krakow.pl\/kcc\/wp-json\/wp\/v2\/pages\/4327\/revisions\/6841"}],"wp:attachment":[{"href":"https:\/\/nck.krakow.pl\/kcc\/wp-json\/wp\/v2\/media?parent=4327"}],"curies":[{"name":"wp","href":"https:\/\/api.w.org\/{rel}","templated":true}]}}