{"id":4118,"date":"2020-02-03T11:41:07","date_gmt":"2020-02-03T11:41:07","guid":{"rendered":"https:\/\/nck.krakow.pl\/kcc\/?page_id=4118"},"modified":"2025-08-04T13:02:10","modified_gmt":"2025-08-04T13:02:10","slug":"zajecia","status":"publish","type":"page","link":"https:\/\/nck.krakow.pl\/kcc\/zajecia\/","title":{"rendered":"zaj\u0119cia"},"content":{"rendered":"\n<p>Krakowskie Centrum Choreograficzne prowadzi regularn\u0105 dzia\u0142alno\u015b\u0107 edukacyjn\u0105 dla dzieci, m\u0142odzie\u017cy i doros\u0142ych na r\u00f3\u017cnych poziomach zaawansowania. Kontynuujemy r\u00f3wnie\u017c w tym roku cykl warsztat\u00f3w \u201eRozta\u0144czone rodziny\u201d.<\/p>\n\n\n\n<p>Poni\u017csze zaj\u0119cia b\u0119dziemy prowadzi\u0107 przez ca\u0142y rok (pa\u017adziernik 25\u2019-czerwiec 26\u2019).<\/p>\n\n\n\n<p>Je\u015bli interesuj\u0105 ci\u0119 warsztaty dla os\u00f3b doros\u0142ych w okresie wakacyjnym, zapraszamy na&nbsp; <strong><a href=\"https:\/\/nck.krakow.pl\/kcc\/krakowski-festiwal-tanca-2023\/\">KRAKOWSKI FESTIWAL TA\u0143CA<\/a><\/strong>.<\/p>\n\n\n\n<figure class=\"wp-block-image size-full is-resized\"><a href=\"https:\/\/nck.krakow.pl\/kcc\/maly-teatr-ruchu\/\"><img loading=\"lazy\" decoding=\"async\" width=\"600\" height=\"600\" src=\"https:\/\/nck.krakow.pl\/kcc\/wp-content\/uploads\/2025\/08\/kafelki-edukacja_2025-1.png\" alt=\"\" class=\"wp-image-8255\" style=\"width:250px;height:250px\" srcset=\"https:\/\/nck.krakow.pl\/kcc\/wp-content\/uploads\/2025\/08\/kafelki-edukacja_2025-1.png 600w, https:\/\/nck.krakow.pl\/kcc\/wp-content\/uploads\/2025\/08\/kafelki-edukacja_2025-1-300x300.png 300w, https:\/\/nck.krakow.pl\/kcc\/wp-content\/uploads\/2025\/08\/kafelki-edukacja_2025-1-150x150.png 150w\" sizes=\"(max-width: 600px) 100vw, 600px\" \/><\/a><\/figure>\n\n\n\n<div style=\"height:10px\" aria-hidden=\"true\" class=\"wp-block-spacer\"><\/div>\n\n\n\n<figure class=\"wp-block-image size-full is-resized\"><a href=\"https:\/\/nck.krakow.pl\/kcc\/roztanczone-rodziny\/\"><img loading=\"lazy\" decoding=\"async\" width=\"600\" height=\"600\" src=\"https:\/\/nck.krakow.pl\/kcc\/wp-content\/uploads\/2024\/09\/kafelki-edukacja_2024-5.png\" alt=\"ROZTA\u0143CZONE RODZINY EDUKACJA\" class=\"wp-image-7783\" style=\"width:250px\" srcset=\"https:\/\/nck.krakow.pl\/kcc\/wp-content\/uploads\/2024\/09\/kafelki-edukacja_2024-5.png 600w, https:\/\/nck.krakow.pl\/kcc\/wp-content\/uploads\/2024\/09\/kafelki-edukacja_2024-5-300x300.png 300w, https:\/\/nck.krakow.pl\/kcc\/wp-content\/uploads\/2024\/09\/kafelki-edukacja_2024-5-150x150.png 150w\" sizes=\"(max-width: 600px) 100vw, 600px\" \/><\/a><\/figure>\n\n\n\n<div style=\"height:10px\" aria-hidden=\"true\" class=\"wp-block-spacer\"><\/div>\n\n\n\n<figure class=\"wp-block-image size-full is-resized\"><a href=\"https:\/\/nck.krakow.pl\/kcc\/edukacja\/cardio-contemporary\/\"><img loading=\"lazy\" decoding=\"async\" width=\"600\" height=\"600\" src=\"https:\/\/nck.krakow.pl\/kcc\/wp-content\/uploads\/2025\/08\/kafelki-edukacja_2025-2.png\" alt=\"\" class=\"wp-image-8256\" style=\"width:250px;height:250px\" srcset=\"https:\/\/nck.krakow.pl\/kcc\/wp-content\/uploads\/2025\/08\/kafelki-edukacja_2025-2.png 600w, https:\/\/nck.krakow.pl\/kcc\/wp-content\/uploads\/2025\/08\/kafelki-edukacja_2025-2-300x300.png 300w, https:\/\/nck.krakow.pl\/kcc\/wp-content\/uploads\/2025\/08\/kafelki-edukacja_2025-2-150x150.png 150w\" sizes=\"(max-width: 600px) 100vw, 600px\" \/><\/a><\/figure>\n\n\n\n<div style=\"height:10px\" aria-hidden=\"true\" class=\"wp-block-spacer\"><\/div>\n\n\n\n<figure class=\"wp-block-image size-full is-resized\"><a href=\"https:\/\/nck.krakow.pl\/kcc\/pracownia\/\"><img loading=\"lazy\" decoding=\"async\" width=\"600\" height=\"600\" src=\"https:\/\/nck.krakow.pl\/kcc\/wp-content\/uploads\/2025\/08\/kafelki-edukacja_2025-3.png\" alt=\"\" class=\"wp-image-8258\" style=\"width:250px;height:250px\" srcset=\"https:\/\/nck.krakow.pl\/kcc\/wp-content\/uploads\/2025\/08\/kafelki-edukacja_2025-3.png 600w, https:\/\/nck.krakow.pl\/kcc\/wp-content\/uploads\/2025\/08\/kafelki-edukacja_2025-3-300x300.png 300w, https:\/\/nck.krakow.pl\/kcc\/wp-content\/uploads\/2025\/08\/kafelki-edukacja_2025-3-150x150.png 150w\" sizes=\"(max-width: 600px) 100vw, 600px\" \/><\/a><\/figure>\n\n\n\n<div style=\"height:10px\" aria-hidden=\"true\" class=\"wp-block-spacer\"><\/div>\n","protected":false},"excerpt":{"rendered":"<p>Krakowskie Centrum Choreograficzne prowadzi regularn\u0105 dzia\u0142alno\u015b\u0107 edukacyjn\u0105 dla dzieci, m\u0142odzie\u017cy i doros\u0142ych na r\u00f3\u017cnych poziomach zaawansowania. Kontynuujemy r\u00f3wnie\u017c w tym roku cykl warsztat\u00f3w \u201eRozta\u0144czone rodziny\u201d. Poni\u017csze zaj\u0119cia b\u0119dziemy prowadzi\u0107 przez ca\u0142y rok (pa\u017adziernik 25\u2019-czerwiec 26\u2019). Je\u015bli interesuj\u0105 ci\u0119 warsztaty dla os\u00f3b doros\u0142ych w okresie wakacyjnym, zapraszamy na&nbsp; KRAKOWSKI FESTIWAL TA\u0143CA.<\/p>\n","protected":false},"author":5,"featured_media":0,"parent":0,"menu_order":0,"comment_status":"closed","ping_status":"closed","template":"","meta":{"footnotes":""},"class_list":["post-4118","page","type-page","status-publish","hentry"],"yoast_head":"<!-- This site is optimized with the Yoast SEO plugin v19.12 - https:\/\/yoast.com\/wordpress\/plugins\/seo\/ -->\n<title>zaj\u0119cia - Krakowskie Centrum Choreograficzne<\/title>\n<meta name=\"robots\" content=\"index, follow, max-snippet:-1, max-image-preview:large, max-video-preview:-1\" \/>\n<link rel=\"canonical\" href=\"https:\/\/nck.krakow.pl\/kcc\/zajecia\/\" \/>\n<meta property=\"og:locale\" content=\"pl_PL\" \/>\n<meta property=\"og:type\" content=\"article\" \/>\n<meta property=\"og:title\" content=\"zaj\u0119cia - Krakowskie Centrum Choreograficzne\" \/>\n<meta property=\"og:description\" content=\"Krakowskie Centrum Choreograficzne prowadzi regularn\u0105 dzia\u0142alno\u015b\u0107 edukacyjn\u0105 dla dzieci, m\u0142odzie\u017cy i doros\u0142ych na r\u00f3\u017cnych poziomach zaawansowania. Kontynuujemy r\u00f3wnie\u017c w tym roku cykl warsztat\u00f3w \u201eRozta\u0144czone rodziny\u201d. Poni\u017csze zaj\u0119cia b\u0119dziemy prowadzi\u0107 przez ca\u0142y rok (pa\u017adziernik 25\u2019-czerwiec 26\u2019). Je\u015bli interesuj\u0105 ci\u0119 warsztaty dla os\u00f3b doros\u0142ych w okresie wakacyjnym, zapraszamy na&nbsp; KRAKOWSKI FESTIWAL TA\u0143CA.\" \/>\n<meta property=\"og:url\" content=\"https:\/\/nck.krakow.pl\/kcc\/zajecia\/\" \/>\n<meta property=\"og:site_name\" content=\"Krakowskie Centrum Choreograficzne\" \/>\n<meta property=\"article:modified_time\" content=\"2025-08-04T13:02:10+00:00\" \/>\n<meta property=\"og:image\" content=\"https:\/\/nck.krakow.pl\/kcc\/wp-content\/uploads\/2025\/08\/kafelki-edukacja_2025-1.png\" \/>\n<meta name=\"twitter:card\" content=\"summary_large_image\" \/>\n<meta name=\"twitter:label1\" content=\"Est. reading time\" \/>\n\t<meta name=\"twitter:data1\" content=\"2 minuty\" \/>\n<script type=\"application\/ld+json\" class=\"yoast-schema-graph\">{\"@context\":\"https:\/\/schema.org\",\"@graph\":[{\"@type\":\"WebPage\",\"@id\":\"https:\/\/nck.krakow.pl\/kcc\/zajecia\/\",\"url\":\"https:\/\/nck.krakow.pl\/kcc\/zajecia\/\",\"name\":\"zaj\u0119cia - Krakowskie Centrum Choreograficzne\",\"isPartOf\":{\"@id\":\"https:\/\/nck.krakow.pl\/kcc\/#website\"},\"datePublished\":\"2020-02-03T11:41:07+00:00\",\"dateModified\":\"2025-08-04T13:02:10+00:00\",\"breadcrumb\":{\"@id\":\"https:\/\/nck.krakow.pl\/kcc\/zajecia\/#breadcrumb\"},\"inLanguage\":\"pl-PL\",\"potentialAction\":[{\"@type\":\"ReadAction\",\"target\":[\"https:\/\/nck.krakow.pl\/kcc\/zajecia\/\"]}]},{\"@type\":\"BreadcrumbList\",\"@id\":\"https:\/\/nck.krakow.pl\/kcc\/zajecia\/#breadcrumb\",\"itemListElement\":[{\"@type\":\"ListItem\",\"position\":1,\"name\":\"Strona g\u0142\u00f3wna\",\"item\":\"https:\/\/nck.krakow.pl\/kcc\/\"},{\"@type\":\"ListItem\",\"position\":2,\"name\":\"zaj\u0119cia\"}]},{\"@type\":\"WebSite\",\"@id\":\"https:\/\/nck.krakow.pl\/kcc\/#website\",\"url\":\"https:\/\/nck.krakow.pl\/kcc\/\",\"name\":\"Krakowskie Centrum Choreograficzne\",\"description\":\"\",\"publisher\":{\"@id\":\"https:\/\/nck.krakow.pl\/kcc\/#organization\"},\"potentialAction\":[{\"@type\":\"SearchAction\",\"target\":{\"@type\":\"EntryPoint\",\"urlTemplate\":\"https:\/\/nck.krakow.pl\/kcc\/?s={search_term_string}\"},\"query-input\":\"required name=search_term_string\"}],\"inLanguage\":\"pl-PL\"},{\"@type\":\"Organization\",\"@id\":\"https:\/\/nck.krakow.pl\/kcc\/#organization\",\"name\":\"Krakowskie Centrum Choreograficzne\",\"url\":\"https:\/\/nck.krakow.pl\/kcc\/\",\"logo\":{\"@type\":\"ImageObject\",\"inLanguage\":\"pl-PL\",\"@id\":\"https:\/\/nck.krakow.pl\/kcc\/#\/schema\/logo\/image\/\",\"url\":\"https:\/\/nck.krakow.pl\/kcc\/wp-content\/uploads\/2020\/01\/cropped-logo-kcc-2020.png\",\"contentUrl\":\"https:\/\/nck.krakow.pl\/kcc\/wp-content\/uploads\/2020\/01\/cropped-logo-kcc-2020.png\",\"width\":116,\"height\":55,\"caption\":\"Krakowskie Centrum Choreograficzne\"},\"image\":{\"@id\":\"https:\/\/nck.krakow.pl\/kcc\/#\/schema\/logo\/image\/\"}}]}<\/script>\n<!-- \/ Yoast SEO plugin. -->","yoast_head_json":{"title":"zaj\u0119cia - Krakowskie Centrum Choreograficzne","robots":{"index":"index","follow":"follow","max-snippet":"max-snippet:-1","max-image-preview":"max-image-preview:large","max-video-preview":"max-video-preview:-1"},"canonical":"https:\/\/nck.krakow.pl\/kcc\/zajecia\/","og_locale":"pl_PL","og_type":"article","og_title":"zaj\u0119cia - Krakowskie Centrum Choreograficzne","og_description":"Krakowskie Centrum Choreograficzne prowadzi regularn\u0105 dzia\u0142alno\u015b\u0107 edukacyjn\u0105 dla dzieci, m\u0142odzie\u017cy i doros\u0142ych na r\u00f3\u017cnych poziomach zaawansowania. Kontynuujemy r\u00f3wnie\u017c w tym roku cykl warsztat\u00f3w \u201eRozta\u0144czone rodziny\u201d. Poni\u017csze zaj\u0119cia b\u0119dziemy prowadzi\u0107 przez ca\u0142y rok (pa\u017adziernik 25\u2019-czerwiec 26\u2019). Je\u015bli interesuj\u0105 ci\u0119 warsztaty dla os\u00f3b doros\u0142ych w okresie wakacyjnym, zapraszamy na&nbsp; KRAKOWSKI FESTIWAL TA\u0143CA.","og_url":"https:\/\/nck.krakow.pl\/kcc\/zajecia\/","og_site_name":"Krakowskie Centrum Choreograficzne","article_modified_time":"2025-08-04T13:02:10+00:00","og_image":[{"url":"https:\/\/nck.krakow.pl\/kcc\/wp-content\/uploads\/2025\/08\/kafelki-edukacja_2025-1.png"}],"twitter_card":"summary_large_image","twitter_misc":{"Est. reading time":"2 minuty"},"schema":{"@context":"https:\/\/schema.org","@graph":[{"@type":"WebPage","@id":"https:\/\/nck.krakow.pl\/kcc\/zajecia\/","url":"https:\/\/nck.krakow.pl\/kcc\/zajecia\/","name":"zaj\u0119cia - Krakowskie Centrum Choreograficzne","isPartOf":{"@id":"https:\/\/nck.krakow.pl\/kcc\/#website"},"datePublished":"2020-02-03T11:41:07+00:00","dateModified":"2025-08-04T13:02:10+00:00","breadcrumb":{"@id":"https:\/\/nck.krakow.pl\/kcc\/zajecia\/#breadcrumb"},"inLanguage":"pl-PL","potentialAction":[{"@type":"ReadAction","target":["https:\/\/nck.krakow.pl\/kcc\/zajecia\/"]}]},{"@type":"BreadcrumbList","@id":"https:\/\/nck.krakow.pl\/kcc\/zajecia\/#breadcrumb","itemListElement":[{"@type":"ListItem","position":1,"name":"Strona g\u0142\u00f3wna","item":"https:\/\/nck.krakow.pl\/kcc\/"},{"@type":"ListItem","position":2,"name":"zaj\u0119cia"}]},{"@type":"WebSite","@id":"https:\/\/nck.krakow.pl\/kcc\/#website","url":"https:\/\/nck.krakow.pl\/kcc\/","name":"Krakowskie Centrum Choreograficzne","description":"","publisher":{"@id":"https:\/\/nck.krakow.pl\/kcc\/#organization"},"potentialAction":[{"@type":"SearchAction","target":{"@type":"EntryPoint","urlTemplate":"https:\/\/nck.krakow.pl\/kcc\/?s={search_term_string}"},"query-input":"required name=search_term_string"}],"inLanguage":"pl-PL"},{"@type":"Organization","@id":"https:\/\/nck.krakow.pl\/kcc\/#organization","name":"Krakowskie Centrum Choreograficzne","url":"https:\/\/nck.krakow.pl\/kcc\/","logo":{"@type":"ImageObject","inLanguage":"pl-PL","@id":"https:\/\/nck.krakow.pl\/kcc\/#\/schema\/logo\/image\/","url":"https:\/\/nck.krakow.pl\/kcc\/wp-content\/uploads\/2020\/01\/cropped-logo-kcc-2020.png","contentUrl":"https:\/\/nck.krakow.pl\/kcc\/wp-content\/uploads\/2020\/01\/cropped-logo-kcc-2020.png","width":116,"height":55,"caption":"Krakowskie Centrum Choreograficzne"},"image":{"@id":"https:\/\/nck.krakow.pl\/kcc\/#\/schema\/logo\/image\/"}}]}},"_links":{"self":[{"href":"https:\/\/nck.krakow.pl\/kcc\/wp-json\/wp\/v2\/pages\/4118"}],"collection":[{"href":"https:\/\/nck.krakow.pl\/kcc\/wp-json\/wp\/v2\/pages"}],"about":[{"href":"https:\/\/nck.krakow.pl\/kcc\/wp-json\/wp\/v2\/types\/page"}],"author":[{"embeddable":true,"href":"https:\/\/nck.krakow.pl\/kcc\/wp-json\/wp\/v2\/users\/5"}],"replies":[{"embeddable":true,"href":"https:\/\/nck.krakow.pl\/kcc\/wp-json\/wp\/v2\/comments?post=4118"}],"version-history":[{"count":31,"href":"https:\/\/nck.krakow.pl\/kcc\/wp-json\/wp\/v2\/pages\/4118\/revisions"}],"predecessor-version":[{"id":8264,"href":"https:\/\/nck.krakow.pl\/kcc\/wp-json\/wp\/v2\/pages\/4118\/revisions\/8264"}],"wp:attachment":[{"href":"https:\/\/nck.krakow.pl\/kcc\/wp-json\/wp\/v2\/media?parent=4118"}],"curies":[{"name":"wp","href":"https:\/\/api.w.org\/{rel}","templated":true}]}}