{"id":3512,"date":"2019-04-16T11:23:26","date_gmt":"2019-04-16T11:23:26","guid":{"rendered":"https:\/\/nck.krakow.pl\/kcc\/?page_id=3512"},"modified":"2019-10-14T13:48:56","modified_gmt":"2019-10-14T13:48:56","slug":"terminy-spektakli","status":"publish","type":"page","link":"https:\/\/nck.krakow.pl\/kcc\/terminy-spektakli\/","title":{"rendered":"terminy spektakli"},"content":{"rendered":"\n<p>O wszystkich wydarzeniach na bie\u017c\u0105co informujemy na naszej <strong><a href=\"https:\/\/www.facebook.com\/kcc.nck\/\">stronie facebookowej<\/a>, najwa\u017cniejsze:<\/strong><\/p>\n\n\n\n<p>22 pa\u017adziernika 2019 &#8211; <strong>\u201eDobre wychowanie&#8221;<\/strong> \/ <a aria-label=\"Centrum Sztuki Mo\u015bcice (otwiera si\u0119 na nowej zak\u0142adce)\" href=\"http:\/\/www.csm.tarnow.pl\/\" target=\"_blank\" rel=\"noreferrer noopener\">Centrum Sztuki Mo\u015bcice<\/a>, Tarn\u00f3w &#8211; spektakl prezentowany w ramach Polskiej Sieci Ta\u0144ca <\/p>\n\n\n\n<p>25 pa\u017adziernika 2019 &#8211; <strong>\u201eTrans_Miss(i)on&#8221; \/ <\/strong><a aria-label=\"Tarnog\u00f3rskie Centrum Kultury (otwiera si\u0119 na nowej zak\u0142adce)\" href=\"https:\/\/www.tck.net.pl\/pl\/\" target=\"_blank\" rel=\"noreferrer noopener\">Tarnog\u00f3rskie Centrum Kultury<\/a><strong>, <\/strong>&nbsp;Tarnowskie G\u00f3ry &#8211; spektakl prezentowany w ramach programu <em>Scena dla ta\u0144ca*<\/em><\/p>\n\n\n\n<p>26 pa\u017adziernika 2019 &#8211; <strong>\u201eTrans_Miss(i)on&#8221;<\/strong> \/ <a aria-label=\"Teatr Ma\u0142y w Tychach (otwiera si\u0119 na nowej zak\u0142adce)\" href=\"https:\/\/teatrmaly.tychy.pl\/\" target=\"_blank\" rel=\"noreferrer noopener\">Teatr Ma\u0142y w Tychach<\/a>, Tychy &#8211; spektakl prezentowany w ramach programu <em>Scena dla ta\u0144ca*<\/em><\/p>\n\n\n\n<p>27 pa\u017adziernika 2019 &#8211;&nbsp;<strong>\u201eTrans_Miss(i)on&#8221; \/ <\/strong><a aria-label=\"Miejski Dom Kultury w \u0141a\u0144cucie (otwiera si\u0119 na nowej zak\u0142adce)\" href=\"http:\/\/www.mdk-lancut.pl\" target=\"_blank\" rel=\"noreferrer noopener\">Miejski Dom Kultury w \u0141a\u0144cucie<\/a>,&nbsp; \u0141a\u0144cut &#8211; spektakl prezentowany w ramach programu <em>Scena dla ta\u0144ca*<\/em><\/p>\n\n\n\n<p>30 pa\u017adziernika 2019 &#8211;&nbsp; <strong>\u201eTrans_Miss(i)on&#8221; \/ <\/strong><a aria-label=\"Samorz\u0105dowe Centrum Kultury w Mielcu (otwiera si\u0119 na nowej zak\u0142adce)\" href=\"https:\/\/www.kultura.mielec.pl\/\" target=\"_blank\" rel=\"noreferrer noopener\">Samorz\u0105dowe Centrum Kultury w Mielcu<\/a><strong>,<\/strong> Mielec &#8211; spektakl prezentowany w ramach programu <em>Scena dla ta\u0144ca*<\/em><\/p>\n\n\n\n<p>3 listopada 2019 &#8211; <strong>\u201eDobre wychowanie&#8221;\/ <\/strong><a aria-label=\"Teatr Rondo (otwiera si\u0119 na nowej zak\u0142adce)\" href=\"http:\/\/www.sok.slupsk.pl\/\" target=\"_blank\" rel=\"noreferrer noopener\">Teatr Rondo<\/a><strong>,<\/strong> S\u0142upsk &#8211; spektakl prezentowany w ramach Polskiej Sieci Ta\u0144ca<\/p>\n\n\n\n<p>6 listopada 2019 &#8211; \u201e<strong>Kobiety Wyspia\u0144skiego\u201d<\/strong> \/ Studio KCC NCK, Krak\u00f3w <\/p>\n\n\n\n<p>22 listopada 2019 &#8211; <strong>\u201eNaturgem\u00e4lde\u201d PREMIERA <\/strong>&#8211; najnowsza produkcja KCC \/ Studio KCC, NCK Krak\u00f3w <\/p>\n\n\n\n<p>30 listopada 2019 &#8211; <strong>\u201eTeach yourself to fly\u201d PREMIERA <\/strong>&#8211; chor. Artur Bie\u0144kowski, rezydencja KCC \/ Studio KCC, NCK Krak\u00f3w <\/p>\n\n\n\n<p>12 grudnia 2019 &#8211; <strong>\u201eDobre wychowanie\u201d \/ <\/strong><a aria-label=\"Stary Browar (otwiera si\u0119 na nowej zak\u0142adce)\" rel=\"noreferrer noopener\" href=\"http:\/\/www.artstationsfoundation5050.com\/\" target=\"_blank\">Stary Browar<\/a><strong>,<\/strong> Pozna\u0144 &#8211; spektakl prezentowany w ramach Polskiej Sieci Ta\u0144ca<\/p>\n\n\n\n<div style=\"height:25px\" aria-hidden=\"true\" class=\"wp-block-spacer\"><\/div>\n\n\n\n<p><em>*Scena dla ta\u0144ca <\/em>jest programem w\u0142asnym Instytutu Muzyki i Ta\u0144ca, finansowanym z jego \u015brodk\u00f3w. W ramach programu dofinansowywane s\u0105 projekty pozwalaj\u0105ce na regularn\u0105 obecno\u015b\u0107 spektakli tanecznych na scenach teatralnych i w innych instytucjach prezentuj\u0105cych projekty z dziedziny sztuk performatywnych (np. centra sztuki, galerie) w ca\u0142ej Polsce. Program umo\u017cliwia tak\u017ce regularne go\u015bcinne prezentacje spektakli ta\u0144ca na scenach tanecznych w ca\u0142ym kraju. <\/p>\n","protected":false},"excerpt":{"rendered":"<p>O wszystkich wydarzeniach na bie\u017c\u0105co informujemy na naszej stronie facebookowej, najwa\u017cniejsze: 22 pa\u017adziernika 2019 &#8211; \u201eDobre wychowanie&#8221; \/ Centrum Sztuki Mo\u015bcice, Tarn\u00f3w &#8211; spektakl prezentowany w ramach Polskiej Sieci Ta\u0144ca 25 pa\u017adziernika 2019 &#8211; \u201eTrans_Miss(i)on&#8221; \/ Tarnog\u00f3rskie Centrum Kultury, &nbsp;Tarnowskie G\u00f3ry &#8211; spektakl prezentowany w ramach programu Scena dla ta\u0144ca* 26 pa\u017adziernika 2019 &#8211; \u201eTrans_Miss(i)on&#8221; [&hellip;]<\/p>\n","protected":false},"author":5,"featured_media":0,"parent":0,"menu_order":0,"comment_status":"closed","ping_status":"closed","template":"","meta":{"footnotes":""},"class_list":["post-3512","page","type-page","status-publish","hentry"],"yoast_head":"<!-- This site is optimized with the Yoast SEO plugin v19.12 - https:\/\/yoast.com\/wordpress\/plugins\/seo\/ -->\n<title>terminy spektakli - Krakowskie Centrum Choreograficzne<\/title>\n<meta name=\"robots\" content=\"index, follow, max-snippet:-1, max-image-preview:large, max-video-preview:-1\" \/>\n<link rel=\"canonical\" href=\"https:\/\/nck.krakow.pl\/kcc\/terminy-spektakli\/\" \/>\n<meta property=\"og:locale\" content=\"pl_PL\" \/>\n<meta property=\"og:type\" content=\"article\" \/>\n<meta property=\"og:title\" content=\"terminy spektakli\" \/>\n<meta property=\"og:description\" content=\"O wszystkich wydarzeniach na bie\u017c\u0105co informujemy na naszej stronie facebookowej, najwa\u017cniejsze: 22 pa\u017adziernika 2019 &#8211; \u201eDobre wychowanie&#8221; \/ Centrum Sztuki Mo\u015bcice, Tarn\u00f3w &#8211; spektakl prezentowany w ramach Polskiej Sieci Ta\u0144ca 25 pa\u017adziernika 2019 &#8211; \u201eTrans_Miss(i)on&#8221; \/ Tarnog\u00f3rskie Centrum Kultury, &nbsp;Tarnowskie G\u00f3ry &#8211; spektakl prezentowany w ramach programu Scena dla ta\u0144ca* 26 pa\u017adziernika 2019 &#8211; \u201eTrans_Miss(i)on&#8221; [&hellip;]\" \/>\n<meta property=\"og:url\" content=\"https:\/\/nck.krakow.pl\/kcc\/terminy-spektakli\/\" \/>\n<meta property=\"og:site_name\" content=\"Krakowskie Centrum Choreograficzne\" \/>\n<meta property=\"article:modified_time\" content=\"2019-10-14T13:48:56+00:00\" \/>\n<meta name=\"twitter:card\" content=\"summary_large_image\" \/>\n<meta name=\"twitter:label1\" content=\"Est. reading time\" \/>\n\t<meta name=\"twitter:data1\" content=\"1 minuta\" \/>\n<script type=\"application\/ld+json\" class=\"yoast-schema-graph\">{\"@context\":\"https:\/\/schema.org\",\"@graph\":[{\"@type\":\"WebPage\",\"@id\":\"https:\/\/nck.krakow.pl\/kcc\/terminy-spektakli\/\",\"url\":\"https:\/\/nck.krakow.pl\/kcc\/terminy-spektakli\/\",\"name\":\"terminy spektakli - Krakowskie Centrum Choreograficzne\",\"isPartOf\":{\"@id\":\"https:\/\/nck.krakow.pl\/kcc\/#website\"},\"datePublished\":\"2019-04-16T11:23:26+00:00\",\"dateModified\":\"2019-10-14T13:48:56+00:00\",\"breadcrumb\":{\"@id\":\"https:\/\/nck.krakow.pl\/kcc\/terminy-spektakli\/#breadcrumb\"},\"inLanguage\":\"pl-PL\",\"potentialAction\":[{\"@type\":\"ReadAction\",\"target\":[\"https:\/\/nck.krakow.pl\/kcc\/terminy-spektakli\/\"]}]},{\"@type\":\"BreadcrumbList\",\"@id\":\"https:\/\/nck.krakow.pl\/kcc\/terminy-spektakli\/#breadcrumb\",\"itemListElement\":[{\"@type\":\"ListItem\",\"position\":1,\"name\":\"Strona g\u0142\u00f3wna\",\"item\":\"https:\/\/nck.krakow.pl\/kcc\/\"},{\"@type\":\"ListItem\",\"position\":2,\"name\":\"terminy spektakli\"}]},{\"@type\":\"WebSite\",\"@id\":\"https:\/\/nck.krakow.pl\/kcc\/#website\",\"url\":\"https:\/\/nck.krakow.pl\/kcc\/\",\"name\":\"Krakowskie Centrum Choreograficzne\",\"description\":\"\",\"publisher\":{\"@id\":\"https:\/\/nck.krakow.pl\/kcc\/#organization\"},\"potentialAction\":[{\"@type\":\"SearchAction\",\"target\":{\"@type\":\"EntryPoint\",\"urlTemplate\":\"https:\/\/nck.krakow.pl\/kcc\/?s={search_term_string}\"},\"query-input\":\"required name=search_term_string\"}],\"inLanguage\":\"pl-PL\"},{\"@type\":\"Organization\",\"@id\":\"https:\/\/nck.krakow.pl\/kcc\/#organization\",\"name\":\"Krakowskie Centrum Choreograficzne\",\"url\":\"https:\/\/nck.krakow.pl\/kcc\/\",\"logo\":{\"@type\":\"ImageObject\",\"inLanguage\":\"pl-PL\",\"@id\":\"https:\/\/nck.krakow.pl\/kcc\/#\/schema\/logo\/image\/\",\"url\":\"https:\/\/nck.krakow.pl\/kcc\/wp-content\/uploads\/2020\/01\/cropped-logo-kcc-2020.png\",\"contentUrl\":\"https:\/\/nck.krakow.pl\/kcc\/wp-content\/uploads\/2020\/01\/cropped-logo-kcc-2020.png\",\"width\":116,\"height\":55,\"caption\":\"Krakowskie Centrum Choreograficzne\"},\"image\":{\"@id\":\"https:\/\/nck.krakow.pl\/kcc\/#\/schema\/logo\/image\/\"}}]}<\/script>\n<!-- \/ Yoast SEO plugin. -->","yoast_head_json":{"title":"terminy spektakli - Krakowskie Centrum Choreograficzne","robots":{"index":"index","follow":"follow","max-snippet":"max-snippet:-1","max-image-preview":"max-image-preview:large","max-video-preview":"max-video-preview:-1"},"canonical":"https:\/\/nck.krakow.pl\/kcc\/terminy-spektakli\/","og_locale":"pl_PL","og_type":"article","og_title":"terminy spektakli","og_description":"O wszystkich wydarzeniach na bie\u017c\u0105co informujemy na naszej stronie facebookowej, najwa\u017cniejsze: 22 pa\u017adziernika 2019 &#8211; \u201eDobre wychowanie&#8221; \/ Centrum Sztuki Mo\u015bcice, Tarn\u00f3w &#8211; spektakl prezentowany w ramach Polskiej Sieci Ta\u0144ca 25 pa\u017adziernika 2019 &#8211; \u201eTrans_Miss(i)on&#8221; \/ Tarnog\u00f3rskie Centrum Kultury, &nbsp;Tarnowskie G\u00f3ry &#8211; spektakl prezentowany w ramach programu Scena dla ta\u0144ca* 26 pa\u017adziernika 2019 &#8211; \u201eTrans_Miss(i)on&#8221; [&hellip;]","og_url":"https:\/\/nck.krakow.pl\/kcc\/terminy-spektakli\/","og_site_name":"Krakowskie Centrum Choreograficzne","article_modified_time":"2019-10-14T13:48:56+00:00","twitter_card":"summary_large_image","twitter_misc":{"Est. reading time":"1 minuta"},"schema":{"@context":"https:\/\/schema.org","@graph":[{"@type":"WebPage","@id":"https:\/\/nck.krakow.pl\/kcc\/terminy-spektakli\/","url":"https:\/\/nck.krakow.pl\/kcc\/terminy-spektakli\/","name":"terminy spektakli - Krakowskie Centrum Choreograficzne","isPartOf":{"@id":"https:\/\/nck.krakow.pl\/kcc\/#website"},"datePublished":"2019-04-16T11:23:26+00:00","dateModified":"2019-10-14T13:48:56+00:00","breadcrumb":{"@id":"https:\/\/nck.krakow.pl\/kcc\/terminy-spektakli\/#breadcrumb"},"inLanguage":"pl-PL","potentialAction":[{"@type":"ReadAction","target":["https:\/\/nck.krakow.pl\/kcc\/terminy-spektakli\/"]}]},{"@type":"BreadcrumbList","@id":"https:\/\/nck.krakow.pl\/kcc\/terminy-spektakli\/#breadcrumb","itemListElement":[{"@type":"ListItem","position":1,"name":"Strona g\u0142\u00f3wna","item":"https:\/\/nck.krakow.pl\/kcc\/"},{"@type":"ListItem","position":2,"name":"terminy spektakli"}]},{"@type":"WebSite","@id":"https:\/\/nck.krakow.pl\/kcc\/#website","url":"https:\/\/nck.krakow.pl\/kcc\/","name":"Krakowskie Centrum Choreograficzne","description":"","publisher":{"@id":"https:\/\/nck.krakow.pl\/kcc\/#organization"},"potentialAction":[{"@type":"SearchAction","target":{"@type":"EntryPoint","urlTemplate":"https:\/\/nck.krakow.pl\/kcc\/?s={search_term_string}"},"query-input":"required name=search_term_string"}],"inLanguage":"pl-PL"},{"@type":"Organization","@id":"https:\/\/nck.krakow.pl\/kcc\/#organization","name":"Krakowskie Centrum Choreograficzne","url":"https:\/\/nck.krakow.pl\/kcc\/","logo":{"@type":"ImageObject","inLanguage":"pl-PL","@id":"https:\/\/nck.krakow.pl\/kcc\/#\/schema\/logo\/image\/","url":"https:\/\/nck.krakow.pl\/kcc\/wp-content\/uploads\/2020\/01\/cropped-logo-kcc-2020.png","contentUrl":"https:\/\/nck.krakow.pl\/kcc\/wp-content\/uploads\/2020\/01\/cropped-logo-kcc-2020.png","width":116,"height":55,"caption":"Krakowskie Centrum Choreograficzne"},"image":{"@id":"https:\/\/nck.krakow.pl\/kcc\/#\/schema\/logo\/image\/"}}]}},"_links":{"self":[{"href":"https:\/\/nck.krakow.pl\/kcc\/wp-json\/wp\/v2\/pages\/3512"}],"collection":[{"href":"https:\/\/nck.krakow.pl\/kcc\/wp-json\/wp\/v2\/pages"}],"about":[{"href":"https:\/\/nck.krakow.pl\/kcc\/wp-json\/wp\/v2\/types\/page"}],"author":[{"embeddable":true,"href":"https:\/\/nck.krakow.pl\/kcc\/wp-json\/wp\/v2\/users\/5"}],"replies":[{"embeddable":true,"href":"https:\/\/nck.krakow.pl\/kcc\/wp-json\/wp\/v2\/comments?post=3512"}],"version-history":[{"count":7,"href":"https:\/\/nck.krakow.pl\/kcc\/wp-json\/wp\/v2\/pages\/3512\/revisions"}],"predecessor-version":[{"id":3835,"href":"https:\/\/nck.krakow.pl\/kcc\/wp-json\/wp\/v2\/pages\/3512\/revisions\/3835"}],"wp:attachment":[{"href":"https:\/\/nck.krakow.pl\/kcc\/wp-json\/wp\/v2\/media?parent=3512"}],"curies":[{"name":"wp","href":"https:\/\/api.w.org\/{rel}","templated":true}]}}