{"id":2191,"date":"2017-05-31T06:16:26","date_gmt":"2017-05-31T06:16:26","guid":{"rendered":"http:\/\/nck.krakow.pl\/kcc\/?page_id=2191"},"modified":"2023-04-25T13:01:28","modified_gmt":"2023-04-25T13:01:28","slug":"makia","status":"publish","type":"page","link":"https:\/\/nck.krakow.pl\/kcc\/makia\/","title":{"rendered":"Makia \/ Agata Mol\u0105g"},"content":{"rendered":"\n<figure class=\"wp-block-image\"><img loading=\"lazy\" decoding=\"async\" width=\"1024\" height=\"683\" src=\"https:\/\/nck.krakow.pl\/kcc\/wp-content\/uploads\/2020\/02\/1g\u0142\u00f3wnaKMachniewicz_20150503_2015_KCC_SPACER_WokolCentrum_Makia_MG_8067_1200x800_q100-1024x683.jpg\" alt=\"\" class=\"wp-image-4421\" srcset=\"https:\/\/nck.krakow.pl\/kcc\/wp-content\/uploads\/2020\/02\/1g\u0142\u00f3wnaKMachniewicz_20150503_2015_KCC_SPACER_WokolCentrum_Makia_MG_8067_1200x800_q100-1024x683.jpg 1024w, https:\/\/nck.krakow.pl\/kcc\/wp-content\/uploads\/2020\/02\/1g\u0142\u00f3wnaKMachniewicz_20150503_2015_KCC_SPACER_WokolCentrum_Makia_MG_8067_1200x800_q100-300x200.jpg 300w, https:\/\/nck.krakow.pl\/kcc\/wp-content\/uploads\/2020\/02\/1g\u0142\u00f3wnaKMachniewicz_20150503_2015_KCC_SPACER_WokolCentrum_Makia_MG_8067_1200x800_q100-768x512.jpg 768w, https:\/\/nck.krakow.pl\/kcc\/wp-content\/uploads\/2020\/02\/1g\u0142\u00f3wnaKMachniewicz_20150503_2015_KCC_SPACER_WokolCentrum_Makia_MG_8067_1200x800_q100.jpg 1200w\" sizes=\"(max-width: 1024px) 100vw, 1024px\" \/><\/figure>\n\n\n\n<div style=\"height:30px\" aria-hidden=\"true\" class=\"wp-block-spacer\"><\/div>\n\n\n\n<h2 class=\"wp-block-heading\">Makia \/ Agata Mol\u0105g<\/h2>\n\n\n\n<div style=\"height:20px\" aria-hidden=\"true\" class=\"wp-block-spacer\"><\/div>\n\n\n\n<p><strong>ta\u0144cz\u0105:<\/strong>&nbsp;Monika \u015awieca, Marta Wo\u0142owiec<br><strong>koncepcja i choreografia:<\/strong>&nbsp;Agata Mol\u0105g<br><strong>muzyka:<\/strong>&nbsp;Flying Lotus, BADBADNOTGOOD, Nicolas Jaar, Billie Holiday<br><strong>premiera:<\/strong>&nbsp;3 maja 2015 w ramach Festiwalu Ta\u0144ca Wsp\u00f3\u0142czesnego SPACER<br><strong>d\u0142ugo\u015b\u0107 spektaklu:<\/strong>&nbsp;30 minut<\/p>\n\n\n\n<p><strong>Makia<\/strong>&nbsp;\u2013 element hawajskiej\nmetody medytacji huny, odnosz\u0105cej si\u0119 do specyficznie pojmowanego skupienia\njako umiej\u0119tno\u015bci kierowania energi\u0105 i posy\u0142ania jej tam, gdzie chcemy.<\/p>\n\n\n\n<p>Dla nas interesuj\u0105ce staj\u0105 si\u0119 nie tyle zasady same w sobie, ale analogie jakie mo\u017cna odnale\u017a\u0107 i u\u017cy\u0107 do pracy z tancerzem na p\u0142aszczy\u017anie r\u00f3\u017cnych aspekt\u00f3w obecno\u015bci scenicznej, koncentracji i po\u0142\u0105czenia cia\u0142a i umys\u0142u, intencji i ruchu, i wreszcie relacji performer \u2013 widz.<br>Energia pod\u0105\u017ca za uwag\u0105, Uwaga pod\u0105\u017ca za energi\u0105.<br>To, na czym si\u0119 skupiamy rozwija si\u0119.<br>Ogniskuj\u0105c \u015bwiadomo\u015b\u0107 na jakiej\u015b rzeczy powodujemy ruch energii.<br>Tworz\u0105c my\u015blokszta\u0142t nadajemy mu energi\u0119.<br>Percepcja jest \u015bci\u015ble zwi\u0105zana z bod\u017acami zmys\u0142owymi.<br>Cia\u0142o pod\u0105\u017ca za koncentracj\u0105.<br>Mo\u017cemy \u015bwiadomie obserwowa\u0107 swoj\u0105 uwag\u0119.<br>To, na czym skupia si\u0119 umys\u0142, staje si\u0119 rzeczywisto\u015bci\u0105.<\/p>\n\n\n\n<figure class=\"wp-block-embed is-type-video is-provider-vimeo wp-block-embed-vimeo wp-embed-aspect-16-9 wp-has-aspect-ratio\"><div class=\"wp-block-embed__wrapper\">\n<iframe loading=\"lazy\" title=\"Makia, Grupa Wok&amp;oacute;\u0142 Centrum \/\/trailer\/\/\" src=\"https:\/\/player.vimeo.com\/video\/254831276?dnt=1&amp;app_id=122963\" width=\"768\" height=\"432\" frameborder=\"0\" allow=\"autoplay; fullscreen\" allowfullscreen><\/iframe>\n<\/div><\/figure>\n\n\n\n<div style=\"height:20px\" aria-hidden=\"true\" class=\"wp-block-spacer\"><\/div>\n\n\n\n<h4 class=\"wp-block-heading\"><a href=\"http:\/\/www.rozswietlamykulture.pl\/reflektor\/2015\/06\/03\/festiwal-tanca-wspolczesnego-spacer-relacja\/\" target=\"_blank\" rel=\"noreferrer noopener\">Fragment recenzji Anny Dudy,\nReflektor. Roz\u015bwietlamy kultur\u0119<\/a><\/h4>\n\n\n\n<p><em>Tytu\u0142owa\nmakia to element hawajskiej metody medytacji, kt\u00f3ra traktuje skupienie jako\numiej\u0119tno\u015b\u0107 kontrolowania energii i wysy\u0142ania jej w dowolnym kierunku. Artystki\nprze\u0142o\u017cy\u0142y t\u0119 koncepcj\u0119 na j\u0119zyk ta\u0144ca, rozwa\u017caj\u0105c r\u00f3\u017cne formy wp\u0142ywania na\nsiebie w duecie tw\u00f3rczym i kierowania energii w r\u00f3\u017cne obszary interakcji.\nZaprezentowany pokaz to pierwszy etap pracy nad tym konceptem, jednak\nprzedstawione poszukiwania z\u0142o\u017cy\u0142y si\u0119 na sp\u00f3jny i interesuj\u0105cy zestaw\nscenicznych form.<\/em><\/p>\n\n\n\n<p><em>Pojawia\u0142y\nsi\u0119 subtelne, wr\u0119cz liryczne kompozycje, przewijaj\u0105ce si\u0119 przez scen\u0119\nzaaran\u017cowan\u0105 w pod\u0142u\u017cnej przestrzeni szatni na parterze Nowohuckiego Centrum\nKultury. Przypatrywanie si\u0119 sobie, zgodne z rytmem wolno pulsuj\u0105cego \u015bwiat\u0142a\nzmienianie p\u00f3z. Sylwetki do po\u0142owy schowane za lad\u0105 lub za nadwieszonym nad\nblatem ekranie uzupe\u0142nia\u0142y si\u0119 wzajemnie. Oczekiwanie na widz\u00f3w i odbieranie od\nnich odzie\u017cy p\u0142ynnie przesz\u0142o w narastaj\u0105cy stan koncentracji, wzajemne\nprzygl\u0105danie si\u0119 swoim ruchom i u\u0142o\u017ceniu w przestrzeni, by nast\u0119pnie prowokowa\u0107\nsi\u0119 wzajemnie do przekraczania przewidywalnych i bezpiecznych ruch\u00f3w na rzecz\npopisu umiej\u0119tno\u015bci i zagarniania uwagi widza. Nast\u0119pnie rywalizacja ponownie\nprzesz\u0142a w stron\u0119 innych emocji i intencji, zmieniaj\u0105c swoje oblicze na rzecz\nhumorystycznych czy wr\u0119cz surrealistycznych scen. Ostatecznie na scenie\npozosta\u0142y dwie r\u00f3\u017cne, cho\u0107 r\u00f3wnie zdolne tancerki, nie tyle szukaj\u0105ce\nnieustannych spi\u0119\u0107 i konfrontacji, co wyczulone na wzajemnie sprz\u0119\u017cony ruch \u2013\nwspieraj\u0105ce si\u0119, gotowe na taniec z przymru\u017ceniem oka, w beztroskich\nzwierz\u0105tkopodobnych kostiumach.<\/em><\/p>\n\n\n\n<div style=\"height:20px\" aria-hidden=\"true\" class=\"wp-block-spacer\"><\/div>\n\n\n\n<h4 class=\"wp-block-heading\"><a href=\"http:\/\/prowincja.art.pl\/marsz-na-spacer-3\/\" target=\"_blank\" rel=\"noreferrer noopener\">Fragment recenzji MarSz!,\nmagazyn Prowincja<\/a><\/h4>\n\n\n\n<p><em>Oho,\nposadzili nas przed szatni\u0105. Monika \u015awieca i Marta Wo\u0142owiec duo, zabieraj\u0105\nostatnie kurtki, torby widz\u00f3w i daj\u0105 numerki. Robi si\u0119 powa\u017cnie. Ich spojrzenia\ns\u0105 lekko wyzywaj\u0105ce; one co\u015b wiedz\u0105, my nie. Poruszaj\u0105 si\u0119 wzd\u0142u\u017c lady szatni,\nwymieniaj\u0105 gestem albo pod\u0105\u017caj\u0105 jedna za drug\u0105. Do momentu. Wymiany ruch\u00f3w\ntrwaj\u0105, nawet coraz szybciej. Kiedy dziewczyny padaj\u0105 na ziemi\u0119 po bardzo\nszybkim, intensywnym uk\u0142adzie&nbsp;a la break dance, balonik p\u0119ka. Sytuacja\nokazuje si\u0119 by\u0107 zabaw\u0105. Zaczynaj\u0105 m\u00f3wi\u0107 jak na pr\u00f3bie albo na podw\u00f3rku. W\nduecie odbywa si\u0119 gra. Kto szybciej i d\u0142u\u017cej to zrobi? Jaka ty jeste\u015b, a jaka\nja?<\/em><\/p>\n\n\n\n<p><em>Warstwa\nwewn\u0105trz performensowa prze\u0142amuje si\u0119. Jest taki moment, kiedy wszyscy widzowie\nna raz wchodz\u0105 w zaproponowany \u015bwiat i sytuacj\u0119. \u015amiej\u0105 si\u0119, faktycznie&nbsp;Makia*.\nCzy reagujemy na spektakl lepiej, kiedy kto\u015b ze sceny daje nam zna\u0107, \u017ce o nas\nwie? Ten eksperyment by\u0142 uszyty na miar\u0119.<\/em><\/p>\n\n\n\n<p><em>*Makia\n\u2013 element hawajskiej metody medytacji huny, odnosz\u0105cej si\u0119 do specyficznie\npojmowanego skupienia jako umiej\u0119tno\u015bci kierowania energi\u0105 i posy\u0142ania jej tam,\ngdzie chcemy. Tu tak\u017ce tytu\u0142 spektaklu.<\/em><\/p>\n\n\n\n<div style=\"height:20px\" aria-hidden=\"true\" class=\"wp-block-spacer\"><\/div>\n\n\n\n<figure class=\"wp-block-gallery has-nested-images columns-default is-cropped wp-block-gallery-1 is-layout-flex wp-block-gallery-is-layout-flex\">\n<figure class=\"wp-block-image\"><a href=\"https:\/\/nck.krakow.pl\/kcc\/wp-content\/uploads\/2020\/02\/makia-galeria-1.jpg\"><img loading=\"lazy\" decoding=\"async\" width=\"600\" height=\"400\" data-id=\"4413\" src=\"https:\/\/nck.krakow.pl\/kcc\/wp-content\/uploads\/2020\/02\/makia-galeria-1.jpg\" alt=\"\" class=\"wp-image-4413\" srcset=\"https:\/\/nck.krakow.pl\/kcc\/wp-content\/uploads\/2020\/02\/makia-galeria-1.jpg 600w, https:\/\/nck.krakow.pl\/kcc\/wp-content\/uploads\/2020\/02\/makia-galeria-1-300x200.jpg 300w\" sizes=\"(max-width: 600px) 100vw, 600px\" \/><\/a><\/figure>\n\n\n\n<figure class=\"wp-block-image\"><a href=\"https:\/\/nck.krakow.pl\/kcc\/wp-content\/uploads\/2020\/02\/makia-galeria-2.jpg\"><img loading=\"lazy\" decoding=\"async\" width=\"1024\" height=\"683\" data-id=\"4414\" src=\"https:\/\/nck.krakow.pl\/kcc\/wp-content\/uploads\/2020\/02\/makia-galeria-2-1024x683.jpg\" alt=\"\" class=\"wp-image-4414\" srcset=\"https:\/\/nck.krakow.pl\/kcc\/wp-content\/uploads\/2020\/02\/makia-galeria-2-1024x683.jpg 1024w, https:\/\/nck.krakow.pl\/kcc\/wp-content\/uploads\/2020\/02\/makia-galeria-2-300x200.jpg 300w, https:\/\/nck.krakow.pl\/kcc\/wp-content\/uploads\/2020\/02\/makia-galeria-2-768x512.jpg 768w, https:\/\/nck.krakow.pl\/kcc\/wp-content\/uploads\/2020\/02\/makia-galeria-2.jpg 1200w\" sizes=\"(max-width: 1024px) 100vw, 1024px\" \/><\/a><\/figure>\n\n\n\n<figure class=\"wp-block-image\"><a href=\"https:\/\/nck.krakow.pl\/kcc\/wp-content\/uploads\/2020\/02\/makia-galeria-3.jpg\"><img loading=\"lazy\" decoding=\"async\" width=\"1024\" height=\"683\" data-id=\"4415\" src=\"https:\/\/nck.krakow.pl\/kcc\/wp-content\/uploads\/2020\/02\/makia-galeria-3-1024x683.jpg\" alt=\"\" class=\"wp-image-4415\" srcset=\"https:\/\/nck.krakow.pl\/kcc\/wp-content\/uploads\/2020\/02\/makia-galeria-3-1024x683.jpg 1024w, https:\/\/nck.krakow.pl\/kcc\/wp-content\/uploads\/2020\/02\/makia-galeria-3-300x200.jpg 300w, https:\/\/nck.krakow.pl\/kcc\/wp-content\/uploads\/2020\/02\/makia-galeria-3-768x512.jpg 768w, https:\/\/nck.krakow.pl\/kcc\/wp-content\/uploads\/2020\/02\/makia-galeria-3.jpg 1200w\" sizes=\"(max-width: 1024px) 100vw, 1024px\" \/><\/a><\/figure>\n\n\n\n<figure class=\"wp-block-image\"><a href=\"https:\/\/nck.krakow.pl\/kcc\/wp-content\/uploads\/2020\/02\/makia-galeria-4.jpg\"><img loading=\"lazy\" decoding=\"async\" width=\"1024\" height=\"683\" data-id=\"4416\" src=\"https:\/\/nck.krakow.pl\/kcc\/wp-content\/uploads\/2020\/02\/makia-galeria-4-1024x683.jpg\" alt=\"\" class=\"wp-image-4416\" srcset=\"https:\/\/nck.krakow.pl\/kcc\/wp-content\/uploads\/2020\/02\/makia-galeria-4-1024x683.jpg 1024w, https:\/\/nck.krakow.pl\/kcc\/wp-content\/uploads\/2020\/02\/makia-galeria-4-300x200.jpg 300w, https:\/\/nck.krakow.pl\/kcc\/wp-content\/uploads\/2020\/02\/makia-galeria-4-768x512.jpg 768w, https:\/\/nck.krakow.pl\/kcc\/wp-content\/uploads\/2020\/02\/makia-galeria-4.jpg 1200w\" sizes=\"(max-width: 1024px) 100vw, 1024px\" \/><\/a><\/figure>\n\n\n\n<figure class=\"wp-block-image\"><a href=\"https:\/\/nck.krakow.pl\/kcc\/wp-content\/uploads\/2020\/02\/makia-galeria-6.jpg\"><img loading=\"lazy\" decoding=\"async\" width=\"1024\" height=\"683\" data-id=\"4417\" src=\"https:\/\/nck.krakow.pl\/kcc\/wp-content\/uploads\/2020\/02\/makia-galeria-6-1024x683.jpg\" alt=\"\" class=\"wp-image-4417\" srcset=\"https:\/\/nck.krakow.pl\/kcc\/wp-content\/uploads\/2020\/02\/makia-galeria-6-1024x683.jpg 1024w, https:\/\/nck.krakow.pl\/kcc\/wp-content\/uploads\/2020\/02\/makia-galeria-6-300x200.jpg 300w, https:\/\/nck.krakow.pl\/kcc\/wp-content\/uploads\/2020\/02\/makia-galeria-6-768x512.jpg 768w, https:\/\/nck.krakow.pl\/kcc\/wp-content\/uploads\/2020\/02\/makia-galeria-6.jpg 1200w\" sizes=\"(max-width: 1024px) 100vw, 1024px\" \/><\/a><\/figure>\n\n\n\n<figure class=\"wp-block-image\"><a href=\"https:\/\/nck.krakow.pl\/kcc\/wp-content\/uploads\/2020\/02\/makia-galeria-7.jpg\"><img loading=\"lazy\" decoding=\"async\" width=\"1024\" height=\"683\" data-id=\"4418\" src=\"https:\/\/nck.krakow.pl\/kcc\/wp-content\/uploads\/2020\/02\/makia-galeria-7-1024x683.jpg\" alt=\"\" class=\"wp-image-4418\" srcset=\"https:\/\/nck.krakow.pl\/kcc\/wp-content\/uploads\/2020\/02\/makia-galeria-7-1024x683.jpg 1024w, https:\/\/nck.krakow.pl\/kcc\/wp-content\/uploads\/2020\/02\/makia-galeria-7-300x200.jpg 300w, https:\/\/nck.krakow.pl\/kcc\/wp-content\/uploads\/2020\/02\/makia-galeria-7-768x512.jpg 768w, https:\/\/nck.krakow.pl\/kcc\/wp-content\/uploads\/2020\/02\/makia-galeria-7.jpg 1200w\" sizes=\"(max-width: 1024px) 100vw, 1024px\" \/><\/a><\/figure>\n\n\n\n<figure class=\"wp-block-image\"><a href=\"https:\/\/nck.krakow.pl\/kcc\/wp-content\/uploads\/2020\/02\/makia-galeria-8.jpg\"><img loading=\"lazy\" decoding=\"async\" width=\"1024\" height=\"683\" data-id=\"4419\" src=\"https:\/\/nck.krakow.pl\/kcc\/wp-content\/uploads\/2020\/02\/makia-galeria-8-1024x683.jpg\" alt=\"\" class=\"wp-image-4419\" srcset=\"https:\/\/nck.krakow.pl\/kcc\/wp-content\/uploads\/2020\/02\/makia-galeria-8-1024x683.jpg 1024w, https:\/\/nck.krakow.pl\/kcc\/wp-content\/uploads\/2020\/02\/makia-galeria-8-300x200.jpg 300w, https:\/\/nck.krakow.pl\/kcc\/wp-content\/uploads\/2020\/02\/makia-galeria-8-768x512.jpg 768w, https:\/\/nck.krakow.pl\/kcc\/wp-content\/uploads\/2020\/02\/makia-galeria-8.jpg 1200w\" sizes=\"(max-width: 1024px) 100vw, 1024px\" \/><\/a><\/figure>\n\n\n\n<figure class=\"wp-block-image\"><a href=\"https:\/\/nck.krakow.pl\/kcc\/wp-content\/uploads\/2020\/02\/makia-galeria-9.jpg\"><img loading=\"lazy\" decoding=\"async\" width=\"1024\" height=\"683\" data-id=\"4420\" src=\"https:\/\/nck.krakow.pl\/kcc\/wp-content\/uploads\/2020\/02\/makia-galeria-9-1024x683.jpg\" alt=\"\" class=\"wp-image-4420\" srcset=\"https:\/\/nck.krakow.pl\/kcc\/wp-content\/uploads\/2020\/02\/makia-galeria-9-1024x683.jpg 1024w, https:\/\/nck.krakow.pl\/kcc\/wp-content\/uploads\/2020\/02\/makia-galeria-9-300x200.jpg 300w, https:\/\/nck.krakow.pl\/kcc\/wp-content\/uploads\/2020\/02\/makia-galeria-9-768x512.jpg 768w, https:\/\/nck.krakow.pl\/kcc\/wp-content\/uploads\/2020\/02\/makia-galeria-9.jpg 1200w\" sizes=\"(max-width: 1024px) 100vw, 1024px\" \/><\/a><\/figure>\n<\/figure>\n\n\n\n<p>fot. Katarzyna Machniewicz<\/p>\n","protected":false},"excerpt":{"rendered":"<p>Makia \/ Agata Mol\u0105g ta\u0144cz\u0105:&nbsp;Monika \u015awieca, Marta Wo\u0142owieckoncepcja i choreografia:&nbsp;Agata Mol\u0105gmuzyka:&nbsp;Flying Lotus, BADBADNOTGOOD, Nicolas Jaar, Billie Holidaypremiera:&nbsp;3 maja 2015 w ramach Festiwalu Ta\u0144ca Wsp\u00f3\u0142czesnego SPACERd\u0142ugo\u015b\u0107 spektaklu:&nbsp;30 minut Makia&nbsp;\u2013 element hawajskiej metody medytacji huny, odnosz\u0105cej si\u0119 do specyficznie pojmowanego skupienia jako umiej\u0119tno\u015bci kierowania energi\u0105 i posy\u0142ania jej tam, gdzie chcemy. Dla nas interesuj\u0105ce staj\u0105 si\u0119 nie [&hellip;]<\/p>\n","protected":false},"author":5,"featured_media":0,"parent":0,"menu_order":0,"comment_status":"closed","ping_status":"closed","template":"","meta":{"footnotes":""},"class_list":["post-2191","page","type-page","status-publish","hentry"],"yoast_head":"<!-- This site is optimized with the Yoast SEO plugin v19.12 - https:\/\/yoast.com\/wordpress\/plugins\/seo\/ -->\n<title>Makia \/ Agata Mol\u0105g - Krakowskie Centrum Choreograficzne<\/title>\n<meta name=\"robots\" content=\"index, follow, max-snippet:-1, max-image-preview:large, max-video-preview:-1\" \/>\n<link rel=\"canonical\" href=\"https:\/\/nck.krakow.pl\/kcc\/makia\/\" \/>\n<meta property=\"og:locale\" content=\"pl_PL\" \/>\n<meta property=\"og:type\" content=\"article\" \/>\n<meta property=\"og:title\" content=\"Makia\" \/>\n<meta property=\"og:description\" content=\"Makia \u2013 element hawajskiej metody medytacji huny, odnosz\u0105cej si\u0119 do specyficznie pojmowanego skupienia jako umiej\u0119tno\u015bci kierowania energi\u0105 i posy\u0142ania jej tam, gdzie chcemy.\" \/>\n<meta property=\"og:url\" content=\"https:\/\/nck.krakow.pl\/kcc\/makia\/\" \/>\n<meta property=\"og:site_name\" content=\"Krakowskie Centrum Choreograficzne\" \/>\n<meta property=\"article:modified_time\" content=\"2023-04-25T13:01:28+00:00\" \/>\n<meta property=\"og:image\" content=\"https:\/\/nck.krakow.pl\/kcc\/wp-content\/uploads\/2017\/05\/makia-galeria-9.jpg\" \/>\n\t<meta property=\"og:image:width\" content=\"1200\" \/>\n\t<meta property=\"og:image:height\" content=\"800\" \/>\n\t<meta property=\"og:image:type\" content=\"image\/jpeg\" \/>\n<meta name=\"twitter:card\" content=\"summary_large_image\" \/>\n<meta name=\"twitter:label1\" content=\"Est. reading time\" \/>\n\t<meta name=\"twitter:data1\" content=\"6 minut\" \/>\n<script type=\"application\/ld+json\" class=\"yoast-schema-graph\">{\"@context\":\"https:\/\/schema.org\",\"@graph\":[{\"@type\":\"WebPage\",\"@id\":\"https:\/\/nck.krakow.pl\/kcc\/makia\/\",\"url\":\"https:\/\/nck.krakow.pl\/kcc\/makia\/\",\"name\":\"Makia \/ Agata Mol\u0105g - Krakowskie Centrum Choreograficzne\",\"isPartOf\":{\"@id\":\"https:\/\/nck.krakow.pl\/kcc\/#website\"},\"datePublished\":\"2017-05-31T06:16:26+00:00\",\"dateModified\":\"2023-04-25T13:01:28+00:00\",\"breadcrumb\":{\"@id\":\"https:\/\/nck.krakow.pl\/kcc\/makia\/#breadcrumb\"},\"inLanguage\":\"pl-PL\",\"potentialAction\":[{\"@type\":\"ReadAction\",\"target\":[\"https:\/\/nck.krakow.pl\/kcc\/makia\/\"]}]},{\"@type\":\"BreadcrumbList\",\"@id\":\"https:\/\/nck.krakow.pl\/kcc\/makia\/#breadcrumb\",\"itemListElement\":[{\"@type\":\"ListItem\",\"position\":1,\"name\":\"Strona g\u0142\u00f3wna\",\"item\":\"https:\/\/nck.krakow.pl\/kcc\/\"},{\"@type\":\"ListItem\",\"position\":2,\"name\":\"Makia \/ Agata Mol\u0105g\"}]},{\"@type\":\"WebSite\",\"@id\":\"https:\/\/nck.krakow.pl\/kcc\/#website\",\"url\":\"https:\/\/nck.krakow.pl\/kcc\/\",\"name\":\"Krakowskie Centrum Choreograficzne\",\"description\":\"\",\"publisher\":{\"@id\":\"https:\/\/nck.krakow.pl\/kcc\/#organization\"},\"potentialAction\":[{\"@type\":\"SearchAction\",\"target\":{\"@type\":\"EntryPoint\",\"urlTemplate\":\"https:\/\/nck.krakow.pl\/kcc\/?s={search_term_string}\"},\"query-input\":\"required name=search_term_string\"}],\"inLanguage\":\"pl-PL\"},{\"@type\":\"Organization\",\"@id\":\"https:\/\/nck.krakow.pl\/kcc\/#organization\",\"name\":\"Krakowskie Centrum Choreograficzne\",\"url\":\"https:\/\/nck.krakow.pl\/kcc\/\",\"logo\":{\"@type\":\"ImageObject\",\"inLanguage\":\"pl-PL\",\"@id\":\"https:\/\/nck.krakow.pl\/kcc\/#\/schema\/logo\/image\/\",\"url\":\"https:\/\/nck.krakow.pl\/kcc\/wp-content\/uploads\/2020\/01\/cropped-logo-kcc-2020.png\",\"contentUrl\":\"https:\/\/nck.krakow.pl\/kcc\/wp-content\/uploads\/2020\/01\/cropped-logo-kcc-2020.png\",\"width\":116,\"height\":55,\"caption\":\"Krakowskie Centrum Choreograficzne\"},\"image\":{\"@id\":\"https:\/\/nck.krakow.pl\/kcc\/#\/schema\/logo\/image\/\"}}]}<\/script>\n<!-- \/ Yoast SEO plugin. -->","yoast_head_json":{"title":"Makia \/ Agata Mol\u0105g - Krakowskie Centrum Choreograficzne","robots":{"index":"index","follow":"follow","max-snippet":"max-snippet:-1","max-image-preview":"max-image-preview:large","max-video-preview":"max-video-preview:-1"},"canonical":"https:\/\/nck.krakow.pl\/kcc\/makia\/","og_locale":"pl_PL","og_type":"article","og_title":"Makia","og_description":"Makia \u2013 element hawajskiej metody medytacji huny, odnosz\u0105cej si\u0119 do specyficznie pojmowanego skupienia jako umiej\u0119tno\u015bci kierowania energi\u0105 i posy\u0142ania jej tam, gdzie chcemy.","og_url":"https:\/\/nck.krakow.pl\/kcc\/makia\/","og_site_name":"Krakowskie Centrum Choreograficzne","article_modified_time":"2023-04-25T13:01:28+00:00","og_image":[{"width":1200,"height":800,"url":"https:\/\/nck.krakow.pl\/kcc\/wp-content\/uploads\/2017\/05\/makia-galeria-9.jpg","type":"image\/jpeg"}],"twitter_card":"summary_large_image","twitter_misc":{"Est. reading time":"6 minut"},"schema":{"@context":"https:\/\/schema.org","@graph":[{"@type":"WebPage","@id":"https:\/\/nck.krakow.pl\/kcc\/makia\/","url":"https:\/\/nck.krakow.pl\/kcc\/makia\/","name":"Makia \/ Agata Mol\u0105g - Krakowskie Centrum Choreograficzne","isPartOf":{"@id":"https:\/\/nck.krakow.pl\/kcc\/#website"},"datePublished":"2017-05-31T06:16:26+00:00","dateModified":"2023-04-25T13:01:28+00:00","breadcrumb":{"@id":"https:\/\/nck.krakow.pl\/kcc\/makia\/#breadcrumb"},"inLanguage":"pl-PL","potentialAction":[{"@type":"ReadAction","target":["https:\/\/nck.krakow.pl\/kcc\/makia\/"]}]},{"@type":"BreadcrumbList","@id":"https:\/\/nck.krakow.pl\/kcc\/makia\/#breadcrumb","itemListElement":[{"@type":"ListItem","position":1,"name":"Strona g\u0142\u00f3wna","item":"https:\/\/nck.krakow.pl\/kcc\/"},{"@type":"ListItem","position":2,"name":"Makia \/ Agata Mol\u0105g"}]},{"@type":"WebSite","@id":"https:\/\/nck.krakow.pl\/kcc\/#website","url":"https:\/\/nck.krakow.pl\/kcc\/","name":"Krakowskie Centrum Choreograficzne","description":"","publisher":{"@id":"https:\/\/nck.krakow.pl\/kcc\/#organization"},"potentialAction":[{"@type":"SearchAction","target":{"@type":"EntryPoint","urlTemplate":"https:\/\/nck.krakow.pl\/kcc\/?s={search_term_string}"},"query-input":"required name=search_term_string"}],"inLanguage":"pl-PL"},{"@type":"Organization","@id":"https:\/\/nck.krakow.pl\/kcc\/#organization","name":"Krakowskie Centrum Choreograficzne","url":"https:\/\/nck.krakow.pl\/kcc\/","logo":{"@type":"ImageObject","inLanguage":"pl-PL","@id":"https:\/\/nck.krakow.pl\/kcc\/#\/schema\/logo\/image\/","url":"https:\/\/nck.krakow.pl\/kcc\/wp-content\/uploads\/2020\/01\/cropped-logo-kcc-2020.png","contentUrl":"https:\/\/nck.krakow.pl\/kcc\/wp-content\/uploads\/2020\/01\/cropped-logo-kcc-2020.png","width":116,"height":55,"caption":"Krakowskie Centrum Choreograficzne"},"image":{"@id":"https:\/\/nck.krakow.pl\/kcc\/#\/schema\/logo\/image\/"}}]}},"_links":{"self":[{"href":"https:\/\/nck.krakow.pl\/kcc\/wp-json\/wp\/v2\/pages\/2191"}],"collection":[{"href":"https:\/\/nck.krakow.pl\/kcc\/wp-json\/wp\/v2\/pages"}],"about":[{"href":"https:\/\/nck.krakow.pl\/kcc\/wp-json\/wp\/v2\/types\/page"}],"author":[{"embeddable":true,"href":"https:\/\/nck.krakow.pl\/kcc\/wp-json\/wp\/v2\/users\/5"}],"replies":[{"embeddable":true,"href":"https:\/\/nck.krakow.pl\/kcc\/wp-json\/wp\/v2\/comments?post=2191"}],"version-history":[{"count":11,"href":"https:\/\/nck.krakow.pl\/kcc\/wp-json\/wp\/v2\/pages\/2191\/revisions"}],"predecessor-version":[{"id":6852,"href":"https:\/\/nck.krakow.pl\/kcc\/wp-json\/wp\/v2\/pages\/2191\/revisions\/6852"}],"wp:attachment":[{"href":"https:\/\/nck.krakow.pl\/kcc\/wp-json\/wp\/v2\/media?parent=2191"}],"curies":[{"name":"wp","href":"https:\/\/api.w.org\/{rel}","templated":true}]}}