{"id":449,"date":"2023-04-29T17:50:54","date_gmt":"2023-04-29T15:50:54","guid":{"rendered":"https:\/\/nck.krakow.pl\/kcc\/krakowskifestiwaltanca\/?page_id=449"},"modified":"2023-05-21T19:57:24","modified_gmt":"2023-05-21T17:57:24","slug":"cookies","status":"publish","type":"page","link":"https:\/\/nck.krakow.pl\/kcc\/krakowskifestiwaltanca\/cookies\/","title":{"rendered":"Cookies"},"content":{"rendered":"\n<div class=\"wp-block-group has-global-padding is-layout-constrained wp-container-core-group-is-layout-1 wp-block-group-is-layout-constrained\" style=\"padding-top:var(--wp--preset--spacing--80)\">\n<p>U\u017cywamy ciasteczek, aby zapewni\u0107 najlepsz\u0105 jako\u015b\u0107 korzystania z naszej witryny. Korzystanie z naszej witryny oznacza, \u017ce b\u0119d\u0105 one umieszczane na Pa\u0144stwa urz\u0105dzeniu. W ka\u017cdej chwili pliki cookie mo\u017cna wy\u0142\u0105czy\u0107 poprzez dokonanie zmian w ustawieniach przegl\u0105darki.<\/p>\n\n\n\n<p>Pliki cookie u\u017cywane na stronie:<\/p>\n\n\n\n<ul class=\"wp-block-list\">\n<li>Pliki cookie serwisu player.vimeo.com \u2013 dok\u0142adne informacje i polityk\u0119 cookies serwisu player.vimeo.com mo\u017cna znale\u017a\u0107 pod adresem: <a href=\"http:\/\/vimeo.com\/cookie_policy\" target=\"_blank\" rel=\"noreferrer noopener\">http:\/\/vimeo.com\/cookie_policy<\/a><\/li>\n\n\n\n<li>Pliki cookie serwisu youtube.com \u2013 dok\u0142adne informacje i polityk\u0119 prywatno\u015bci serwisu YouTube mo\u017cna znale\u017a\u0107\u00a0pod adresem: <a href=\"http:\/\/www.google.pl\/intl\/pl\/policies\/privacy\/\" target=\"_blank\" rel=\"noreferrer noopener\">http:\/\/www.google.pl\/intl\/pl\/policies\/privacy\/<\/a><\/li>\n<\/ul>\n<\/div>\n","protected":false},"excerpt":{"rendered":"<p>U\u017cywamy ciasteczek, aby zapewni\u0107 najlepsz\u0105 jako\u015b\u0107 korzystania z naszej witryny. Korzystanie z naszej witryny oznacza, \u017ce b\u0119d\u0105 one umieszczane na Pa\u0144stwa urz\u0105dzeniu. W ka\u017cdej chwili pliki cookie mo\u017cna wy\u0142\u0105czy\u0107 poprzez dokonanie zmian w ustawieniach przegl\u0105darki. Pliki cookie u\u017cywane na stronie:<\/p>\n","protected":false},"author":21,"featured_media":0,"parent":0,"menu_order":0,"comment_status":"closed","ping_status":"closed","template":"","meta":{"footnotes":""},"class_list":["post-449","page","type-page","status-publish","hentry"],"yoast_head":"<!-- This site is optimized with the Yoast SEO plugin v19.12 - https:\/\/yoast.com\/wordpress\/plugins\/seo\/ -->\n<title>Cookies - Krakowski Festiwal Ta\u0144ca<\/title>\n<meta name=\"robots\" content=\"index, follow, max-snippet:-1, max-image-preview:large, max-video-preview:-1\" \/>\n<link rel=\"canonical\" href=\"https:\/\/nck.krakow.pl\/kcc\/krakowskifestiwaltanca\/cookies\/\" \/>\n<meta property=\"og:locale\" content=\"pl_PL\" \/>\n<meta property=\"og:type\" content=\"article\" \/>\n<meta property=\"og:title\" content=\"Cookies - Krakowski Festiwal Ta\u0144ca\" \/>\n<meta property=\"og:description\" content=\"U\u017cywamy ciasteczek, aby zapewni\u0107 najlepsz\u0105 jako\u015b\u0107 korzystania z naszej witryny. Korzystanie z naszej witryny oznacza, \u017ce b\u0119d\u0105 one umieszczane na Pa\u0144stwa urz\u0105dzeniu. W ka\u017cdej chwili pliki cookie mo\u017cna wy\u0142\u0105czy\u0107 poprzez dokonanie zmian w ustawieniach przegl\u0105darki. Pliki cookie u\u017cywane na stronie:\" \/>\n<meta property=\"og:url\" content=\"https:\/\/nck.krakow.pl\/kcc\/krakowskifestiwaltanca\/cookies\/\" \/>\n<meta property=\"og:site_name\" content=\"Krakowski Festiwal Ta\u0144ca\" \/>\n<meta property=\"article:modified_time\" content=\"2023-05-21T17:57:24+00:00\" \/>\n<meta name=\"twitter:card\" content=\"summary_large_image\" \/>\n<meta name=\"twitter:label1\" content=\"Est. reading time\" \/>\n\t<meta name=\"twitter:data1\" content=\"1 minuta\" \/>\n<script type=\"application\/ld+json\" class=\"yoast-schema-graph\">{\"@context\":\"https:\/\/schema.org\",\"@graph\":[{\"@type\":\"WebPage\",\"@id\":\"https:\/\/nck.krakow.pl\/kcc\/krakowskifestiwaltanca\/cookies\/\",\"url\":\"https:\/\/nck.krakow.pl\/kcc\/krakowskifestiwaltanca\/cookies\/\",\"name\":\"Cookies - Krakowski Festiwal Ta\u0144ca\",\"isPartOf\":{\"@id\":\"https:\/\/nck.krakow.pl\/kcc\/krakowskifestiwaltanca\/#website\"},\"datePublished\":\"2023-04-29T15:50:54+00:00\",\"dateModified\":\"2023-05-21T17:57:24+00:00\",\"breadcrumb\":{\"@id\":\"https:\/\/nck.krakow.pl\/kcc\/krakowskifestiwaltanca\/cookies\/#breadcrumb\"},\"inLanguage\":\"pl-PL\",\"potentialAction\":[{\"@type\":\"ReadAction\",\"target\":[\"https:\/\/nck.krakow.pl\/kcc\/krakowskifestiwaltanca\/cookies\/\"]}]},{\"@type\":\"BreadcrumbList\",\"@id\":\"https:\/\/nck.krakow.pl\/kcc\/krakowskifestiwaltanca\/cookies\/#breadcrumb\",\"itemListElement\":[{\"@type\":\"ListItem\",\"position\":1,\"name\":\"Strona g\u0142\u00f3wna\",\"item\":\"https:\/\/nck.krakow.pl\/kcc\/krakowskifestiwaltanca\/\"},{\"@type\":\"ListItem\",\"position\":2,\"name\":\"Cookies\"}]},{\"@type\":\"WebSite\",\"@id\":\"https:\/\/nck.krakow.pl\/kcc\/krakowskifestiwaltanca\/#website\",\"url\":\"https:\/\/nck.krakow.pl\/kcc\/krakowskifestiwaltanca\/\",\"name\":\"Krakowski Festiwal Ta\u0144ca\",\"description\":\"\",\"publisher\":{\"@id\":\"https:\/\/nck.krakow.pl\/kcc\/krakowskifestiwaltanca\/#organization\"},\"potentialAction\":[{\"@type\":\"SearchAction\",\"target\":{\"@type\":\"EntryPoint\",\"urlTemplate\":\"https:\/\/nck.krakow.pl\/kcc\/krakowskifestiwaltanca\/?s={search_term_string}\"},\"query-input\":\"required name=search_term_string\"}],\"inLanguage\":\"pl-PL\"},{\"@type\":\"Organization\",\"@id\":\"https:\/\/nck.krakow.pl\/kcc\/krakowskifestiwaltanca\/#organization\",\"name\":\"Krakowski Festiwal Ta\u0144ca\",\"url\":\"https:\/\/nck.krakow.pl\/kcc\/krakowskifestiwaltanca\/\",\"logo\":{\"@type\":\"ImageObject\",\"inLanguage\":\"pl-PL\",\"@id\":\"https:\/\/nck.krakow.pl\/kcc\/krakowskifestiwaltanca\/#\/schema\/logo\/image\/\",\"url\":\"https:\/\/nck.krakow.pl\/kcc\/krakowskifestiwaltanca\/wp-content\/uploads\/sites\/10\/2023\/04\/logo.png\",\"contentUrl\":\"https:\/\/nck.krakow.pl\/kcc\/krakowskifestiwaltanca\/wp-content\/uploads\/sites\/10\/2023\/04\/logo.png\",\"width\":579,\"height\":217,\"caption\":\"Krakowski Festiwal Ta\u0144ca\"},\"image\":{\"@id\":\"https:\/\/nck.krakow.pl\/kcc\/krakowskifestiwaltanca\/#\/schema\/logo\/image\/\"}}]}<\/script>\n<!-- \/ Yoast SEO plugin. -->","yoast_head_json":{"title":"Cookies - Krakowski Festiwal Ta\u0144ca","robots":{"index":"index","follow":"follow","max-snippet":"max-snippet:-1","max-image-preview":"max-image-preview:large","max-video-preview":"max-video-preview:-1"},"canonical":"https:\/\/nck.krakow.pl\/kcc\/krakowskifestiwaltanca\/cookies\/","og_locale":"pl_PL","og_type":"article","og_title":"Cookies - Krakowski Festiwal Ta\u0144ca","og_description":"U\u017cywamy ciasteczek, aby zapewni\u0107 najlepsz\u0105 jako\u015b\u0107 korzystania z naszej witryny. Korzystanie z naszej witryny oznacza, \u017ce b\u0119d\u0105 one umieszczane na Pa\u0144stwa urz\u0105dzeniu. W ka\u017cdej chwili pliki cookie mo\u017cna wy\u0142\u0105czy\u0107 poprzez dokonanie zmian w ustawieniach przegl\u0105darki. Pliki cookie u\u017cywane na stronie:","og_url":"https:\/\/nck.krakow.pl\/kcc\/krakowskifestiwaltanca\/cookies\/","og_site_name":"Krakowski Festiwal Ta\u0144ca","article_modified_time":"2023-05-21T17:57:24+00:00","twitter_card":"summary_large_image","twitter_misc":{"Est. reading time":"1 minuta"},"schema":{"@context":"https:\/\/schema.org","@graph":[{"@type":"WebPage","@id":"https:\/\/nck.krakow.pl\/kcc\/krakowskifestiwaltanca\/cookies\/","url":"https:\/\/nck.krakow.pl\/kcc\/krakowskifestiwaltanca\/cookies\/","name":"Cookies - Krakowski Festiwal Ta\u0144ca","isPartOf":{"@id":"https:\/\/nck.krakow.pl\/kcc\/krakowskifestiwaltanca\/#website"},"datePublished":"2023-04-29T15:50:54+00:00","dateModified":"2023-05-21T17:57:24+00:00","breadcrumb":{"@id":"https:\/\/nck.krakow.pl\/kcc\/krakowskifestiwaltanca\/cookies\/#breadcrumb"},"inLanguage":"pl-PL","potentialAction":[{"@type":"ReadAction","target":["https:\/\/nck.krakow.pl\/kcc\/krakowskifestiwaltanca\/cookies\/"]}]},{"@type":"BreadcrumbList","@id":"https:\/\/nck.krakow.pl\/kcc\/krakowskifestiwaltanca\/cookies\/#breadcrumb","itemListElement":[{"@type":"ListItem","position":1,"name":"Strona g\u0142\u00f3wna","item":"https:\/\/nck.krakow.pl\/kcc\/krakowskifestiwaltanca\/"},{"@type":"ListItem","position":2,"name":"Cookies"}]},{"@type":"WebSite","@id":"https:\/\/nck.krakow.pl\/kcc\/krakowskifestiwaltanca\/#website","url":"https:\/\/nck.krakow.pl\/kcc\/krakowskifestiwaltanca\/","name":"Krakowski Festiwal Ta\u0144ca","description":"","publisher":{"@id":"https:\/\/nck.krakow.pl\/kcc\/krakowskifestiwaltanca\/#organization"},"potentialAction":[{"@type":"SearchAction","target":{"@type":"EntryPoint","urlTemplate":"https:\/\/nck.krakow.pl\/kcc\/krakowskifestiwaltanca\/?s={search_term_string}"},"query-input":"required name=search_term_string"}],"inLanguage":"pl-PL"},{"@type":"Organization","@id":"https:\/\/nck.krakow.pl\/kcc\/krakowskifestiwaltanca\/#organization","name":"Krakowski Festiwal Ta\u0144ca","url":"https:\/\/nck.krakow.pl\/kcc\/krakowskifestiwaltanca\/","logo":{"@type":"ImageObject","inLanguage":"pl-PL","@id":"https:\/\/nck.krakow.pl\/kcc\/krakowskifestiwaltanca\/#\/schema\/logo\/image\/","url":"https:\/\/nck.krakow.pl\/kcc\/krakowskifestiwaltanca\/wp-content\/uploads\/sites\/10\/2023\/04\/logo.png","contentUrl":"https:\/\/nck.krakow.pl\/kcc\/krakowskifestiwaltanca\/wp-content\/uploads\/sites\/10\/2023\/04\/logo.png","width":579,"height":217,"caption":"Krakowski Festiwal Ta\u0144ca"},"image":{"@id":"https:\/\/nck.krakow.pl\/kcc\/krakowskifestiwaltanca\/#\/schema\/logo\/image\/"}}]}},"_links":{"self":[{"href":"https:\/\/nck.krakow.pl\/kcc\/krakowskifestiwaltanca\/wp-json\/wp\/v2\/pages\/449"}],"collection":[{"href":"https:\/\/nck.krakow.pl\/kcc\/krakowskifestiwaltanca\/wp-json\/wp\/v2\/pages"}],"about":[{"href":"https:\/\/nck.krakow.pl\/kcc\/krakowskifestiwaltanca\/wp-json\/wp\/v2\/types\/page"}],"author":[{"embeddable":true,"href":"https:\/\/nck.krakow.pl\/kcc\/krakowskifestiwaltanca\/wp-json\/wp\/v2\/users\/21"}],"replies":[{"embeddable":true,"href":"https:\/\/nck.krakow.pl\/kcc\/krakowskifestiwaltanca\/wp-json\/wp\/v2\/comments?post=449"}],"version-history":[{"count":5,"href":"https:\/\/nck.krakow.pl\/kcc\/krakowskifestiwaltanca\/wp-json\/wp\/v2\/pages\/449\/revisions"}],"predecessor-version":[{"id":1203,"href":"https:\/\/nck.krakow.pl\/kcc\/krakowskifestiwaltanca\/wp-json\/wp\/v2\/pages\/449\/revisions\/1203"}],"wp:attachment":[{"href":"https:\/\/nck.krakow.pl\/kcc\/krakowskifestiwaltanca\/wp-json\/wp\/v2\/media?parent=449"}],"curies":[{"name":"wp","href":"https:\/\/api.w.org\/{rel}","templated":true}]}}

<div class="wp-block-group has-global-padding is-layout-constrained wp-container-core-group-is-layout-1 wp-block-group-is-layout-constrained" style="padding-top:var(--wp--preset--spacing--80)">
<p>Używamy ciasteczek, aby zapewnić najlepszą jakość korzystania z naszej witryny. Korzystanie z naszej witryny oznacza, że będą one umieszczane na Państwa urządzeniu. W każdej chwili pliki cookie można wyłączyć poprzez dokonanie zmian w ustawieniach przeglądarki.</p>



<p>Pliki cookie używane na stronie:</p>



<ul class="wp-block-list">
<li>Pliki cookie serwisu player.vimeo.com – dokładne informacje i politykę cookies serwisu player.vimeo.com można znaleźć pod adresem: <a href="http://vimeo.com/cookie_policy" target="_blank" rel="noreferrer noopener">http://vimeo.com/cookie_policy</a></li>



<li>Pliki cookie serwisu youtube.com – dokładne informacje i politykę prywatności serwisu YouTube można znaleźć pod adresem: <a href="http://www.google.pl/intl/pl/policies/privacy/" target="_blank" rel="noreferrer noopener">http://www.google.pl/intl/pl/policies/privacy/</a></li>
</ul>
</div>

<p>Używamy ciasteczek, aby zapewnić najlepszą jakość korzystania z naszej witryny. Korzystanie z naszej witryny oznacza, że będą one umieszczane na Państwa urządzeniu. W każdej chwili pliki cookie można wyłączyć poprzez dokonanie zmian w ustawieniach przeglądarki. Pliki cookie używane na stronie:</p>

<!-- This site is optimized with the Yoast SEO plugin v19.12 - https://yoast.com/wordpress/plugins/seo/ -->
<title>Cookies - Krakowski Festiwal Tańca</title>
<meta name="robots" content="index, follow, max-snippet:-1, max-image-preview:large, max-video-preview:-1" />
<link rel="canonical" href="https://nck.krakow.pl/kcc/krakowskifestiwaltanca/cookies/" />
<meta property="og:locale" content="pl_PL" />
<meta property="og:type" content="article" />
<meta property="og:title" content="Cookies - Krakowski Festiwal Tańca" />
<meta property="og:description" content="Używamy ciasteczek, aby zapewnić najlepszą jakość korzystania z naszej witryny. Korzystanie z naszej witryny oznacza, że będą one umieszczane na Państwa urządzeniu. W każdej chwili pliki cookie można wyłączyć poprzez dokonanie zmian w ustawieniach przeglądarki. Pliki cookie używane na stronie:" />
<meta property="og:url" content="https://nck.krakow.pl/kcc/krakowskifestiwaltanca/cookies/" />
<meta property="og:site_name" content="Krakowski Festiwal Tańca" />
<meta property="article:modified_time" content="2023-05-21T17:57:24+00:00" />
<meta name="twitter:card" content="summary_large_image" />
<meta name="twitter:label1" content="Est. reading time" />
	<meta name="twitter:data1" content="1 minuta" />
<script type="application/ld+json" class="yoast-schema-graph">{"@context":"https://schema.org","@graph":[{"@type":"WebPage","@id":"https://nck.krakow.pl/kcc/krakowskifestiwaltanca/cookies/","url":"https://nck.krakow.pl/kcc/krakowskifestiwaltanca/cookies/","name":"Cookies - Krakowski Festiwal Tańca","isPartOf":{"@id":"https://nck.krakow.pl/kcc/krakowskifestiwaltanca/#website"},"datePublished":"2023-04-29T15:50:54+00:00","dateModified":"2023-05-21T17:57:24+00:00","breadcrumb":{"@id":"https://nck.krakow.pl/kcc/krakowskifestiwaltanca/cookies/#breadcrumb"},"inLanguage":"pl-PL","potentialAction":[{"@type":"ReadAction","target":["https://nck.krakow.pl/kcc/krakowskifestiwaltanca/cookies/"]}]},{"@type":"BreadcrumbList","@id":"https://nck.krakow.pl/kcc/krakowskifestiwaltanca/cookies/#breadcrumb","itemListElement":[{"@type":"ListItem","position":1,"name":"Strona główna","item":"https://nck.krakow.pl/kcc/krakowskifestiwaltanca/"},{"@type":"ListItem","position":2,"name":"Cookies"}]},{"@type":"WebSite","@id":"https://nck.krakow.pl/kcc/krakowskifestiwaltanca/#website","url":"https://nck.krakow.pl/kcc/krakowskifestiwaltanca/","name":"Krakowski Festiwal Tańca","description":"","publisher":{"@id":"https://nck.krakow.pl/kcc/krakowskifestiwaltanca/#organization"},"potentialAction":[{"@type":"SearchAction","target":{"@type":"EntryPoint","urlTemplate":"https://nck.krakow.pl/kcc/krakowskifestiwaltanca/?s={search_term_string}"},"query-input":"required name=search_term_string"}],"inLanguage":"pl-PL"},{"@type":"Organization","@id":"https://nck.krakow.pl/kcc/krakowskifestiwaltanca/#organization","name":"Krakowski Festiwal Tańca","url":"https://nck.krakow.pl/kcc/krakowskifestiwaltanca/","logo":{"@type":"ImageObject","inLanguage":"pl-PL","@id":"https://nck.krakow.pl/kcc/krakowskifestiwaltanca/#/schema/logo/image/","url":"https://nck.krakow.pl/kcc/krakowskifestiwaltanca/wp-content/uploads/sites/10/2023/04/logo.png","contentUrl":"https://nck.krakow.pl/kcc/krakowskifestiwaltanca/wp-content/uploads/sites/10/2023/04/logo.png","width":579,"height":217,"caption":"Krakowski Festiwal Tańca"},"image":{"@id":"https://nck.krakow.pl/kcc/krakowskifestiwaltanca/#/schema/logo/image/"}}]}</script>
<!-- / Yoast SEO plugin. -->

Cookies - Krakowski Festiwal Tańca

Używamy ciasteczek, aby zapewnić najlepszą jakość korzystania z naszej witryny. Korzystanie z naszej witryny oznacza, że będą one umieszczane na Państwa urządzeniu. W każdej chwili pliki cookie można wyłączyć poprzez dokonanie zmian w ustawieniach przeglądarki. Pliki cookie używane na stronie:

Krakowski Festiwal Tańca

Strona główna
